000
CXUS53 KGRR 010910
CF6BIV
PRELIMINARY LOCAL CLIMATOLOGICAL DATA (WS FORM: F-6)
STATION: HOLLAND
MONTH: JULY
YEAR: 2021
LATITUDE: 42 49 N
LONGITUDE: 86 10 W
TEMPERATURE IN F: :PCPN: SNOW: WIND :SUNSHINE: SKY :PK WND
================================================================================
1 2 3 4 5 6A 6B 7 8 9 10 11 12 13 14 15 16 17 18
12Z AVG MX 2MIN
DY MAX MIN AVG DEP HDD CDD WTR SNW DPTH SPD SPD DIR MIN PSBL S-S WX SPD DR
================================================================================
1 81 63 72 1 0 7 0.01 M M 7.0 20 320 M M 1 29 300
2 73 56 65 -6 0 0 0.00 M M 6.3 16 300 M M 0 24 300
3 78 55 67 -4 0 2 0.00 M M 7.4 17 260 M M 5 25 280
4 81 66 74 3 0 9 0.00 M M 6.1 12 260 M M 0 18 270
5 88 73 81 10 0 16 0.00 M M 14.6 24 230 M M 1 8 35 220
6 87 71 79 7 0 14 0.21 M M 10.5 20 240 M M 3 13 31 240
7 84 68 76 4 0 11 0.01 M M 4.8 15 250 M M 2 18 20 250
8 69 64 67 -5 0 2 0.08 M M 7.6 15 300 M M 10 1 24 320
9 74 56 65 -7 0 0 T M M 4.0 13 290 M M 6 17 280
10 80 51 66 -6 0 1 T M M 5.9 13 80 M M 3 25 100
11 75 67 71 -1 0 6 T M M 7.8 16 70 M M 7 23 90
12 77 65 71 -1 0 6 T M M 7.8 13 100 M M 8 18 18 100
13 77 67 72 0 0 7 0.01 M M 6.3 14 260 M M 8 18 18 250
14 83 67 75 3 0 10 0.00 M M 8.3 17 240 M M 1 24 230
15 79 61 70 -2 0 5 0.07 M M 10.1 28 220 M M 5 12 39 190
16 75 60 68 -4 0 3 0.03 M M 5.0 15 80 M M 7 128 22 100
17 81 61 71 -1 0 6 0.00 M M 4.7 13 90 M M 7 1 20 100
18 84 56 70 -2 0 5 0.00 M M 3.0 9 350 M M 0 1 15 110
19 82 59 71 -1 0 6 0.00 M M 3.5 13 310 M M 0 18 350
20 80 64 72 0 0 7 0.00 M M 6.2 14 310 M M 0 18 22 300
21 79 57 68 -4 0 3 0.00 M M 3.8 12 280 M M 5 17 270
22 81 57 69 -3 0 4 0.00 M M 4.0 10 240 M M 1 17 260
23 86 70 78 6 0 13 0.05 M M 5.7 17 70 M M 6 38 25 70
24 89 68 79 7 0 14 0.23 M M 11.2 26 230 M M 3 138 38 250
25 85 64 75 3 0 10 0.00 M M 4.4 10 260 M M 0 12 15 280
26 88 61 75 3 0 10 0.00 M M 4.0 10 250 M M 0 16 210
27 83 66 75 3 0 10 0.00 M M 4.6 13 330 M M 0 23 320
28 88 65 77 5 0 12 0.00 M M 3.6 9 240 M M 3 13 220
29 81 68 75 3 0 10 0.43 M M 9.5 37 250 M M 4 13 48 250
30 73 59 66 -6 0 1 0.00 M M 6.5 13 290 M M 0 20 290
31 75 50 63 -9 2 0 0.00 M M 3.9 14 250 M M 0 20 240
================================================================================
SM 2496 1935 2 210 1.13 M 198.1 M 96
================================================================================
AV 80.5 62.4 6.4 FASTST M M 3 MAX(MPH)
MISC ----> 37 250 48 250
================================================================================
NOTES:
# LAST OF SEVERAL OCCURRENCES
COLUMN 17 PEAK WIND IN M.P.H.
PRELIMINARY LOCAL CLIMATOLOGICAL DATA (WS FORM: F-6) , PAGE 2
STATION: HOLLAND
MONTH: JULY
YEAR: 2021
LATITUDE: 42 49 N
LONGITUDE: 86 10 W
[TEMPERATURE DATA] [PRECIPITATION DATA] SYMBOLS USED IN COLUMN 16
AVERAGE MONTHLY: 71.5 TOTAL FOR MONTH: 1.13 1 = FOG OR MIST
DPTR FM NORMAL: -0.1 DPTR FM NORMAL: -1.67 2 = FOG REDUCING VISIBILITY
HIGHEST: 89 ON 24 GRTST 24HR 0.43 ON 29-29 TO 1/4 MILE OR LESS
LOWEST: 50 ON 31 3 = THUNDER
SNOW, ICE PELLETS, HAIL 4 = ICE PELLETS
TOTAL MONTH: M 5 = HAIL
GRTST 24HR M ON M 6 = FREEZING RAIN OR DRIZZLE
GRTST DEPTH: M ON M 7 = DUSTSTORM OR SANDSTORM:
VSBY 1/2 MILE OR LESS
8 = SMOKE OR HAZE
[NO. OF DAYS WITH] [WEATHER - DAYS WITH] 9 = BLOWING SNOW
X = TORNADO
MAX 32 OR BELOW: 0 0.01 INCH OR MORE: 10
MAX 90 OR ABOVE: 0 0.10 INCH OR MORE: 3
MIN 32 OR BELOW: 0 0.50 INCH OR MORE: 0
MIN 0 OR BELOW: 0 1.00 INCH OR MORE: 0
[HDD (BASE 65) ]
TOTAL THIS MO. 2 CLEAR (SCALE 0-3) 18
DPTR FM NORMAL -7 PTCLDY (SCALE 4-7) 12
TOTAL FM JUL 1 2 CLOUDY (SCALE 8-10) 1
DPTR FM NORMAL 2
[CDD (BASE 65) ]
TOTAL THIS MO. 210
DPTR FM NORMAL -5 [PRESSURE DATA]
TOTAL FM JAN 1 471 HIGHEST SLP 30.25 ON 18
DPTR FM NORMAL 81 LOWEST SLP 29.72 ON 29
[REMARKS]
#FINAL-07-21#