000
CXUS56 KBOI 011002
CF6BKE
PRELIMINARY LOCAL CLIMATOLOGICAL DATA (WS FORM: F-6)
STATION: BAKER OR
MONTH: JANUARY
YEAR: 2021
LATITUDE: 44 50 N
LONGITUDE: 117 49 W
TEMPERATURE IN F: :PCPN: SNOW: WIND :SUNSHINE: SKY :PK WND
================================================================================
1 2 3 4 5 6A 6B 7 8 9 10 11 12 13 14 15 16 17 18
12Z AVG MX 2MIN
DY MAX MIN AVG DEP HDD CDD WTR SNW DPTH SPD SPD DIR MIN PSBL S-S WX SPD DR
================================================================================
1 38 20 29 5 36 0 T M M 12.7 23 110 M M 8 128 31 110
2 41 19 30 6 35 0 0.01 M M 7.9 22 150 M M 7 128 28 150
3 48 35 42 18 23 0 0.12 M M 10.4 22 170 M M 5 1 30 140
4 45 33 39 15 26 0 0.09 M M 11.4 24 110 M M 8 33 110
5 42 27 35 11 30 0 0.00 M M 10.3 22 120 M M 4 29 120
6 41 34 38 14 27 0 T M M 12.8 22 110 M M 7 30 120
7 41 30 36 12 29 0 T M M 4.3 12 70 M M 9 18 14 160
8 37 30 34 10 31 0 0.04 M M 8.1 18 110 M M 8 128 26 110
9 40 14 27 3 38 0 0.00 M M 5.0 14 110 M M 4 18 19 120
10 41 28 35 11 30 0 0.00 M M 10.2 16 140 M M 4 21 110
11 37 28 33 8 32 0 0.00 M M 15.1 24 110 M M 5 32 120
12 41 31 36 11 29 0 0.03 M M 18.2 28 130 M M 10 35 120
13 48 24 36 11 29 0 0.02 M M 13.6 37 340 M M 4 48 340
14 44 25 35 10 30 0 0.00 M M 2.1 8 190 M M 4 10 190
15 40 23 32 7 33 0 T M M 2.2 8 10 M M 5 10 200
16 45 20 33 8 32 0 0.00 M M 2.3 8 150 M M 1 18 10 150
17 46 26 36 11 29 0 T M M 3.0 8 210 M M 5 1 11 290
18 43 26 35 10 30 0 0.00 M M 9.9 22 320 M M 3 32 330
19 41 17 29 4 36 0 0.00 M M 2.6 15 130 M M 0 19 130
20 38 21 30 5 35 0 0.00 M M 3.1 10 110 M M 8 14 110
21 36 31 34 9 31 0 0.03 M M 1.4 7 120 M M 10 18 11 120
22 37 31 34 8 31 0 T M M 4.1 14 320 M M 10 128 21 330
23 40 16 28 2 37 0 0.00 M M 8.0 22 330 M M 1 27 320
24 37 13 25 -1 40 0 T M M 5.3 18 110 M M 2 25 130
25 36 21 29 3 36 0 0.03 M M 2.2 13 350 M M 8 17 340
26 39 17 28 2 37 0 0.00 M M 10.1 22 130 M M 8 32 130
27 42 31 37 11 28 0 T M M 14.1 23 100 M M 8 31 120
28 42 35 39 13 26 0 T M M 12.3 24 100 M M 8 35 90
29 47 29 38 12 27 0 0.00 M M 2.6 9 310 M M 6 18 13 310
30 46 24 35 9 30 0 0.00 M M 8.0 20 110 M M 5 26 120
31 48 36 42 16 23 0 0.00 M M 14.6 25 130 M M 7 36 120
================================================================================
SM 1287 795 966 0 0.37 M 247.9 M 182
================================================================================
AV 41.5 25.6 8.0 FASTST M M 6 MAX(MPH)
MISC ----> 37 340 48 340
================================================================================
NOTES:
# LAST OF SEVERAL OCCURRENCES
COLUMN 17 PEAK WIND IN M.P.H.
PRELIMINARY LOCAL CLIMATOLOGICAL DATA (WS FORM: F-6) , PAGE 2
STATION: BAKER OR
MONTH: JANUARY
YEAR: 2021
LATITUDE: 44 50 N
LONGITUDE: 117 49 W
[TEMPERATURE DATA] [PRECIPITATION DATA] SYMBOLS USED IN COLUMN 16
AVERAGE MONTHLY: 33.6 TOTAL FOR MONTH: 0.37 1 = FOG OR MIST
DPTR FM NORMAL: 8.5 DPTR FM NORMAL: -0.43 2 = FOG REDUCING VISIBILITY
HIGHEST: 48 ON 31,13 GRTST 24HR 0.78 ON 27-27 TO 1/4 MILE OR LESS
LOWEST: 13 ON 24 3 = THUNDER
SNOW, ICE PELLETS, HAIL 4 = ICE PELLETS
TOTAL MONTH: M 5 = HAIL
GRTST 24HR M ON M 6 = FREEZING RAIN OR DRIZZLE
GRTST DEPTH: M ON M 7 = DUSTSTORM OR SANDSTORM:
VSBY 1/2 MILE OR LESS
8 = SMOKE OR HAZE
[NO. OF DAYS WITH] [WEATHER - DAYS WITH] 9 = BLOWING SNOW
X = TORNADO
MAX 32 OR BELOW: 0 0.01 INCH OR MORE: 8
MAX 90 OR ABOVE: 0 0.10 INCH OR MORE: 1
MIN 32 OR BELOW: 26 0.50 INCH OR MORE: 0
MIN 0 OR BELOW: 0 1.00 INCH OR MORE: 0
[HDD (BASE 65) ]
TOTAL THIS MO. 966 CLEAR (SCALE 0-3) 5
DPTR FM NORMAL -272 PTCLDY (SCALE 4-7) 21
TOTAL FM JUL 1 3559 CLOUDY (SCALE 8-10) 5
DPTR FM NORMAL -966
[CDD (BASE 65) ]
TOTAL THIS MO. 0
DPTR FM NORMAL 0 [PRESSURE DATA]
TOTAL FM JAN 1 0 HIGHEST SLP 30.64 ON 14
DPTR FM NORMAL 0 LOWEST SLP 29.66 ON 27
[REMARKS]
#FINAL-01-21#