000
CXUS51 KRLX 021338
CF6BKW
PRELIMINARY LOCAL CLIMATOLOGICAL DATA (WS FORM: F-6)
STATION: BECKLEY WV
MONTH: NOVEMBER
YEAR: 2020
LATITUDE: 37 46 N
LONGITUDE: 81 7 W
TEMPERATURE IN F: :PCPN: SNOW: WIND :SUNSHINE: SKY :PK WND
================================================================================
1 2 3 4 5 6A 6B 7 8 9 10 11 12 13 14 15 16 17 18
12Z AVG MX 2MIN
DY MAX MIN AVG DEP HDD CDD WTR SNW DPTH SPD SPD DIR MIN PSBL S-S WX SPD DR
================================================================================
1 58 28 43 -6 22 0 0.02 T 0 14.4 30 270 M M 7 1 47 240
2 43 28 36 -12 29 0 T T T 12.6 24 320 M M 3 32 270
3 58 31 45 -3 20 0 0.00 0.0 0 6.5 15 270 M M 0 20 270
4 67 36 52 4 13 0 0.00 0.0 0 5.6 13 150 M M 0 8 19 150
5 68 44 56 8 9 0 0.00 0.0 0 3.1 9 150 M M 0 13 140
6 70 42 56 9 9 0 0.00 0.0 0 2.2 8 320 M M 0 11 340
7 73 42 58 11 7 0 0.00 0.0 0 4.9 10 160 M M 0 14 160
8 71 49 60 13 5 0 0.00 0.0 0 5.7 16 170 M M 0 1 22 170
9 71 50 61 15 4 0 0.00 0.0 0 6.8 14 130 M M 0 1 20 160
10 73 55 64 18 1 0 0.01 0.0 0 9.4 17 140 M M 1 26 140
11 72 58 65 19 0 0 0.60 0.0 0 7.5 17 360 M M 9 12 24 130
12 58 46 52 7 13 0 0.03 0.0 0 5.9 15 350 M M 10 12 18 340
13 57 36 47 2 18 0 T 0.0 0 6.3 18 280 M M 3 12 24 280
14 58 32 45 1 20 0 0.00 0.0 0 5.8 16 140 M M 1 25 130
15 66 43 55 11 10 0 0.08 0.0 0 15.5 30 230 M M 5 1 45 250
16 51 36 44 0 21 0 0.00 0.0 0 11.0 23 270 M M 0 33 280
17 44 30 37 -7 28 0 T 0.0 0 13.6 26 310 M M 6 36 280
18 43 26 35 -8 30 0 0.00 0.0 0 6.4 18 320 M M 4 22 320
19 65 34 50 7 15 0 0.00 0.0 0 7.5 15 150 M M 0 21 150
20 64 38 51 9 14 0 0.00 0.0 0 5.9 16 240 M M 0 22 240
21 62 43 53 11 12 0 0.00 0.0 0 3.5 9 280 M M 6 12 290
22 61 45 53 11 12 0 0.30 0.0 0 10.0 21 140 M M 3 1 27 140
23 50 30 40 -1 25 0 0.09 0.0 0 8.6 18 310 M M 8 16 26 320
24 51 28 40 -1 25 0 0.00 0.0 0 7.7 18 140 M M 2 1 29 140
25 61 40 51 11 14 0 0.04 0.0 0 11.1 18 130 M M 2 26 140
26 61 38 50 10 15 0 0.00 0.0 0 7.7 17 210 M M 4 1 24 210
27 51 38 45 5 20 0 0.00 0.0 0 3.1 13 270 M M 6 12 15 220
28 50 31 41 2 24 0 0.00 0.0 0 3.8 15 330 M M 4 19 330
29 55 29 42 3 23 0 0.08 0.0 0 7.7 17 130 M M 0 1 28 130
30 47 29 38 -1 27 0 0.40 0.1 0 11.6 24 260 M M 10 1 31 270
================================================================================
SM 1779 1135 485 0 1.65 0.1 231.4 M 94
================================================================================
AV 59.3 37.8 7.7 FASTST M M 3 MAX(MPH)
MISC ----> # 30 270 47 240
================================================================================
NOTES:
# LAST OF SEVERAL OCCURRENCES
COLUMN 17 PEAK WIND IN M.P.H.
PRELIMINARY LOCAL CLIMATOLOGICAL DATA (WS FORM: F-6) , PAGE 2
STATION: BECKLEY WV
MONTH: NOVEMBER
YEAR: 2020
LATITUDE: 37 46 N
LONGITUDE: 81 7 W
[TEMPERATURE DATA] [PRECIPITATION DATA] SYMBOLS USED IN COLUMN 16
AVERAGE MONTHLY: 48.6 TOTAL FOR MONTH: 1.65 1 = FOG OR MIST
DPTR FM NORMAL: 4.7 DPTR FM NORMAL: -1.30 2 = FOG REDUCING VISIBILITY
HIGHEST: 73 ON 10, 7 GRTST 24HR 0.61 ON 11-12 TO 1/4 MILE OR LESS
LOWEST: 26 ON 18 3 = THUNDER
SNOW, ICE PELLETS, HAIL 4 = ICE PELLETS
TOTAL MONTH: 0.1 INCH 5 = HAIL
GRTST 24HR 0.1 ON 30-30 6 = FREEZING RAIN OR DRIZZLE
GRTST DEPTH: T 7 = DUSTSTORM OR SANDSTORM:
VSBY 1/2 MILE OR LESS
8 = SMOKE OR HAZE
[NO. OF DAYS WITH] [WEATHER - DAYS WITH] 9 = BLOWING SNOW
X = TORNADO
MAX 32 OR BELOW: 0 0.01 INCH OR MORE: 10
MAX 90 OR ABOVE: 0 0.10 INCH OR MORE: 3
MIN 32 OR BELOW: 11 0.50 INCH OR MORE: 1
MIN 0 OR BELOW: 0 1.00 INCH OR MORE: 0
[HDD (BASE 65) ]
TOTAL THIS MO. 485 CLEAR (SCALE 0-3) 17
DPTR FM NORMAL -149 PTCLDY (SCALE 4-7) 9
TOTAL FM JUL 1 865 CLOUDY (SCALE 8-10) 4
DPTR FM NORMAL -274
[CDD (BASE 65) ]
TOTAL THIS MO. 0
DPTR FM NORMAL -1 [PRESSURE DATA]
TOTAL FM JAN 1 797 HIGHEST SLP 30.66 ON 18
DPTR FM NORMAL 240 LOWEST SLP 29.44 ON 30
[REMARKS]
#FINAL-11-20#