000
CXUS51 KRLX 010807
CF6BKW
PRELIMINARY LOCAL CLIMATOLOGICAL DATA (WS FORM: F-6)
STATION: BECKLEY WV
MONTH: AUGUST
YEAR: 2023
LATITUDE: 37 46 N
LONGITUDE: 81 7 W
TEMPERATURE IN F: :PCPN: SNOW: WIND :SUNSHINE: SKY :PK WND
================================================================================
1 2 3 4 5 6A 6B 7 8 9 10 11 12 13 14 15 16 17 18
12Z AVG MX 2MIN
DY MAX MIN AVG DEP HDD CDD WTR SNW DPTH SPD SPD DIR MIN PSBL S-S WX SPD DR
================================================================================
1 76 52 64 -7 1 0 0.00 0.0 0 3.2 13 360 M M 0 1 18 130
2 80 57 69 -2 0 4 0.28 0.0 0 6.4 14 180 M M 4 1 19 160
3 69 64 67 -4 0 2 0.57 0.0 0 3.8 13 200 M M 10 1 16 200
4 80 62 71 0 0 6 T 0.0 0 5.4 14 330 M M 6 12 17 340
5 84 60 72 1 0 7 0.00 0.0 0 3.6 8 130 M M 2 1 12 20
6 81 69 75 4 0 10 0.12 0.0 0 7.0 15 230 M M 3 1 22 160
7 83 65 74 3 0 9 0.62 0.0 0 8.5 36 310 M M 6 123 55 320
8 75 61 68 -3 0 3 0.30 0.0 0 7.2 15 270 M M 5 1 21 280
9 78 60 69 -2 0 4 0.09 0.0 0 5.5 17 250 M M 5 1 25 240
10 75 62 69 -2 0 4 0.01 0.0 0 7.8 18 270 M M 9 1 24 230
11 80 61 71 0 0 6 0.00 0.0 0 4.8 12 270 M M 4 1 21 310
12 81 62 72 1 0 7 0.00 0.0 0 6.9 14 240 M M 3 1 24 220
13 83 66 75 4 0 10 0.00 0.0 0 5.2 12 270 M M 6 15 240
14 79 68 74 3 0 9 0.07 0.0 0 7.4 17 250 M M 5 1 23 230
15 78 63 71 0 0 6 T 0.0 0 8.9 21 260 M M 6 26 270
16 72 59 66 -5 0 1 0.01 0.0 0 3.9 13 360 M M 8 1 16 10
17 81 58 70 -1 0 5 0.00 0.0 0 7.0 16 250 M M 3 21 230
18 74 55 65 -6 0 0 0.01 0.0 0 8.3 18 300 M M 5 24 350
19 78 49 64 -6 1 0 0.00 0.0 0 2.2 10 360 M M 0 14 280
20 84 54 69 -1 0 4 0.00 0.0 0 3.4 12 250 M M 0 14 240
21 84 62 73 3 0 8 0.00 0.0 0 3.6 13 10 M M 1 16 10
22 82 63 73 3 0 8 0.00 0.0 0 4.9 16 310 M M 2 1 23 300
23 85 60 73 3 0 8 0.00 0.0 0 4.3 12 330 M M 0 15 160
24 85 64 75 5 0 10 0.00 0.0 0 4.6 15 300 M M 2 18 19 320
25 78 66 72 2 0 7 0.16 0.0 0 6.4 24 40 M M 3 13 43 30
26 79 65 72 2 0 7 T 0.0 0 3.7 14 360 M M 6 1 17 10
27 81 67 74 4 0 9 0.00 0.0 0 4.8 16 350 M M 7 12 19 340
28 77 67 72 2 0 7 0.93 0.0 0 2.8 13 130 M M 9 1 17 130
29 81 67 74 5 0 9 0.96 0.0 0 5.1 14 310 M M 8 13 15 250
30 74 60 67 -2 0 2 0.14 0.0 0 7.6 15 360 M M 6 1 19 360
31 70 55 63 -6 2 0 0.00 0.0 0 6.1 14 360 M M 6 19 10
================================================================================
SM 2447 1903 4 172 4.27 0.0 170.3 M 140
================================================================================
AV 78.9 61.4 5.5 FASTST M M 5 MAX(MPH)
MISC ----> 36 310 55 320
================================================================================
NOTES:
# LAST OF SEVERAL OCCURRENCES
COLUMN 17 PEAK WIND IN M.P.H.
PRELIMINARY LOCAL CLIMATOLOGICAL DATA (WS FORM: F-6) , PAGE 2
STATION: BECKLEY WV
MONTH: AUGUST
YEAR: 2023
LATITUDE: 37 46 N
LONGITUDE: 81 7 W
[TEMPERATURE DATA] [PRECIPITATION DATA] SYMBOLS USED IN COLUMN 16
AVERAGE MONTHLY: 70.2 TOTAL FOR MONTH: 4.27 1 = FOG OR MIST
DPTR FM NORMAL: -0.3 DPTR FM NORMAL: 0.59 2 = FOG REDUCING VISIBILITY
HIGHEST: 85 ON 24,23 GRTST 24HR 1.78 ON 28-29 TO 1/4 MILE OR LESS
LOWEST: 49 ON 19 3 = THUNDER
SNOW, ICE PELLETS, HAIL 4 = ICE PELLETS
TOTAL MONTH: 0.0 INCH 5 = HAIL
GRTST 24HR 0.0 6 = FREEZING RAIN OR DRIZZLE
GRTST DEPTH: 0 7 = DUSTSTORM OR SANDSTORM:
VSBY 1/2 MILE OR LESS
8 = SMOKE OR HAZE
[NO. OF DAYS WITH] [WEATHER - DAYS WITH] 9 = BLOWING SNOW
X = TORNADO
MAX 32 OR BELOW: 0 0.01 INCH OR MORE: 14
MAX 90 OR ABOVE: 0 0.10 INCH OR MORE: 9
MIN 32 OR BELOW: 0 0.50 INCH OR MORE: 4
MIN 0 OR BELOW: 0 1.00 INCH OR MORE: 0
[HDD (BASE 65) ]
TOTAL THIS MO. 4 CLEAR (SCALE 0-3) 10
DPTR FM NORMAL -5 PTCLDY (SCALE 4-7) 18
TOTAL FM JUL 1 4 CLOUDY (SCALE 8-10) 3
DPTR FM NORMAL -5
[CDD (BASE 65) ]
TOTAL THIS MO. 172
DPTR FM NORMAL -7 [PRESSURE DATA]
TOTAL FM JAN 1 471 HIGHEST SLP 30.24 ON 2
DPTR FM NORMAL -107 LOWEST SLP 29.70 ON 10
[REMARKS]
#FINAL-08-23#