000
CXUS51 KRNK 010824
CF6BLF
PRELIMINARY LOCAL CLIMATOLOGICAL DATA (WS FORM: F-6)
STATION: BLUEFIELD WV
MONTH: FEBRUARY
YEAR: 2021
LATITUDE: 37 17 N
LONGITUDE: 81 12 W
TEMPERATURE IN F: :PCPN: SNOW: WIND :SUNSHINE: SKY :PK WND
================================================================================
1 2 3 4 5 6A 6B 7 8 9 10 11 12 13 14 15 16 17 18
12Z AVG MX 2MIN
DY MAX MIN AVG DEP HDD CDD WTR SNW DPTH SPD SPD DIR MIN PSBL S-S WX SPD DR
================================================================================
1 32 20 26 -9 39 0 0.09 1.9 6 9.2 18 300 M M 10 126 26 330
2 22 16 19 -16 46 0 0.01 3.4 6 13.7 21 300 M M 9 16 33 290
3 29 16 23 -12 42 0 T T 5 12.3 21 300 M M 4 1 31 300
4 42 16 29 -6 36 0 T 0.0 5 6.3 23 170 M M 4 33 180
5 38 29 34 -2 31 0 0.02 T 4 11.5 23 250 M M 6 4 32 300
6 37 26 32 -4 33 0 T T 3 7.3 17 270 M M 2 25 150
7 32 16 24 -12 41 0 0.26 3.4 6 6.4 17 300 M M 9 1 24 300
8 43 12 28 -8 37 0 0.00 0.0 4 4.7 20 160 M M 0 33 170
9 47 34 41 5 24 0 T 0.0 3 5.5 16 300 M M 7 1 22 280
10 44 32 38 2 27 0 0.08 0.0 T 3.5 15 160 M M 10 12 23 150
11 43 31 37 1 28 0 0.72 T 0 4.9 14 130 M M 10 1246 23 120
12 31 28 30 -7 35 0 0.04 T 0 5.0 14 120 M M 10 146 24 120
13 35 29 32 -5 33 0 0.24 0.0 T 4.4 13 140 M M 10 126 22 130
14 34 28 31 -6 34 0 T 0.0 0 4.1 12 100 M M 10 12 16 90
15 39 33 36 -1 29 0 0.12 0.0 0 6.5 18 170 M M 10 1 33 170
16 40 14 27 -11 38 0 0.03 0.6 T 8.9 17 300 M M 10 1 27 310
17 36 13 25 -13 40 0 T T T 5.1 17 140 M M 5 1 28 160
18 35 25 30 -8 35 0 1.12 0.8 1 3.0 14 140 M M 10 1246 22 140
19 32 18 25 -13 40 0 T T 1 9.7 16 280 M M 10 12 22 270
20 26 15 21 -17 44 0 T T 1 8.6 17 280 M M 5 1 27 310
21 40 10 25 -14 40 0 0.00 0.0 1 5.5 17 200 M M 0 28 180
22 46 32 39 0 26 0 0.21 0.0 T 11.8 24 260 M M 6 1 33 270
23 53 31 42 3 23 0 0.00 0.0 0 12.1 26 280 M M 0 39 270
24 62 38 50 11 15 0 0.00 0.0 0 11.1 24 240 M M 1 34 270
25 51 35 43 3 22 0 0.00 0.0 0 6.3 15 270 M M 3 21 320
26 40 31 36 -4 29 0 0.13 T T 8.5 21 130 M M 7 146 34 140
27 53 32 43 3 22 0 1.24 0.0 0 6.2 17 150 M M 10 1 26 150
28 65 49 57 17 8 0 0.35 0.0 0 8.8 28 260 M M 9 1 38 260
================================================================================
SM 1127 709 897 0 4.66 10.1 210.9 M 187
================================================================================
AV 40.3 25.3 7.5 FASTST M M 7 MAX(MPH)
MISC ----> 28 260 39 270
================================================================================
NOTES:
# LAST OF SEVERAL OCCURRENCES
COLUMN 17 PEAK WIND IN M.P.H.
PRELIMINARY LOCAL CLIMATOLOGICAL DATA (WS FORM: F-6) , PAGE 2
STATION: BLUEFIELD WV
MONTH: FEBRUARY
YEAR: 2021
LATITUDE: 37 17 N
LONGITUDE: 81 12 W
[TEMPERATURE DATA] [PRECIPITATION DATA] SYMBOLS USED IN COLUMN 16
AVERAGE MONTHLY: 32.8 TOTAL FOR MONTH: 4.66 1 = FOG OR MIST
DPTR FM NORMAL: -4.6 DPTR FM NORMAL: 1.90 2 = FOG REDUCING VISIBILITY
HIGHEST: 65 ON 28 GRTST 24HR 1.31 ON 27-28 TO 1/4 MILE OR LESS
LOWEST: 10 ON 21 3 = THUNDER
SNOW, ICE PELLETS, HAIL 4 = ICE PELLETS
TOTAL MONTH: 12.9 INCHES 5 = HAIL
GRTST 24HR 3.4 ON 2- 2 6 = FREEZING RAIN OR DRIZZLE
GRTST DEPTH: 6 ON 7, 2 7 = DUSTSTORM OR SANDSTORM:
VSBY 1/2 MILE OR LESS
8 = SMOKE OR HAZE
[NO. OF DAYS WITH] [WEATHER - DAYS WITH] 9 = BLOWING SNOW
X = TORNADO
MAX 32 OR BELOW: 7 0.01 INCH OR MORE: 15
MAX 90 OR ABOVE: 0 0.10 INCH OR MORE: 9
MIN 32 OR BELOW: 23 0.50 INCH OR MORE: 3
MIN 0 OR BELOW: 0 1.00 INCH OR MORE: 2
[HDD (BASE 65) ]
TOTAL THIS MO. 897 CLEAR (SCALE 0-3) 6
DPTR FM NORMAL 124 PTCLDY (SCALE 4-7) 8
TOTAL FM JUL 1 3810 CLOUDY (SCALE 8-10) 14
DPTR FM NORMAL 317
[CDD (BASE 65) ]
TOTAL THIS MO. 0
DPTR FM NORMAL 0 [PRESSURE DATA]
TOTAL FM JAN 1 0 HIGHEST SLP 30.51 ON 21
DPTR FM NORMAL 0 LOWEST SLP 29.61 ON 16
[REMARKS]
#FINAL-02-21#