000
CXUS55 KPSR 011005
CF6BLH
PRELIMINARY LOCAL CLIMATOLOGICAL DATA (WS FORM: F-6)
STATION: BLYTHE CA
MONTH: JANUARY
YEAR: 2024
LATITUDE: 33 37 N
LONGITUDE: 114 43 W
TEMPERATURE IN F: :PCPN: SNOW: WIND :SUNSHINE: SKY :PK WND
================================================================================
1 2 3 4 5 6A 6B 7 8 9 10 11 12 13 14 15 16 17 18
12Z AVG MX 2MIN
DY MAX MIN AVG DEP HDD CDD WTR SNW DPTH SPD SPD DIR MIN PSBL S-S WX SPD DR
================================================================================
1 64 42 53 -1 12 0 0.00 0.0 0 4.0 9 320 M M 0 10 250
2 66 38 52 -2 13 0 0.00 0.0 0 3.6 13 250 M M 0 15 250
3 60 40 50 -4 15 0 0.05 M M 4.9 21 330 M M 1 26 330
4 65 36 51 -3 14 0 0.00 M M 6.6 18 330 M M 0 23 330
5 63 38 51 -3 14 0 0.00 M M 4.4 13 320 M M 0 14 320
6 61 43 52 -2 13 0 0.00 M M 8.2 22 190 M M 0 28 190
7 59 47 53 -2 12 0 T M M 15.3 36 330 M M 2 8 44 330
8 59 39 49 -6 16 0 0.00 0.0 M 12.0 30 340 M M 0 39 340
9 58 34 46 -9 19 0 0.00 M M 3.5 12 350 M M 0 13 350
10 61 30 46 -9 19 0 0.00 M M 6.7 23 210 M M 0 29 220
11 60 37 49 -6 16 0 0.00 0.0 M 11.7 40 330 M M 1 8 51 320
12 60 30 45 -10 20 0 0.00 0.0 M 3.6 10 350 M M 0 11 350
13 62 33 48 -7 17 0 0.00 0.0 M 3.4 12 330 M M 0 13 340
14 67 40 54 -2 11 0 0.00 0.0 M 4.1 12 350 M M 0 14 70
15 69 37 53 -3 12 0 0.00 M M 2.6 10 360 M M 0 11 250
16 69 39 54 -2 11 0 0.00 M M 3.4 9 340 M M 0 11 240
17 72 40 56 0 9 0 0.00 M M 4.8 16 170 M M 0 21 170
18 74 44 59 3 6 0 0.00 M M 4.9 10 30 M M 0 14 30
19 70 46 58 2 7 0 0.00 M M 3.0 9 350 M M 0 15 240
20 69 50 60 4 5 0 T M M 4.8 16 240 M M 2 20 240
21 62 51 57 1 8 0 0.04 M M 6.2 13 180 M M 7 1 17 230
22 58 50 54 -2 11 0 0.90 M M 23.8 13 260 M M 9 1 22 50
23 65 53 59 3 6 0 0.03 M M 3.7 15 320 M M 8 28 20 300
24 64 44 54 -3 11 0 0.00 M M 2.0 7 140 M M 3 128 8 170
25 70 50 60 3 5 0 0.00 M M 4.9 16 190 M M 1 1 20 180
26 71 47 59 2 6 0 0.00 M M 9.0 25 360 M M 0 30 10
27 72 45 59 2 6 0 0.00 M M 3.1 14 330 M M 0 18 340
28 75 47 61 4 4 0 0.00 M M 4.1 13 350 M M 0 16 350
29 79 44 62 5 3 0 0.00 M M 3.1 8 270 M M 0 11 10
30 78 47 63 6 2 0 0.00 M M 2.9 9 330 M M 0 10 80
31 73 47 60 3 5 0 0.00 M M 1.7 8 160 M M 0 10 150
================================================================================
SM 2055 1308 328 0 1.02 0.0 180.0 M 34
================================================================================
AV 66.3 42.2 5.8 FASTST M M 1 MAX(MPH)
MISC ----> 40 330 51 320
================================================================================
NOTES:
# LAST OF SEVERAL OCCURRENCES
COLUMN 17 PEAK WIND IN M.P.H.
PRELIMINARY LOCAL CLIMATOLOGICAL DATA (WS FORM: F-6) , PAGE 2
STATION: BLYTHE CA
MONTH: JANUARY
YEAR: 2024
LATITUDE: 33 37 N
LONGITUDE: 114 43 W
[TEMPERATURE DATA] [PRECIPITATION DATA] SYMBOLS USED IN COLUMN 16
AVERAGE MONTHLY: 54.2 TOTAL FOR MONTH: 1.02 1 = FOG OR MIST
DPTR FM NORMAL: -1.5 DPTR FM NORMAL: 0.49 2 = FOG REDUCING VISIBILITY
HIGHEST: 79 ON 29 GRTST 24HR 0.90 ON 22-22 TO 1/4 MILE OR LESS
LOWEST: 30 ON 12,10 3 = THUNDER
SNOW, ICE PELLETS, HAIL 4 = ICE PELLETS
TOTAL MONTH: 0.0 INCH 5 = HAIL
GRTST 24HR 0.0 6 = FREEZING RAIN OR DRIZZLE
GRTST DEPTH: 0 7 = DUSTSTORM OR SANDSTORM:
VSBY 1/2 MILE OR LESS
8 = SMOKE OR HAZE
[NO. OF DAYS WITH] [WEATHER - DAYS WITH] 9 = BLOWING SNOW
X = TORNADO
MAX 32 OR BELOW: 0 0.01 INCH OR MORE: 4
MAX 90 OR ABOVE: 0 0.10 INCH OR MORE: 1
MIN 32 OR BELOW: 2 0.50 INCH OR MORE: 1
MIN 0 OR BELOW: 0 1.00 INCH OR MORE: 0
[HDD (BASE 65) ]
TOTAL THIS MO. 328 CLEAR (SCALE 0-3) 27
DPTR FM NORMAL 38 PTCLDY (SCALE 4-7) 3
TOTAL FM JUL 1 627 CLOUDY (SCALE 8-10) 1
DPTR FM NORMAL -125
[CDD (BASE 65) ]
TOTAL THIS MO. 0
DPTR FM NORMAL -1 [PRESSURE DATA]
TOTAL FM JAN 1 0 HIGHEST SLP M ON M
DPTR FM NORMAL -1 LOWEST SLP 29.72 ON 11
[REMARKS]
#FINAL-01-24#