000
CXUS53 KIND 010600
CF6BMG
PRELIMINARY LOCAL CLIMATOLOGICAL DATA (WS FORM: F-6)
STATION: BLOOMINGTON IN
MONTH: MARCH
YEAR: 2023
LATITUDE: 39 7 N
LONGITUDE: 86 37 W
TEMPERATURE IN F: :PCPN: SNOW: WIND :SUNSHINE: SKY :PK WND
================================================================================
1 2 3 4 5 6A 6B 7 8 9 10 11 12 13 14 15 16 17 18
12Z AVG MX 2MIN
DY MAX MIN AVG DEP HDD CDD WTR SNW DPTH SPD SPD DIR MIN PSBL S-S WX SPD DR
================================================================================
1 78 36 57 19 8 0 0.00 M M 8.0 21 220 M M 0 33 220
2 56 37 47 9 18 0 0.00 M M 7.1 16 350 M M 1 22 350
3 52 37 45 7 20 0 2.09 M M 13.5 26 70 M M 10 13 38 200
4 56 29 43 4 22 0 0.00 M M 3.0 15 290 M M 1 1 23 300
5 60 30 45 6 20 0 0.00 M M 5.1 13 120 M M 0 1 17 110
6 74 45 60 20 5 0 0.00 M M 10.6 24 230 M M 1 33 210
7 54 40 47 7 18 0 0.00 M M 13.7 21 10 M M 6 29 350
8 50 36 43 3 22 0 0.00 M M 11.8 20 90 M M 5 29 100
9 54 34 44 3 21 0 0.12 M M 9.4 17 110 M M 6 1 24 110
10 44 36 40 -1 25 0 0.01 M M 11.0 22 280 M M 10 1 35 270
11 49 36 43 2 22 0 T M M 7.7 15 110 M M 7 23 70
12 40 34 37 -5 28 0 0.07 M M 6.4 15 80 M M 10 1 20 280
13 37 30 34 -8 31 0 T M M 10.0 17 290 M M 10 27 290
14 43 23 33 -9 32 0 T M M 6.0 15 340 M M 2 23 340
15 52 19 36 -7 29 0 0.00 M M 4.0 14 140 M M 0 20 160
16 57 37 47 4 18 0 0.18 M M 11.3 23 190 M M 5 1 35 220
17 54 30 42 -2 23 0 0.21 M M 12.3 25 280 M M 8 1 40 180
18 31 21 26 -18 39 0 T M M 10.5 23 290 M M 6 1 34 270
19 37 15 26 -18 39 0 T M M 5.9 14 300 M M 3 1 19 230
20 51 22 37 -8 28 0 0.00 M M 8.1 20 210 M M 0 31 240
21 56 26 41 -4 24 0 0.02 M M 8.1 24 180 M M 5 34 180
22 56 43 50 4 15 0 0.05 M M 9.2 17 190 M M 10 1 24 180
23 72 48 60 14 5 0 1.08 M M 13.1 23 230 M M 10 13 36 210
24 50 45 48 2 17 0 2.07 M M 7.0 15 350 M M 10 13 18 350
25 56 35 46 -1 19 0 0.19 M M 11.4 28 240 M M 7 12 44 230
26 67 32 50 3 15 0 T M M 6.1 17 130 M M 1 24 270
27 54 36 45 -2 20 0 0.16 M M 4.9 15 340 M M 9 18 22 330
28 51 28 40 -8 25 0 0.00 M M 4.6 17 340 M M 2 22 20
29 57 27 42 -6 23 0 0.00 M M 5.2 20 230 M M 1 29 230
30 64 33 49 1 16 0 0.00 M M 9.8 17 130 M M 1 24 150
31 69 49 59 10 6 0 M M M 14.5 40 200 M M 9 13 58 240
================================================================================
SM 1681 1029 653 0 6.25 M 269.3 M 156
================================================================================
AV 54.2 33.2 8.7 FASTST M M 5 MAX(MPH)
MISC ----> 40 200 58 240
================================================================================
NOTES:
# LAST OF SEVERAL OCCURRENCES
COLUMN 17 PEAK WIND IN M.P.H.
PRELIMINARY LOCAL CLIMATOLOGICAL DATA (WS FORM: F-6) , PAGE 2
STATION: BLOOMINGTON IN
MONTH: MARCH
YEAR: 2023
LATITUDE: 39 7 N
LONGITUDE: 86 37 W
[TEMPERATURE DATA] [PRECIPITATION DATA] SYMBOLS USED IN COLUMN 16
AVERAGE MONTHLY: 43.7 TOTAL FOR MONTH: 6.25 1 = FOG OR MIST
DPTR FM NORMAL: 0.4 DPTR FM NORMAL: 2.43 2 = FOG REDUCING VISIBILITY
HIGHEST: 78 ON 1 GRTST 24HR 2.29 ON 23-24 TO 1/4 MILE OR LESS
LOWEST: 15 ON 19 3 = THUNDER
SNOW, ICE PELLETS, HAIL 4 = ICE PELLETS
TOTAL MONTH: M 5 = HAIL
GRTST 24HR M ON M 6 = FREEZING RAIN OR DRIZZLE
GRTST DEPTH: M ON M 7 = DUSTSTORM OR SANDSTORM:
VSBY 1/2 MILE OR LESS
8 = SMOKE OR HAZE
[NO. OF DAYS WITH] [WEATHER - DAYS WITH] 9 = BLOWING SNOW
X = TORNADO
MAX 32 OR BELOW: 1 0.01 INCH OR MORE: 12
MAX 90 OR ABOVE: 0 0.10 INCH OR MORE: 8
MIN 32 OR BELOW: 13 0.50 INCH OR MORE: 3
MIN 0 OR BELOW: 0 1.00 INCH OR MORE: 3
[HDD (BASE 65) ]
TOTAL THIS MO. 653 CLEAR (SCALE 0-3) 13
DPTR FM NORMAL -25 PTCLDY (SCALE 4-7) 9
TOTAL FM JUL 1 4017 CLOUDY (SCALE 8-10) 9
DPTR FM NORMAL -594
[CDD (BASE 65) ]
TOTAL THIS MO. 0
DPTR FM NORMAL -3 [PRESSURE DATA]
TOTAL FM JAN 1 0 HIGHEST SLP M ON M
DPTR FM NORMAL -3 LOWEST SLP 28.85 ON 3
[REMARKS]
#FINAL-03-23#