000
CXUS56 KBOI 011002
CF6BNO
PRELIMINARY LOCAL CLIMATOLOGICAL DATA (WS FORM: F-6)
STATION: BURNS OR
MONTH: JUNE
YEAR: 2021
LATITUDE: 43 34 N
LONGITUDE: 118 57 W
TEMPERATURE IN F: :PCPN: SNOW: WIND :SUNSHINE: SKY :PK WND
================================================================================
1 2 3 4 5 6A 6B 7 8 9 10 11 12 13 14 15 16 17 18
12Z AVG MX 2MIN
DY MAX MIN AVG DEP HDD CDD WTR SNW DPTH SPD SPD DIR MIN PSBL S-S WX SPD DR
================================================================================
1 91 47 69 13 0 4 0.00 M M 5.4 13 190 M M 0 18 190
2 96 48 72 15 0 7 0.00 M M 6.1 16 360 M M 0 24 360
3 98 56 77 20 0 12 0.00 M M 7.2 33 160 M M 0 3 47 160
4 89 54 72 15 0 7 0.00 M M 11.5 23 270 M M 0 30 270
5 78 41 60 3 5 0 0.00 M M 13.9 30 290 M M 0 41 260
6 69 29 49 -8 16 0 0.00 M M 8.9 28 280 M M 1 36 280
7 69 29 49 -8 16 0 0.00 M M 8.0 25 350 M M 3 34 350
8 74 43 59 1 6 0 0.00 M M 9.6 24 320 M M 1 32 310
9 70 45 58 0 7 0 0.00 M M 11.1 25 360 M M 1 37 340
10 67 40 54 -4 11 0 0.00 M M 9.3 18 270 M M 4 30 290
11 72 41 57 -1 8 0 0.07 M M 7.9 21 210 M M 7 1 32 260
12 80 43 62 4 3 0 T M M 4.6 16 140 M M 5 12 24 160
13 94 43 69 10 0 4 0.00 M M 6.7 24 180 M M 1 36 190
14 89 44 67 8 0 2 0.00 M M 9.7 24 220 M M 1 31 220
15 78 44 61 2 4 0 0.00 M M 12.8 28 240 M M 1 41 280
16 81 33 57 -2 8 0 0.00 M M 3.7 13 290 M M 0 20 240
17 89 44 67 7 0 2 0.00 M M 5.8 16 350 M M 0 22 360
18 93 45 69 9 0 4 0.00 M M 7.0 21 360 M M 0 28 340
19 93 52 73 13 0 8 0.00 M M 8.8 20 290 M M 0 26 290
20 92 52 72 11 0 7 0.00 M M 6.1 12 10 M M 0 16 190
21 98 51 75 14 0 10 T M M 6.8 26 340 M M 0 3 35 350
22 83 60 72 11 0 7 0.04 M M 10.4 30 290 M M 4 3 57 310
23 88 42 65 3 0 0 0.00 M M 5.1 30 240 M M 0 40 260
24 92 45 69 7 0 4 0.00 M M 8.3 22 310 M M 1 32 310
25 91 54 73 11 0 8 0.00 M M 7.5 21 10 M M 1 28 280
26 95 55 75 12 0 10 0.00 M M 7.4 16 50 M M 0 23 50
27 99 54 77 14 0 12 0.00 M M 8.9 18 70 M M 0 26 120
28 100 55 78 15 0 13 0.00 M M 12.6 23 70 M M 0 35 70
29 103 56 80 16 0 15 0.00 M M 9.8 18 110 M M 0 34 130
30 99 56 78 14 0 13 0.00 M M 9.2 35 70 M M 1 48 70
================================================================================
SM 2610 1401 84 149 0.11 M 250.1 M 32
================================================================================
AV 87.0 46.7 8.3 FASTST M M 1 MAX(MPH)
MISC ----> 35 70 57 310
================================================================================
NOTES:
# LAST OF SEVERAL OCCURRENCES
COLUMN 17 PEAK WIND IN M.P.H.
PRELIMINARY LOCAL CLIMATOLOGICAL DATA (WS FORM: F-6) , PAGE 2
STATION: BURNS OR
MONTH: JUNE
YEAR: 2021
LATITUDE: 43 34 N
LONGITUDE: 118 57 W
[TEMPERATURE DATA] [PRECIPITATION DATA] SYMBOLS USED IN COLUMN 16
AVERAGE MONTHLY: 66.9 TOTAL FOR MONTH: 0.11 1 = FOG OR MIST
DPTR FM NORMAL: 7.1 DPTR FM NORMAL: -0.62 2 = FOG REDUCING VISIBILITY
HIGHEST: 103 ON 29 GRTST 24HR 0.07 ON 11-11 TO 1/4 MILE OR LESS
LOWEST: 29 ON 7, 6 3 = THUNDER
SNOW, ICE PELLETS, HAIL 4 = ICE PELLETS
TOTAL MONTH: M 5 = HAIL
GRTST 24HR M ON M 6 = FREEZING RAIN OR DRIZZLE
GRTST DEPTH: M ON M 7 = DUSTSTORM OR SANDSTORM:
VSBY 1/2 MILE OR LESS
8 = SMOKE OR HAZE
[NO. OF DAYS WITH] [WEATHER - DAYS WITH] 9 = BLOWING SNOW
X = TORNADO
MAX 32 OR BELOW: 0 0.01 INCH OR MORE: 2
MAX 90 OR ABOVE: 15 0.10 INCH OR MORE: 0
MIN 32 OR BELOW: 2 0.50 INCH OR MORE: 0
MIN 0 OR BELOW: 0 1.00 INCH OR MORE: 0
[HDD (BASE 65) ]
TOTAL THIS MO. 84 CLEAR (SCALE 0-3) 26
DPTR FM NORMAL -106 PTCLDY (SCALE 4-7) 4
TOTAL FM JUL 1 6840 CLOUDY (SCALE 8-10) 0
DPTR FM NORMAL -374
[CDD (BASE 65) ]
TOTAL THIS MO. 149
DPTR FM NORMAL 119 [PRESSURE DATA]
TOTAL FM JAN 1 151 HIGHEST SLP 30.30 ON 16
DPTR FM NORMAL 117 LOWEST SLP 29.66 ON 7
[REMARKS]
#FINAL-06-21#