000
CXUS56 KBOI 011002
CF6BNO
PRELIMINARY LOCAL CLIMATOLOGICAL DATA (WS FORM: F-6)
STATION: BURNS OR
MONTH: SEPTEMBER
YEAR: 2020
LATITUDE: 43 34 N
LONGITUDE: 118 57 W
TEMPERATURE IN F: :PCPN: SNOW: WIND :SUNSHINE: SKY :PK WND
================================================================================
1 2 3 4 5 6A 6B 7 8 9 10 11 12 13 14 15 16 17 18
12Z AVG MX 2MIN
DY MAX MIN AVG DEP HDD CDD WTR SNW DPTH SPD SPD DIR MIN PSBL S-S WX SPD DR
================================================================================
1 88 36 62 1 3 0 0.00 M M 5.1 12 200 M M 0 17 200
2 98 42 70 10 0 5 0.00 M M 6.4 20 320 M M 0 25 310
3 96 41 69 9 0 4 0.00 M M 4.4 12 310 M M 0 15 170
4 102 50 76 16 0 11 0.00 M M 6.2 14 280 M M 0 19 280
5 96 46 71 11 0 6 0.00 M M 7.1 16 310 M M 4 8 23 260
6 96 36 66 7 0 1 0.00 M M 5.5 18 230 M M 1 8 27 220
7 86 38 62 3 3 0 0.00 M M 12.6 31 350 M M 4 8 43 350
8 72 31 52 -7 13 0 0.00 M M 7.1 20 110 M M 1 8 29 110
9 78 27 53 -5 12 0 0.00 M M 6.0 16 70 M M 1 8 25 60
10 87 36 62 4 3 0 0.00 M M 4.6 12 120 M M 0 17 140
11 92 33 63 5 2 0 0.00 M M 6.6 15 230 M M 1 8 23 230
12 89 36 63 6 2 0 0.00 M M 2.7 10 30 M M 10 8 13 30
13 93 35 64 7 1 0 0.00 M M 4.6 10 300 M M 8 8 17 280
14 90 37 64 7 1 0 0.00 M M 4.1 16 230 M M 7 8 22 230
15 86 36 61 5 4 0 0.00 M M 3.8 9 80 M M 10 8 14 180
16 86 36 61 5 4 0 0.00 M M 3.5 10 20 M M 10 8 13 180
17 83 36 60 4 5 0 0.00 M M 3.6 10 70 M M 10 8 14 60
18 77 37 57 2 8 0 T M M 4.9 18 290 M M 8 8 23 290
19 69 35 52 -3 13 0 0.00 M M 6.4 16 330 M M 5 18 24 270
20 76 29 53 -1 12 0 0.00 M M 3.9 13 170 M M 0 18 170
21 83 32 58 4 7 0 0.00 M M 5.3 14 290 M M 0 18 290
22 79 43 61 7 4 0 0.00 M M 6.3 21 270 M M 1 8 28 260
23 81 39 60 7 5 0 0.00 M M 7.4 21 220 M M 0 8 28 220
24 69 36 53 0 12 0 0.01 M M 8.8 22 310 M M 4 8 30 260
25 71 32 52 0 13 0 T M M 9.0 29 250 M M 7 40 260
26 68 38 53 1 12 0 0.00 M M 9.8 18 320 M M 5 27 330
27 69 29 49 -3 16 0 0.00 M M 4.9 12 220 M M 0 8 18 240
28 76 29 53 2 12 0 0.00 M M 5.8 15 80 M M 0 22 90
29 86 30 58 7 7 0 0.00 M M 3.2 10 300 M M 0 8 13 140
30 89 32 61 11 4 0 0.00 M M 3.4 12 300 M M 0 12 300
================================================================================
SM 2511 1073 178 27 0.01 M 173.0 M 97
================================================================================
AV 83.7 35.8 5.8 FASTST M M 3 MAX(MPH)
MISC ----> 31 350 43 350
================================================================================
NOTES:
# LAST OF SEVERAL OCCURRENCES
COLUMN 17 PEAK WIND IN M.P.H.
PRELIMINARY LOCAL CLIMATOLOGICAL DATA (WS FORM: F-6) , PAGE 2
STATION: BURNS OR
MONTH: SEPTEMBER
YEAR: 2020
LATITUDE: 43 34 N
LONGITUDE: 118 57 W
[TEMPERATURE DATA] [PRECIPITATION DATA] SYMBOLS USED IN COLUMN 16
AVERAGE MONTHLY: 59.7 TOTAL FOR MONTH: 0.01 1 = FOG OR MIST
DPTR FM NORMAL: 3.8 DPTR FM NORMAL: -0.43 2 = FOG REDUCING VISIBILITY
HIGHEST: 102 ON 4 GRTST 24HR 0.01 ON 24-24 TO 1/4 MILE OR LESS
LOWEST: 27 ON 9 3 = THUNDER
SNOW, ICE PELLETS, HAIL 4 = ICE PELLETS
TOTAL MONTH: M 5 = HAIL
GRTST 24HR M ON M 6 = FREEZING RAIN OR DRIZZLE
GRTST DEPTH: M ON M 7 = DUSTSTORM OR SANDSTORM:
VSBY 1/2 MILE OR LESS
8 = SMOKE OR HAZE
[NO. OF DAYS WITH] [WEATHER - DAYS WITH] 9 = BLOWING SNOW
X = TORNADO
MAX 32 OR BELOW: 0 0.01 INCH OR MORE: 1
MAX 90 OR ABOVE: 8 0.10 INCH OR MORE: 0
MIN 32 OR BELOW: 9 0.50 INCH OR MORE: 0
MIN 0 OR BELOW: 0 1.00 INCH OR MORE: 0
[HDD (BASE 65) ]
TOTAL THIS MO. 178 CLEAR (SCALE 0-3) 17
DPTR FM NORMAL -104 PTCLDY (SCALE 4-7) 9
TOTAL FM JUL 1 223 CLOUDY (SCALE 8-10) 4
DPTR FM NORMAL -195
[CDD (BASE 65) ]
TOTAL THIS MO. 27
DPTR FM NORMAL 18 [PRESSURE DATA]
TOTAL FM JAN 1 369 HIGHEST SLP 30.49 ON 28
DPTR FM NORMAL 154 LOWEST SLP 29.84 ON 18
[REMARKS]
#FINAL-09-20#