000
CXUS54 KMAF 011110
CF6BPG
PRELIMINARY LOCAL CLIMATOLOGICAL DATA (WS FORM: F-6)
STATION: BIG SPRING MCMAHON-WRINKLE FI
MONTH: MAY
YEAR: 2022
LATITUDE: 32 12 N
LONGITUDE: 101 31 W
TEMPERATURE IN F: :PCPN: SNOW: WIND :SUNSHINE: SKY :PK WND
================================================================================
1 2 3 4 5 6A 6B 7 8 9 10 11 12 13 14 15 16 17 18
12Z AVG MX 2MIN
DY MAX MIN AVG DEP HDD CDD WTR SNW DPTH SPD SPD DIR MIN PSBL S-S WX SPD DR
================================================================================
1 86 64 75 M 0 10 M M M 18.3 24 120 M M 5 8 35 170
2 96 66 81 M 0 16 M M M 16.2 26 180 M M 2 32 180
3 80 52 66 M 0 1 M M M 14.1 25 60 M M 4 36 360
4 90 68 79 M 0 14 M M M 13.1 21 180 M M 4 31 180
5 84 57 71 M 0 6 M M M 12.6 20 280 M M 2 28 320
6 98 53 76 M 0 11 M M M 11.8 22 220 M M 0 28 240
7 104 58 81 M 0 16 M M M 12.7 26 230 M M 0 8 36 250
8 103 65 84 M 0 19 M M M 14.8 23 240 M M 0 32 220
9 101 72 87 M 0 22 M M M 14.5 23 220 M M 0 36 220
10 91 74 83 M 0 18 M M M 18.1 29 180 M M 3 8 44 170
11 95 70 83 M 0 18 M M M 20.3 29 150 M M 0 39 160
12 98 71 85 M 0 20 M M M 17.2 24 170 M M 0 38 160
13 99 66 83 M 0 18 M M M 7.5 15 50 M M 0 M M
14 100 65 83 M 0 18 M M M 8.9 18 210 M M 0 23 210
15 103 66 85 M 0 20 M M M 11.0 21 220 M M 0 26 220
16 102 69 86 M 0 21 M M M 15.6 22 70 M M 0 26 60
17 103 76 90 M 0 25 M M M 18.5 29 190 M M 0 37 190
18 104 71 88 M 0 23 M M M 11.3 20 170 M M 0 25 180
19 104 71 88 M 0 23 M M M 15.0 23 190 M M 0 29 240
20 101 73 87 M 0 22 M M M 13.5 22 240 M M 0 26 240
21 82 65 74 M 0 9 M M M 15.8 24 50 M M 0 33 40
22 75 54 65 M 0 0 M M M 15.1 28 50 M M 5 36 50
23 87 64 76 M 0 11 M M M 16.3 28 M M M 5 35 130
24 77 55 66 M 0 1 0.09 M M 16.9 37 340 M M 7 3 48 340
25 77 46 62 M 3 0 M M M 10.9 20 290 M M 0 25 290
26 92 53 73 M 0 8 M M M 6.2 13 200 M M 0 M M
27 99 66 83 M 0 18 M M M 13.8 20 160 M M 0 26 160
28 105 71 88 M 0 23 M M M 19.1 26 170 M M 0 38 170
29 102 75 89 M 0 24 M M M 22.0 31 170 M M 0 8 39 170
30 101 73 87 M 0 22 M M M 20.2 30 170 M M 0 8 37 170
31 98 76 87 M 0 22 M M M 19.1 26 180 M M 3 31 180
================================================================================
SM 2937 2025 3 479 0.09 M 460.3 M 40
================================================================================
AV 94.7 65.3 14.8 FASTST M M 1 MAX(MPH)
MISC ----> 37 340 48 340
================================================================================
NOTES:
# LAST OF SEVERAL OCCURRENCES
COLUMN 17 PEAK WIND IN M.P.H.
PRELIMINARY LOCAL CLIMATOLOGICAL DATA (WS FORM: F-6) , PAGE 2
STATION: BIG SPRING MCMAHON-WRINKLE FI
MONTH: MAY
YEAR: 2022
LATITUDE: 32 12 N
LONGITUDE: 101 31 W
[TEMPERATURE DATA] [PRECIPITATION DATA] SYMBOLS USED IN COLUMN 16
AVERAGE MONTHLY: 80.0 TOTAL FOR MONTH: 0.09 1 = FOG OR MIST
DPTR FM NORMAL: 0.0 DPTR FM NORMAL: M 2 = FOG REDUCING VISIBILITY
HIGHEST: 105 ON 28 GRTST 24HR 0.09 ON 24-24 TO 1/4 MILE OR LESS
LOWEST: 46 ON 25 3 = THUNDER
SNOW, ICE PELLETS, HAIL 4 = ICE PELLETS
TOTAL MONTH: M 5 = HAIL
GRTST 24HR M ON M 6 = FREEZING RAIN OR DRIZZLE
GRTST DEPTH: M ON M 7 = DUSTSTORM OR SANDSTORM:
VSBY 1/2 MILE OR LESS
8 = SMOKE OR HAZE
[NO. OF DAYS WITH] [WEATHER - DAYS WITH] 9 = BLOWING SNOW
X = TORNADO
MAX 32 OR BELOW: 0 0.01 INCH OR MORE: 1
MAX 90 OR ABOVE: 23 0.10 INCH OR MORE: 0
MIN 32 OR BELOW: 0 0.50 INCH OR MORE: 0
MIN 0 OR BELOW: 0 1.00 INCH OR MORE: 0
[HDD (BASE 65) ]
TOTAL THIS MO. 3 CLEAR (SCALE 0-3) 23
DPTR FM NORMAL M PTCLDY (SCALE 4-7) 8
TOTAL FM JUL 1 2261 CLOUDY (SCALE 8-10) 0
DPTR FM NORMAL M
[CDD (BASE 65) ]
TOTAL THIS MO. 479
DPTR FM NORMAL M [PRESSURE DATA]
TOTAL FM JAN 1 705 HIGHEST SLP M ON M
DPTR FM NORMAL M LOWEST SLP M ON M
[REMARKS]
#FINAL-05-22#