000
CXUS55 KRIW 011010
CF6BPI
PRELIMINARY LOCAL CLIMATOLOGICAL DATA (WS FORM: F-6)
STATION: BIG PINEY WY
MONTH: MARCH
YEAR: 2022
LATITUDE: 42 34 N
LONGITUDE: 110 6 W
TEMPERATURE IN F: :PCPN: SNOW: WIND :SUNSHINE: SKY :PK WND
================================================================================
1 2 3 4 5 6A 6B 7 8 9 10 11 12 13 14 15 16 17 18
12Z AVG MX 2MIN
DY MAX MIN AVG DEP HDD CDD WTR SNW DPTH SPD SPD DIR MIN PSBL S-S WX SPD DR
================================================================================
1 50 17 34 14 31 0 0.00 M M 4.6 10 330 M M 1 12 330
2 51 23 37 17 28 0 0.00 M M 4.4 10 10 M M 0 12 10
3 54 22 38 17 27 0 0.00 M M 3.4 9 80 M M 0 13 190
4 42 26 34 13 31 0 0.02 M M 3.0 17 220 M M 7 12 23 230
5 29 19 24 2 41 0 T M M 7.5 18 170 M M 10 12 24 180
6 20 12 16 -6 49 0 0.01 M M 13.4 22 200 M M 10 18 29 210
7 21 -10 6 -17 59 0 T M M 5.2 21 330 M M 3 1 28 320
8 30 -2 14 -9 51 0 T M M 7.0 18 260 M M 4 128 24 360
9 18 -3 8 -16 57 0 0.03 M M 7.4 15 160 M M 10 128 20 160
10 16 -22 -3 -27 68 0 0.00 M M 5.0 21 350 M M 3 27 350
11 29 -15 7 -18 58 0 0.00 M M 5.6 24 340 M M 1 32 350
12 38 5 22 -3 43 0 0.00 M M 5.0 12 330 M M 3 13 90
13 38 9 24 -2 41 0 0.00 M M 7.3 22 340 M M 3 27 340
14 37 12 25 -1 40 0 0.00 M M 5.9 15 350 M M 0 18 350
15 44 14 29 2 36 0 0.00 M M 4.1 21 280 M M 2 26 280
16 39 22 31 4 34 0 0.00 M M 9.1 23 300 M M 3 29 350
17 38 15 27 -1 38 0 0.00 M M 8.1 15 360 M M 0 19 350
18 42 17 30 2 35 0 0.00 M M 5.0 17 330 M M 3 23 310
19 47 17 32 3 33 0 0.00 M M 5.7 16 270 M M 1 22 200
20 45 22 34 5 31 0 0.00 M M 12.6 31 340 M M 8 41 340
21 38 17 28 -1 37 0 0.00 M M 16.6 32 350 M M 0 43 340
22 42 21 32 2 33 0 0.00 M M 14.3 24 20 M M 0 32 30
23 54 22 38 8 27 0 0.00 M M 10.8 22 20 M M 0 8 30 10
24 55 25 40 9 25 0 0.00 M M 7.0 21 360 M M 0 27 350
25 61 23 42 11 23 0 0.00 M M 4.7 18 340 M M 0 26 310
26 64 24 44 13 21 0 0.00 M M 5.3 18 320 M M 0 27 310
27 67 25 46 14 19 0 0.00 M M 4.8 18 270 M M 0 24 280
28 59 31 45 13 20 0 0.00 M M 7.1 24 270 M M 4 40 230
29 54 29 42 10 23 0 0.00 M M 11.6 28 330 M M 6 37 340
30 55 17 36 4 29 0 0.00 M M 8.3 22 340 M M 1 28 340
31 46 25 36 3 29 0 T M M 6.7 23 340 M M 4 31 360
================================================================================
SM 1323 459 1117 0 0.06 M 226.5 M 87
================================================================================
AV 42.7 14.8 7.3 FASTST M M 3 MAX(MPH)
MISC ----> 32 350 43 340
================================================================================
NOTES:
# LAST OF SEVERAL OCCURRENCES
COLUMN 17 PEAK WIND IN M.P.H.
PRELIMINARY LOCAL CLIMATOLOGICAL DATA (WS FORM: F-6) , PAGE 2
STATION: BIG PINEY WY
MONTH: MARCH
YEAR: 2022
LATITUDE: 42 34 N
LONGITUDE: 110 6 W
[TEMPERATURE DATA] [PRECIPITATION DATA] SYMBOLS USED IN COLUMN 16
AVERAGE MONTHLY: 28.7 TOTAL FOR MONTH: 0.06 1 = FOG OR MIST
DPTR FM NORMAL: 1.8 DPTR FM NORMAL: -0.36 2 = FOG REDUCING VISIBILITY
HIGHEST: 67 ON 27 GRTST 24HR 0.03 ON 8- 9 TO 1/4 MILE OR LESS
LOWEST: -22 ON 10 3 = THUNDER
SNOW, ICE PELLETS, HAIL 4 = ICE PELLETS
TOTAL MONTH: M 5 = HAIL
GRTST 24HR M ON M 6 = FREEZING RAIN OR DRIZZLE
GRTST DEPTH: M ON M 7 = DUSTSTORM OR SANDSTORM:
VSBY 1/2 MILE OR LESS
8 = SMOKE OR HAZE
[NO. OF DAYS WITH] [WEATHER - DAYS WITH] 9 = BLOWING SNOW
X = TORNADO
MAX 32 OR BELOW: 7 0.01 INCH OR MORE: 3
MAX 90 OR ABOVE: 0 0.10 INCH OR MORE: 0
MIN 32 OR BELOW: 31 0.50 INCH OR MORE: 0
MIN 0 OR BELOW: 5 1.00 INCH OR MORE: 0
[HDD (BASE 65) ]
TOTAL THIS MO. 1117 CLEAR (SCALE 0-3) 22
DPTR FM NORMAL -64 PTCLDY (SCALE 4-7) 6
TOTAL FM JUL 1 7940 CLOUDY (SCALE 8-10) 3
DPTR FM NORMAL -670
[CDD (BASE 65) ]
TOTAL THIS MO. 0
DPTR FM NORMAL 0 [PRESSURE DATA]
TOTAL FM JAN 1 0 HIGHEST SLP 30.52 ON 11
DPTR FM NORMAL 0 LOWEST SLP 29.49 ON 29
[REMARKS]
#FINAL-03-22#