000
CXUS55 KDVN 011000
CF6BRL
PRELIMINARY LOCAL CLIMATOLOGICAL DATA (WS FORM: F-6)
STATION: BURLINGTON IA
MONTH: SEPTEMBER
YEAR: 2020
LATITUDE: 40 46 N
LONGITUDE: 91 7 W
TEMPERATURE IN F: :PCPN: SNOW: WIND :SUNSHINE: SKY :PK WND
================================================================================
1 2 3 4 5 6A 6B 7 8 9 10 11 12 13 14 15 16 17 18
12Z AVG MX 2MIN
DY MAX MIN AVG DEP HDD CDD WTR SNW DPTH SPD SPD DIR MIN PSBL S-S WX SPD DR
================================================================================
1 75 62 69 -4 0 4 0.56 M M 7.6 16 100 M M 9 13 24 50
2 89 65 77 5 0 12 0.00 M M 6.1 14 190 M M 3 1 21 180
3 87 60 74 2 0 9 0.00 M M 8.6 18 330 M M 1 29 330
4 84 50 67 -5 0 2 0.00 M M 3.7 13 220 M M 0 18 240
5 89 60 75 3 0 10 0.00 M M 5.0 10 270 M M 0 15 270
6 92 69 81 10 0 16 0.00 M M 12.5 29 190 M M 3 8 42 200
7 83 61 72 1 0 7 0.18 M M 10.8 28 30 M M 7 13 37 20
8 61 55 58 -12 7 0 0.43 M M 14.1 28 40 M M 10 13 38 50
9 62 55 59 -11 6 0 0.00 M M 10.0 18 30 M M 10 18 24 30
10 61 54 58 -12 7 0 0.31 M M 11.1 18 40 M M 10 1 24 50
11 74 60 67 -2 0 2 0.29 M M 7.1 13 140 M M 10 1 17 140
12 76 64 70 1 0 5 1.75 M M 5.9 16 130 M M 9 18 25 140
13 79 57 68 -1 0 3 0.00 M M 4.2 12 340 M M 2 1 17 350
14 83 56 70 2 0 5 0.00 M M 2.1 15 90 M M 0 1 12 120
15 82 57 70 2 0 5 0.00 M M 6.0 13 170 M M 0 20 190
16 86 56 71 4 0 6 0.00 M M 7.1 17 20 M M 0 12 25 20
17 78 56 67 0 0 2 0.00 M M 9.2 15 10 M M 0 20 10
18 72 51 62 -5 3 0 0.00 M M 7.3 13 40 M M 5 19 30
19 71 44 58 -8 7 0 0.00 M M 5.0 14 150 M M 0 19 140
20 75 50 63 -3 2 0 0.00 M M 6.9 15 180 M M 0 21 180
21 78 50 64 -1 1 0 0.00 M M 5.6 13 180 M M 0 8 19 180
22 81 54 68 3 0 3 0.00 M M 4.8 13 180 M M 0 1 17 170
23 83 55 69 5 0 4 0.00 M M 2.9 12 180 M M 1 1 15 140
24 82 57 70 6 0 5 0.00 M M 7.5 17 180 M M 1 1 24 170
25 84 58 71 7 0 6 0.00 M M 10.1 18 180 M M 0 18 26 180
26 85 63 74 11 0 9 0.00 M M 13.6 23 190 M M 0 31 190
27 76 53 65 2 0 0 0.59 M M 8.2 23 340 M M 6 1 34 340
28 68 50 59 -3 6 0 0.03 M M 7.8 23 330 M M 4 33 320
29 66 47 57 -5 8 0 0.00 M M 7.3 15 270 M M 6 21 260
30 71 50 61 0 4 0 T M M 8.9 28 340 M M 3 39 340
================================================================================
SM 2333 1679 51 115 4.14 M 227.0 M 100
================================================================================
AV 77.8 56.0 7.6 FASTST M M 3 MAX(MPH)
MISC ----> 29 190 42 200
================================================================================
NOTES:
# LAST OF SEVERAL OCCURRENCES
COLUMN 17 PEAK WIND IN M.P.H.
PRELIMINARY LOCAL CLIMATOLOGICAL DATA (WS FORM: F-6) , PAGE 2
STATION: BURLINGTON IA
MONTH: SEPTEMBER
YEAR: 2020
LATITUDE: 40 46 N
LONGITUDE: 91 7 W
[TEMPERATURE DATA] [PRECIPITATION DATA] SYMBOLS USED IN COLUMN 16
AVERAGE MONTHLY: 66.9 TOTAL FOR MONTH: 4.14 1 = FOG OR MIST
DPTR FM NORMAL: -0.5 DPTR FM NORMAL: 0.62 2 = FOG REDUCING VISIBILITY
HIGHEST: 92 ON 6 GRTST 24HR 1.89 ON 11-12 TO 1/4 MILE OR LESS
LOWEST: 44 ON 19 3 = THUNDER
SNOW, ICE PELLETS, HAIL 4 = ICE PELLETS
TOTAL MONTH: M 5 = HAIL
GRTST 24HR M ON M 6 = FREEZING RAIN OR DRIZZLE
GRTST DEPTH: M ON M 7 = DUSTSTORM OR SANDSTORM:
VSBY 1/2 MILE OR LESS
8 = SMOKE OR HAZE
[NO. OF DAYS WITH] [WEATHER - DAYS WITH] 9 = BLOWING SNOW
X = TORNADO
MAX 32 OR BELOW: 0 0.01 INCH OR MORE: 8
MAX 90 OR ABOVE: 1 0.10 INCH OR MORE: 7
MIN 32 OR BELOW: 0 0.50 INCH OR MORE: 3
MIN 0 OR BELOW: 0 1.00 INCH OR MORE: 1
[HDD (BASE 65) ]
TOTAL THIS MO. 51 CLEAR (SCALE 0-3) 19
DPTR FM NORMAL -16 PTCLDY (SCALE 4-7) 5
TOTAL FM JUL 1 51 CLOUDY (SCALE 8-10) 6
DPTR FM NORMAL -20
[CDD (BASE 65) ]
TOTAL THIS MO. 115
DPTR FM NORMAL -24 [PRESSURE DATA]
TOTAL FM JAN 1 1142 HIGHEST SLP 30.38 ON 20
DPTR FM NORMAL -40 LOWEST SLP 29.63 ON 26
[REMARKS]
#FINAL-09-20#