000
CXAK56 PAFG 012057
CF6BRW
PRELIMINARY LOCAL CLIMATOLOGICAL DATA (WS FORM: F-6)
STATION: UTQIAGVIK (BARROW) AK
MONTH: AUGUST
YEAR: 2021
LATITUDE: 71 17 N
LONGITUDE: 156 47 W
TEMPERATURE IN F: :PCPN: SNOW: WIND :SUNSHINE: SKY :PK WND
================================================================================
1 2 3 4 5 6A 6B 7 8 9 10 11 12 13 14 15 16 17 18
12Z AVG MX 2MIN
DY MAX MIN AVG DEP HDD CDD WTR SNW DPTH SPD SPD DIR MIN PSBL S-S WX SPD DR
================================================================================
1 54 43 49 7 16 0 0.00 M M 15.8 29 230 M M 8 8 35 230
2 47 41 44 3 21 0 0.00 M M 13.7 23 70 M M 9 18 26 70
3 52 43 48 7 17 0 0.00 M M 14.1 21 110 M M 8 128 26 110
4 59 42 51 10 14 0 0.00 M M 10.3 16 80 M M 4 12 19 80
5 50 37 44 3 21 0 0.01 M M 16.0 23 40 M M 10 128 28 40
6 41 35 38 -3 27 0 T M M 11.1 16 30 M M 10 18 21 40
7 41 34 38 -3 27 0 0.00 M M 8.7 14 300 M M 9 18 17 320
8 41 36 39 -2 26 0 0.01 M M 9.2 13 10 M M 10 18 16 10
9 40 35 38 -3 27 0 T M M 6.1 12 310 M M 10 18 14 300
10 38 35 37 -4 28 0 0.02 M M 9.5 16 290 M M 10 18 19 290
11 38 34 36 -5 29 0 0.05 M M 15.5 22 290 M M 10 18 25 280
12 39 34 37 -4 28 0 0.01 M M 13.1 23 290 M M 10 18 27 280
13 45 36 41 0 24 0 0.06 M M 10.5 21 200 M M 10 1 26 200
14 47 40 44 3 21 0 0.18 M M 19.0 28 220 M M 10 12 35 220
15 42 34 38 -3 27 0 0.01 M M 19.3 26 260 M M 9 18 35 250
16 38 34 36 -4 29 0 T M M 21.8 29 260 M M 9 18 36 260
17 36 33 35 -5 30 0 T M M 18.3 25 260 M M 10 18 32 260
18 38 33 36 -4 29 0 0.03 M M 17.8 24 270 M M 10 18 28 270
19 39 32 36 -4 29 0 0.00 M M 7.6 15 270 M M 10 12 18 260
20 53 31 42 2 23 0 0.00 M M 5.8 13 180 M M 2 12 15 180
21 48 34 41 1 24 0 0.06 M M 19.8 26 270 M M 9 18 35 280
22 37 34 36 -4 29 0 T M M 14.9 26 260 M M 10 18 34 260
23 36 32 34 -6 31 0 T M M 6.0 13 300 M M 10 18 14 310
24 34 29 32 -8 33 0 T M M 3.8 9 300 M M 10 128 11 310
25 42 26 34 -6 31 0 0.00 M M 10.3 17 230 M M 9 128 22 210
26 42 33 38 -2 27 0 0.07 M M 17.1 26 290 M M 9 18 32 290
27 43 32 38 -1 27 0 0.03 M M 19.7 35 220 M M 10 18 40 220
28 42 31 37 -2 28 0 0.28 M M 14.5 24 340 M M 10 1 32 210
29 39 33 36 -3 29 0 0.01 M M 9.2 18 240 M M 10 18 24 240
30 36 33 35 -4 30 0 T M M 5.7 12 310 M M 9 8 15 340
31 44 31 38 -1 27 0 T M M 9.7 17 110 M M 10 1 20 100
================================================================================
SM 1321 1070 809 0 0.83 M 393.9 M 284
================================================================================
AV 42.6 34.5 12.7 FASTST M M 9 MAX(MPH)
MISC ----> 35 220 40 220
================================================================================
NOTES:
# LAST OF SEVERAL OCCURRENCES
COLUMN 17 PEAK WIND IN M.P.H.
PRELIMINARY LOCAL CLIMATOLOGICAL DATA (WS FORM: F-6) , PAGE 2
STATION: UTQIAGVIK (BARROW) AK
MONTH: AUGUST
YEAR: 2021
LATITUDE: 71 17 N
LONGITUDE: 156 47 W
[TEMPERATURE DATA] [PRECIPITATION DATA] SYMBOLS USED IN COLUMN 16
AVERAGE MONTHLY: 38.6 TOTAL FOR MONTH: 0.83 1 = FOG OR MIST
DPTR FM NORMAL: -1.7 DPTR FM NORMAL: -0.26 2 = FOG REDUCING VISIBILITY
HIGHEST: 59 ON 4 GRTST 24HR 0.31 ON 27-28 TO 1/4 MILE OR LESS
LOWEST: 26 ON 25 3 = THUNDER
SNOW, ICE PELLETS, HAIL 4 = ICE PELLETS
TOTAL MONTH: M 5 = HAIL
GRTST 24HR M ON M 6 = FREEZING RAIN OR DRIZZLE
GRTST DEPTH: M ON M 7 = DUSTSTORM OR SANDSTORM:
VSBY 1/2 MILE OR LESS
8 = SMOKE OR HAZE
[NO. OF DAYS WITH] [WEATHER - DAYS WITH] 9 = BLOWING SNOW
X = TORNADO
MAX 32 OR BELOW: 0 0.01 INCH OR MORE: 14
MAX 90 OR ABOVE: 0 0.10 INCH OR MORE: 2
MIN 32 OR BELOW: 8 0.50 INCH OR MORE: 0
MIN 0 OR BELOW: 0 1.00 INCH OR MORE: 0
[HDD (BASE 65) ]
TOTAL THIS MO. 809 CLEAR (SCALE 0-3) 1
DPTR FM NORMAL 45 PTCLDY (SCALE 4-7) 2
TOTAL FM JUL 1 1524 CLOUDY (SCALE 8-10) 28
DPTR FM NORMAL 52
[CDD (BASE 65) ]
TOTAL THIS MO. 0
DPTR FM NORMAL 0 [PRESSURE DATA]
TOTAL FM JAN 1 0 HIGHEST SLP 30.20 ON 3
DPTR FM NORMAL 0 LOWEST SLP 29.22 ON 26
[REMARKS]
#FINAL-08-21#