000
CXUS56 KLOX 011255
CF6BUR
PRELIMINARY LOCAL CLIMATOLOGICAL DATA (WS FORM: F-6)
STATION: HOLLYWOOD/BURBANK AIRPORT CA
MONTH: JANUARY
YEAR: 2022
LATITUDE: 34 12 N
LONGITUDE: 118 22 W
TEMPERATURE IN F: :PCPN: SNOW: WIND :SUNSHINE: SKY :PK WND
================================================================================
1 2 3 4 5 6A 6B 7 8 9 10 11 12 13 14 15 16 17 18
12Z AVG MX 2MIN
DY MAX MIN AVG DEP HDD CDD WTR SNW DPTH SPD SPD DIR MIN PSBL S-S WX SPD DR
================================================================================
1 62 41 52 -4 13 0 0.00 M M 3.2 10 200 M M 0 8 13 200
2 65 38 52 -4 13 0 0.00 M M 3.0 9 320 M M 0 13 320
3 66 37 52 -4 13 0 0.00 M M 1.3 10 160 M M 0 8 12 130
4 65 39 52 -4 13 0 0.00 M M 2.6 9 160 M M 0 12 150
5 73 45 59 3 6 0 0.00 M M 3.3 14 110 M M 0 18 100
6 77 48 63 7 2 0 0.00 M M 1.6 9 180 M M 0 11 100
7 61 45 53 -3 12 0 0.00 M M 4.4 13 120 M M 3 8 20 150
8 64 48 56 0 9 0 0.00 M M 1.4 9 180 M M 2 8 11 150
9 76 42 59 3 6 0 0.00 M M 1.9 12 320 M M 0 20 310
10 74 49 62 6 3 0 0.00 M M 2.6 13 320 M M 0 20 280
11 79 48 64 8 1 0 0.00 M M 3.4 12 250 M M 0 14 250
12 79 47 63 7 2 0 0.00 M M 2.2 7 180 M M 0 9 350
13 72 57 65 9 0 0 0.00 M M 3.2 9 150 M M 3 10 250
14 79 50 65 9 0 0 0.00 M M 1.2 12 140 M M 0 15 120
15 71 57 64 8 1 0 T M M 2.4 18 260 M M 6 20 260
16 76 56 66 10 0 1 0.00 M M 3.7 10 220 M M 7 14 100
17 63 56 60 4 5 0 0.15 M M 2.0 10 140 M M 9 18 14 120
18 65 55 60 4 5 0 0.00 M M 3.0 10 170 M M 7 18 12 170
19 65 50 58 2 7 0 0.00 M M 2.5 8 140 M M 3 18 11 130
20 77 47 62 6 3 0 0.00 M M 3.1 9 160 M M 0 14 100
21 75 47 61 5 4 0 0.00 M M 8.1 35 30 M M 0 50 30
22 71 59 65 9 0 0 0.00 M M 16.2 36 30 M M 0 49 30
23 77 53 65 9 0 0 0.00 M M 6.3 17 40 M M 0 26 30
24 72 48 60 4 5 0 0.00 M M 3.8 10 170 M M 0 16 110
25 70 44 57 1 8 0 0.00 M M 2.0 10 160 M M 0 13 120
26 72 44 58 2 7 0 0.00 M M 1.9 8 340 M M 0 10 170
27 72 42 57 1 8 0 0.00 M M 2.5 10 160 M M 0 14 110
28 73 45 59 3 6 0 0.00 M M 3.0 12 330 M M 0 17 350
29 68 50 59 3 6 0 0.00 M M M M M M M M M M
30 73 43 58 2 7 0 0.00 M M 5.4 14 200 M M 0 17 200
31 65 44 55 -1 10 0 0.00 M M 2.2 10 140 M M 0 8 18 120
================================================================================
SM 2197 1474 175 1 0.15 M 103.4 M 40
================================================================================
AV 70.9 47.5 3.4 FASTST M M 1 MAX(MPH)
MISC ----> 36 30 50 30
================================================================================
NOTES:
# LAST OF SEVERAL OCCURRENCES
COLUMN 17 PEAK WIND IN M.P.H.
PRELIMINARY LOCAL CLIMATOLOGICAL DATA (WS FORM: F-6) , PAGE 2
STATION: HOLLYWOOD/BURBANK AIRPORT CA
MONTH: JANUARY
YEAR: 2022
LATITUDE: 34 12 N
LONGITUDE: 118 22 W
[TEMPERATURE DATA] [PRECIPITATION DATA] SYMBOLS USED IN COLUMN 16
AVERAGE MONTHLY: 59.2 TOTAL FOR MONTH: 0.15 1 = FOG OR MIST
DPTR FM NORMAL: 3.1 DPTR FM NORMAL: -2.82 2 = FOG REDUCING VISIBILITY
HIGHEST: 79 ON 14,12 GRTST 24HR 0.15 ON 17-17 TO 1/4 MILE OR LESS
LOWEST: 37 ON 3 3 = THUNDER
SNOW, ICE PELLETS, HAIL 4 = ICE PELLETS
TOTAL MONTH: M 5 = HAIL
GRTST 24HR M ON M 6 = FREEZING RAIN OR DRIZZLE
GRTST DEPTH: M ON M 7 = DUSTSTORM OR SANDSTORM:
VSBY 1/2 MILE OR LESS
8 = SMOKE OR HAZE
[NO. OF DAYS WITH] [WEATHER - DAYS WITH] 9 = BLOWING SNOW
X = TORNADO
MAX 32 OR BELOW: 0 0.01 INCH OR MORE: 1
MAX 90 OR ABOVE: 0 0.10 INCH OR MORE: 1
MIN 32 OR BELOW: 0 0.50 INCH OR MORE: 0
MIN 0 OR BELOW: 0 1.00 INCH OR MORE: 0
[HDD (BASE 65) ]
TOTAL THIS MO. 175 CLEAR (SCALE 0-3) 25
DPTR FM NORMAL -104 PTCLDY (SCALE 4-7) 4
TOTAL FM JUL 1 580 CLOUDY (SCALE 8-10) 2
DPTR FM NORMAL -200
[CDD (BASE 65) ]
TOTAL THIS MO. 1
DPTR FM NORMAL -4 [PRESSURE DATA]
TOTAL FM JAN 1 1 HIGHEST SLP 30.32 ON 10
DPTR FM NORMAL -4 LOWEST SLP 29.84 ON 1
[REMARKS]
#FINAL-01-22#