000
CXUS54 KLZK 011130
CF6BVX
PRELIMINARY LOCAL CLIMATOLOGICAL DATA (WS FORM: F-6)
STATION: BATESVILLE REGIONAL AIRPORT
MONTH: JUNE
YEAR: 2022
LATITUDE: 35 43 N
LONGITUDE: 91 39 W
TEMPERATURE IN F: :PCPN: SNOW: WIND :SUNSHINE: SKY :PK WND
================================================================================
1 2 3 4 5 6A 6B 7 8 9 10 11 12 13 14 15 16 17 18
12Z AVG MX 2MIN
DY MAX MIN AVG DEP HDD CDD WTR SNW DPTH SPD SPD DIR MIN PSBL S-S WX SPD DR
================================================================================
1 89 67 78 5 0 13 0.56 M M 4.8 29 230 M M 2 138 37 230
2 76 62 69 -4 0 4 0.01 M M 3.6 7 330 M M 5 12 M M
3 80 57 69 -4 0 4 0.00 M M 4.3 7 60 M M 0 M M
4 85 54 70 -4 0 5 T M M 2.6 9 120 M M 0 M M
5 85 57 71 -3 0 6 T M M 3.9 8 180 M M 0 8 M M
6 82 68 75 1 0 10 0.26 M M 4.4 13 210 M M 5 13 17 200
7 88 68 78 4 0 13 0.00 M M 3.0 10 180 M M 3 1 M M
8 80 67 74 -1 0 9 0.06 M M 4.9 12 280 M M 5 13 17 270
9 85 64 75 0 0 10 0.00 M M 2.2 6 80 M M 1 18 M M
10 81 64 73 -2 0 8 0.11 M M 4.3 18 150 M M 3 1 M M
11 87 64 76 0 0 11 0.00 M M 3.9 9 180 M M 1 8 M M
12 94 74 84 8 0 19 0.00 M M 6.6 10 200 M M 2 20 210
13 95 80 88 12 0 23 0.00 M M 9.0 15 220 M M 0 22 210
14 93 78 86 10 0 21 0.00 M M 7.6 12 230 M M 0 M M
15 93 75 84 7 0 19 0.00 M M 6.2 13 200 M M 0 17 190
16 97 77 87 10 0 22 0.00 M M 5.2 13 250 M M 0 M M
17 94 75 85 8 0 20 0.00 M M 2.2 6 230 M M 0 M M
18 94 74 84 7 0 19 0.00 M M 5.6 12 70 M M 0 8 M M
19 89 60 75 -3 0 10 0.00 M M 4.2 9 70 M M 0 8 M M
20 93 58 76 -2 0 11 0.00 M M 3.1 8 130 M M 0 8 M M
21 97 66 82 4 0 17 0.00 M M 1.8 8 130 M M 0 8 M M
22 98 71 85 7 0 20 0.00 M M 3.3 8 20 M M 0 M M
23 95 72 84 6 0 19 0.00 M M 2.7 6 99 M M 0 M M
24 96 69 83 4 0 18 0.00 M M 4.2 8 30 M M 1 8 M M
25 100 69 85 6 0 20 0.00 M M 3.8 9 250 M M 0 M M
26 94 75 85 6 0 20 0.00 M M 5.5 13 300 M M 2 18 300
27 87 65 76 -3 0 11 0.00 M M 6.1 12 30 M M 1 M M
28 86 56 71 -8 0 6 0.00 M M 4.3 13 100 M M 0 17 100
29 91 55 73 -6 0 8 0.00 M M 5.0 15 70 M M 0 8 18 100
30 94 61 78 -2 0 13 0.00 M M 3.7 13 70 M M 2 M M
================================================================================
SM 2698 2002 0 409 1.00 M 131.8 M 33
================================================================================
AV 89.9 66.7 4.4 FASTST M M 1 MAX(MPH)
MISC ----> 29 230 37 230
================================================================================
NOTES:
# LAST OF SEVERAL OCCURRENCES
COLUMN 17 PEAK WIND IN M.P.H.
PRELIMINARY LOCAL CLIMATOLOGICAL DATA (WS FORM: F-6) , PAGE 2
STATION: BATESVILLE REGIONAL AIRPORT
MONTH: JUNE
YEAR: 2022
LATITUDE: 35 43 N
LONGITUDE: 91 39 W
[TEMPERATURE DATA] [PRECIPITATION DATA] SYMBOLS USED IN COLUMN 16
AVERAGE MONTHLY: 78.3 TOTAL FOR MONTH: 1.00 1 = FOG OR MIST
DPTR FM NORMAL: 1.7 DPTR FM NORMAL: -2.55 2 = FOG REDUCING VISIBILITY
HIGHEST: 100 ON 25 GRTST 24HR 0.57 ON 1- 2 TO 1/4 MILE OR LESS
LOWEST: 54 ON 4 3 = THUNDER
SNOW, ICE PELLETS, HAIL 4 = ICE PELLETS
TOTAL MONTH: M 5 = HAIL
GRTST 24HR M ON M 6 = FREEZING RAIN OR DRIZZLE
GRTST DEPTH: M ON M 7 = DUSTSTORM OR SANDSTORM:
VSBY 1/2 MILE OR LESS
8 = SMOKE OR HAZE
[NO. OF DAYS WITH] [WEATHER - DAYS WITH] 9 = BLOWING SNOW
X = TORNADO
MAX 32 OR BELOW: 0 0.01 INCH OR MORE: 5
MAX 90 OR ABOVE: 16 0.10 INCH OR MORE: 3
MIN 32 OR BELOW: 0 0.50 INCH OR MORE: 1
MIN 0 OR BELOW: 0 1.00 INCH OR MORE: 0
[HDD (BASE 65) ]
TOTAL THIS MO. 0 CLEAR (SCALE 0-3) 27
DPTR FM NORMAL -2 PTCLDY (SCALE 4-7) 3
TOTAL FM JUL 1 3071 CLOUDY (SCALE 8-10) 0
DPTR FM NORMAL -717
[CDD (BASE 65) ]
TOTAL THIS MO. 409
DPTR FM NORMAL 61 [PRESSURE DATA]
TOTAL FM JAN 1 660 HIGHEST SLP 30.28 ON 27
DPTR FM NORMAL 129 LOWEST SLP 29.69 ON 6
[REMARKS]
#FINAL-06-22#