000
CXUS55 KCAE 011400
CF6CAE
PRELIMINARY LOCAL CLIMATOLOGICAL DATA (WS FORM: F-6)
STATION: COLUMBIA METRO AIRPORT SC
MONTH: APRIL
YEAR: 2020
LATITUDE: 33 57 N
LONGITUDE: 81 7 W
TEMPERATURE IN F: :PCPN: SNOW: WIND :SUNSHINE: SKY :PK WND
================================================================================
1 2 3 4 5 6A 6B 7 8 9 10 11 12 13 14 15 16 17 18
12Z AVG MX 2MIN
DY MAX MIN AVG DEP HDD CDD WTR SNW DPTH SPD SPD DIR MIN PSBL S-S WX SPD DR
================================================================================
1 64 47 56 -4 9 0 0.00 0.0 0 6.7 15 350 M M 6 20 360
2 68 41 55 -5 10 0 0.00 0.0 0 5.8 18 280 M M 3 28 290
3 77 39 58 -2 7 0 0.00 0.0 0 4.7 15 270 M M 1 19 270
4 79 50 65 5 0 0 0.00 0.0 0 3.0 12 30 M M 5 15 70
5 80 52 66 5 0 1 0.00 0.0 0 4.1 12 190 M M 4 19 210
6 85 55 70 9 0 5 0.00 0.0 0 6.1 17 230 M M 2 23 250
7 86 63 75 14 0 10 0.00 0.0 0 10.8 21 250 M M 7 26 240
8 86 61 74 13 0 9 0.00 0.0 0 8.9 21 270 M M 5 27 290
9 87 67 77 15 0 12 0.00 0.0 0 15.4 32 270 M M 4 8 40 280
10 68 40 54 -8 11 0 0.00 0.0 0 8.3 28 310 M M 3 35 300
11 73 35 54 -8 11 0 0.00 0.0 0 4.9 14 180 M M 2 18 220
12 75 50 63 1 2 0 0.69 0.0 0 10.3 23 160 M M 7 13 32 160
13 81 59 70 7 0 5 0.66 0.0 0 13.8 35 210 M M 5 13 52 210
14 83 53 68 5 0 3 0.00 0.0 0 4.6 17 210 M M 1 23 210
15 67 50 59 -4 6 0 0.00 0.0 0 8.2 20 20 M M 6 25 20
16 69 42 56 -7 9 0 0.00 0.0 0 3.6 17 290 M M 1 20 270
17 75 42 59 -5 6 0 0.00 0.0 0 6.3 22 200 M M 2 26 210
18 78 52 65 1 0 0 T 0.0 0 8.7 28 260 M M 5 35 280
19 61 45 53 -11 12 0 0.30 0.0 0 2.2 7 110 M M 7 1 M M
20 70 54 62 -2 3 0 0.45 0.0 0 5.9 15 310 M M 7 1 22 10
21 80 49 65 0 0 0 0.00 0.0 0 11.7 25 270 M M 2 32 280
22 74 47 61 -4 4 0 T 0.0 0 4.8 13 280 M M 3 18 300
23 69 56 63 -2 2 0 0.23 0.0 0 9.2 36 180 M M 9 1 51 180
24 80 61 71 5 0 6 0.00 0.0 0 8.7 18 280 M M 6 25 270
25 82 53 68 2 0 3 0.00 0.0 0 6.0 20 190 M M 4 24 140
26 76 54 65 -1 0 0 0.00 0.0 0 15.8 31 280 M M 3 42 280
27 74 47 61 -5 4 0 0.00 0.0 0 7.0 18 290 M M 1 24 280
28 81 45 63 -4 2 0 0.00 0.0 0 5.7 17 270 M M 1 21 280
29 83 60 72 5 0 7 0.03 0.0 0 16.4 29 170 M M 4 38 160
30 73 55 64 -3 1 0 0.62 0.0 0 10.1 32 290 M M 8 1 47 290
================================================================================
SM 2284 1524 99 61 2.98 0.0 237.7 M 124
================================================================================
AV 76.1 50.8 7.9 FASTST M M 4 MAX(MPH)
MISC ----> # 36 180 # 52 210
================================================================================
NOTES:
# LAST OF SEVERAL OCCURRENCES
COLUMN 17 PEAK WIND IN M.P.H.
PRELIMINARY LOCAL CLIMATOLOGICAL DATA (WS FORM: F-6) , PAGE 2
STATION: COLUMBIA METRO AIRPORT SC
MONTH: APRIL
YEAR: 2020
LATITUDE: 33 57 N
LONGITUDE: 81 7 W
[TEMPERATURE DATA] [PRECIPITATION DATA] SYMBOLS USED IN COLUMN 16
AVERAGE MONTHLY: 63.5 TOTAL FOR MONTH: 2.98 1 = FOG OR MIST
DPTR FM NORMAL: 0.1 DPTR FM NORMAL: 0.36 2 = FOG REDUCING VISIBILITY
HIGHEST: 87 ON 9 GRTST 24HR 0.69 ON 12-12 TO 1/4 MILE OR LESS
LOWEST: 35 ON 11 3 = THUNDER
SNOW, ICE PELLETS, HAIL 4 = ICE PELLETS
TOTAL MONTH: 0.0 INCH 5 = HAIL
GRTST 24HR 0.0 6 = FREEZING RAIN OR DRIZZLE
GRTST DEPTH: 0 7 = DUSTSTORM OR SANDSTORM:
VSBY 1/2 MILE OR LESS
8 = SMOKE OR HAZE
[NO. OF DAYS WITH] [WEATHER - DAYS WITH] 9 = BLOWING SNOW
X = TORNADO
MAX 32 OR BELOW: 0 0.01 INCH OR MORE: 7
MAX 90 OR ABOVE: 0 0.10 INCH OR MORE: 6
MIN 32 OR BELOW: 0 0.50 INCH OR MORE: 3
MIN 0 OR BELOW: 0 1.00 INCH OR MORE: 0
[HDD (BASE 65) ]
TOTAL THIS MO. 99 CLEAR (SCALE 0-3) 13
DPTR FM NORMAL -23 PTCLDY (SCALE 4-7) 15
TOTAL FM JUL 1 1966 CLOUDY (SCALE 8-10) 2
DPTR FM NORMAL -565
[CDD (BASE 65) ]
TOTAL THIS MO. 61
DPTR FM NORMAL -12 [PRESSURE DATA]
TOTAL FM JAN 1 164 HIGHEST SLP 30.30 ON 17
DPTR FM NORMAL 69 LOWEST SLP 29.48 ON 20
[REMARKS]
#FINAL-04-20#