000
CXUS51 KCAR 010700
CF6CAR
PRELIMINARY LOCAL CLIMATOLOGICAL DATA (WS FORM: F-6)
STATION: CARIBOU ME
MONTH: FEBRUARY
YEAR: 2023
LATITUDE: 46 52 N
LONGITUDE: 68 1 W
TEMPERATURE IN F: :PCPN: SNOW: WIND :SUNSHINE: SKY :PK WND
================================================================================
1 2 3 4 5 6A 6B 7 8 9 10 11 12 13 14 15 16 17 18
12Z AVG MX 2MIN
DY MAX MIN AVG DEP HDD CDD WTR SNW DPTH SPD SPD DIR MIN PSBL S-S WX SPD DR
================================================================================
1 13 -22 -4 -15 69 0 0.00 0.0 25 2.9 8 180 M M 2 13 180
2 23 -2 11 0 54 0 T T 24 7.6 16 180 M M 8 26 190
3 24 -21 2 -9 63 0 0.02 0.3 23 16.0 26 240 M M 8 9 39 310
4 -2 -21 -11 -22 76 0 T T 22 12.5 30 310 M M 4 9 50 300
5 16 -10 3 -9 62 0 0.09 2.2 21 7.2 13 160 M M 10 1 19 170
6 22 3 13 1 52 0 T 0.1 23 6.8 18 340 M M 4 25 340
7 21 -7 7 -5 58 0 0.01 T 22 6.1 22 150 M M 1 33 130
8 37 15 26 14 39 0 T 0.1 21 8.8 18 340 M M 7 18 29 320
9 25 4 15 3 50 0 0.09 1.1 20 4.7 9 80 M M 3 18 16 100
10 28 18 23 10 42 0 0.55 6.3 24 8.1 20 300 M M 9 12 32 290
11 19 10 15 2 50 0 T T 24 8.3 7 150 M M 4 11 200
12 36 18 27 14 38 0 T T 24 7.0 17 250 M M 8 25 240
13 31 22 27 13 38 0 0.00 0.0 23 6.5 12 80 M M 10 17 70
14 30 13 22 8 43 0 0.05 0.5 23 5.4 13 330 M M 6 1 20 320
15 40 5 23 9 42 0 0.04 T 23 5.9 17 180 M M 4 27 180
16 47 25 36 22 29 0 T 0.0 20 10.2 22 260 M M 7 37 260
17 25 1 13 -2 52 0 1.09 14.0 18 11.6 21 360 M M 9 12 32 360
18 20 -7 7 -8 58 0 0.00 0.0 23 5.4 15 250 M M 4 22 260
19 34 10 22 7 43 0 0.00 0.0 22 6.7 20 170 M M 3 8 31 180
20 43 17 30 14 35 0 T T 21 8.9 24 330 M M 8 33 320
21 21 0 11 -5 54 0 T T 20 4.6 22 340 M M 2 28 330
22 23 2 13 -3 52 0 0.02 0.2 20 9.7 18 300 M M 4 29 280
23 11 -1 5 -12 60 0 0.07 0.7 19 5.3 13 360 M M 4 16 360
24 10 -2 4 -13 61 0 0.08 1.4 21 10.1 20 360 M M 4 26 340
25 11 -13 -1 -19 66 0 0.00 0.0 21 3.8 14 320 M M 2 22 330
26 14 -16 -1 -19 66 0 T T 21 1.9 7 360 M M 3 10 70
27 21 -9 6 -12 59 0 T T 20 0.9 5 10 M M 1 1 7 330
28 24 -6 9 -10 56 0 0.06 1.2 20 5.8 17 160 M M 4 1 23 170
================================================================================
SM 667 26 1467 0 2.17 28.1 198.7 M 143
================================================================================
AV 23.8 0.9 7.1 FASTST M M 5 MAX(MPH)
MISC ----> 30 310 50 300
================================================================================
NOTES:
# LAST OF SEVERAL OCCURRENCES
COLUMN 17 PEAK WIND IN M.P.H.
PRELIMINARY LOCAL CLIMATOLOGICAL DATA (WS FORM: F-6) , PAGE 2
STATION: CARIBOU ME
MONTH: FEBRUARY
YEAR: 2023
LATITUDE: 46 52 N
LONGITUDE: 68 1 W
[TEMPERATURE DATA] [PRECIPITATION DATA] SYMBOLS USED IN COLUMN 16
AVERAGE MONTHLY: 12.4 TOTAL FOR MONTH: 2.17 1 = FOG OR MIST
DPTR FM NORMAL: -1.8 DPTR FM NORMAL: -0.25 2 = FOG REDUCING VISIBILITY
HIGHEST: 47 ON 16 GRTST 24HR 1.09 ON 17-17 TO 1/4 MILE OR LESS
LOWEST: -22 ON 1 3 = THUNDER
SNOW, ICE PELLETS, HAIL 4 = ICE PELLETS
TOTAL MONTH: 28.2 INCHES 5 = HAIL
GRTST 24HR 14.0 ON 17-17 6 = FREEZING RAIN OR DRIZZLE
GRTST DEPTH: 26 ON M 7 = DUSTSTORM OR SANDSTORM:
VSBY 1/2 MILE OR LESS
8 = SMOKE OR HAZE
[NO. OF DAYS WITH] [WEATHER - DAYS WITH] 9 = BLOWING SNOW
X = TORNADO
MAX 32 OR BELOW: 22 0.01 INCH OR MORE: 12
MAX 90 OR ABOVE: 0 0.10 INCH OR MORE: 2
MIN 32 OR BELOW: 28 0.50 INCH OR MORE: 2
MIN 0 OR BELOW: 14 1.00 INCH OR MORE: 1
[HDD (BASE 65) ]
TOTAL THIS MO. 1467 CLEAR (SCALE 0-3) 8
DPTR FM NORMAL 46 PTCLDY (SCALE 4-7) 14
TOTAL FM JUL 1 5778 CLOUDY (SCALE 8-10) 6
DPTR FM NORMAL -684
[CDD (BASE 65) ]
TOTAL THIS MO. 0
DPTR FM NORMAL 0 [PRESSURE DATA]
TOTAL FM JAN 1 0 HIGHEST SLP 30.46 ON 25
DPTR FM NORMAL 0 LOWEST SLP 29.44 ON 20
[REMARKS]
#FINAL-02-23#