000
CXUS51 KCAR 010700
CF6CAR
PRELIMINARY LOCAL CLIMATOLOGICAL DATA (WS FORM: F-6)
STATION: CARIBOU ME
MONTH: JUNE
YEAR: 2022
LATITUDE: 46 52 N
LONGITUDE: 68 1 W
TEMPERATURE IN F: :PCPN: SNOW: WIND :SUNSHINE: SKY :PK WND
================================================================================
1 2 3 4 5 6A 6B 7 8 9 10 11 12 13 14 15 16 17 18
12Z AVG MX 2MIN
DY MAX MIN AVG DEP HDD CDD WTR SNW DPTH SPD SPD DIR MIN PSBL S-S WX SPD DR
================================================================================
1 67 38 53 -4 12 0 0.00 0.0 0 6.5 16 340 M M 0 22 310
2 72 42 57 -1 8 0 0.00 0.0 0 4.3 13 360 M M 0 18 330
3 68 44 56 -2 9 0 0.04 0.0 0 5.4 18 220 M M 4 24 210
4 66 50 58 0 7 0 0.66 0.0 0 5.7 12 110 M M 9 13 17 110
5 60 50 55 -3 10 0 0.27 0.0 0 5.5 15 250 M M 9 1 25 250
6 68 47 58 -1 7 0 0.00 0.0 0 4.8 13 10 M M 6 17 10
7 75 44 60 1 5 0 0.00 0.0 0 7.0 20 170 M M 2 1 31 160
8 60 56 58 -1 7 0 0.35 0.0 0 9.4 18 170 M M 8 1 28 170
9 63 57 60 0 5 0 1.16 0.0 0 4.7 12 150 M M 10 12 17 100
10 67 54 61 1 4 0 0.05 0.0 0 11.4 23 250 M M 7 1 32 240
11 76 52 64 4 1 0 0.00 0.0 0 6.3 15 240 M M 1 21 250
12 78 50 64 4 1 0 0.03 0.0 0 4.5 16 240 M M 2 28 230
13 65 54 60 -1 5 0 0.38 0.0 0 5.8 14 150 M M 7 123 18 150
14 66 54 60 -1 5 0 0.32 0.0 0 7.5 18 10 M M 7 12 25 10
15 78 49 64 3 1 0 0.00 0.0 0 3.3 9 170 M M 3 12 11 170
16 77 53 65 3 0 0 T 0.0 0 10.0 21 180 M M 4 33 200
17 69 55 62 0 3 0 0.22 0.0 0 7.6 16 160 M M 9 123 22 170
18 62 47 55 -7 10 0 0.21 0.0 0 8.2 20 340 M M 10 12 31 340
19 49 44 47 -15 18 0 0.62 0.0 0 11.0 20 360 M M 10 1 26 360
20 59 43 51 -12 14 0 0.02 0.0 0 9.0 20 30 M M 6 27 40
21 68 38 53 -10 12 0 0.00 0.0 0 3.6 14 160 M M 0 20 170
22 72 50 61 -2 4 0 0.00 0.0 0 11.4 21 170 M M 0 26 160
23 74 48 61 -2 4 0 0.00 0.0 0 8.6 20 180 M M 4 28 200
24 78 58 68 4 0 3 T 0.0 0 4.0 10 140 M M 3 15 110
25 82 55 69 5 0 4 0.00 0.0 0 5.8 15 330 M M 1 23 330
26 85 51 68 4 0 3 0.00 0.0 0 6.8 15 180 M M 0 24 180
27 73 58 66 2 0 1 0.21 0.0 0 9.2 20 170 M M 4 1 27 160
28 74 51 63 -2 2 0 0.00 0.0 0 4.4 12 250 M M 2 19 240
29 78 47 63 -2 2 0 0.06 0.0 0 5.9 20 10 M M 3 1 29 300
30 73 50 62 -3 3 0 0.05 0.0 0 5.6 14 340 M M 5 28 10
================================================================================
SM 2102 1489 159 11 4.65 0.0 203.2 M 136
================================================================================
AV 70.1 49.6 6.8 FASTST M M 5 MAX(MPH)
MISC ----> 23 250 33 200
================================================================================
NOTES:
# LAST OF SEVERAL OCCURRENCES
COLUMN 17 PEAK WIND IN M.P.H.
PRELIMINARY LOCAL CLIMATOLOGICAL DATA (WS FORM: F-6) , PAGE 2
STATION: CARIBOU ME
MONTH: JUNE
YEAR: 2022
LATITUDE: 46 52 N
LONGITUDE: 68 1 W
[TEMPERATURE DATA] [PRECIPITATION DATA] SYMBOLS USED IN COLUMN 16
AVERAGE MONTHLY: 59.9 TOTAL FOR MONTH: 4.65 1 = FOG OR MIST
DPTR FM NORMAL: -1.6 DPTR FM NORMAL: 0.76 2 = FOG REDUCING VISIBILITY
HIGHEST: 85 ON 26 GRTST 24HR 1.18 ON 9-10 TO 1/4 MILE OR LESS
LOWEST: 38 ON 21, 1 3 = THUNDER
SNOW, ICE PELLETS, HAIL 4 = ICE PELLETS
TOTAL MONTH: 0.0 INCH 5 = HAIL
GRTST 24HR 0.0 6 = FREEZING RAIN OR DRIZZLE
GRTST DEPTH: 0 7 = DUSTSTORM OR SANDSTORM:
VSBY 1/2 MILE OR LESS
8 = SMOKE OR HAZE
[NO. OF DAYS WITH] [WEATHER - DAYS WITH] 9 = BLOWING SNOW
X = TORNADO
MAX 32 OR BELOW: 0 0.01 INCH OR MORE: 16
MAX 90 OR ABOVE: 0 0.10 INCH OR MORE: 10
MIN 32 OR BELOW: 0 0.50 INCH OR MORE: 3
MIN 0 OR BELOW: 0 1.00 INCH OR MORE: 1
[HDD (BASE 65) ]
TOTAL THIS MO. 159 CLEAR (SCALE 0-3) 12
DPTR FM NORMAL 11 PTCLDY (SCALE 4-7) 12
TOTAL FM JUL 1 8720 CLOUDY (SCALE 8-10) 6
DPTR FM NORMAL -328
[CDD (BASE 65) ]
TOTAL THIS MO. 11
DPTR FM NORMAL -27 [PRESSURE DATA]
TOTAL FM JAN 1 27 HIGHEST SLP 30.20 ON 21
DPTR FM NORMAL -17 LOWEST SLP 29.36 ON 18
[REMARKS]
#FINAL-06-22#