000
CXUS51 KCAR 010700
CF6CAR
PRELIMINARY LOCAL CLIMATOLOGICAL DATA (WS FORM: F-6)
STATION: CARIBOU ME
MONTH: JANUARY
YEAR: 2024
LATITUDE: 46 52 N
LONGITUDE: 68 1 W
TEMPERATURE IN F: :PCPN: SNOW: WIND :SUNSHINE: SKY :PK WND
================================================================================
1 2 3 4 5 6A 6B 7 8 9 10 11 12 13 14 15 16 17 18
12Z AVG MX 2MIN
DY MAX MIN AVG DEP HDD CDD WTR SNW DPTH SPD SPD DIR MIN PSBL S-S WX SPD DR
================================================================================
1 20 14 17 3 48 0 T 0.2 3 5.4 13 330 M M 9 21 330
2 27 13 20 6 45 0 T T 3 6.7 13 240 M M 6 19 240
3 34 25 30 16 35 0 T T 3 4.4 9 230 M M 10 14 230
4 32 13 23 9 42 0 0.09 2.3 3 7.9 25 320 M M 10 128 37 330
5 15 8 12 -1 53 0 T T 3 8.8 22 330 M M 7 9 37 320
6 14 1 8 -5 57 0 T T 3 4.5 12 310 M M 1 15 300
7 17 1 9 -4 56 0 T T 3 5.4 12 20 M M 6 15 360
8 25 12 19 6 46 0 T T 3 7.1 15 300 M M 5 27 310
9 20 3 12 0 53 0 0.00 0.0 3 4.2 14 300 M M 2 18 21 300
10 41 18 30 18 35 0 0.72 8.3 8 12.9 29 130 M M 10 12 49 110
11 37 20 29 17 36 0 T T 4 9.8 18 230 M M 9 27 250
12 25 5 15 3 50 0 T T 4 5.4 15 300 M M 3 22 300
13 39 5 22 10 43 0 0.47 2.3 4 10.9 22 90 M M 7 126 36 100
14 32 19 26 14 39 0 0.12 1.5 5 8.5 23 250 M M 8 12 39 250
15 23 8 16 5 49 0 T T 6 7.1 16 250 M M 5 28 250
16 22 4 13 2 52 0 0.62 9.0 5 4.4 17 360 M M 8 1 22 360
17 21 11 16 5 49 0 0.05 1.1 12 11.4 21 300 M M 7 1 32 320
18 18 4 11 0 54 0 T T 9 10.1 20 250 M M 2 32 240
19 16 -2 7 -4 58 0 T T 8 9.0 18 250 M M 2 26 250
20 19 8 14 3 51 0 0.01 0.6 8 7.6 13 330 M M 9 19 330
21 16 1 9 -2 56 0 T 0.2 8 8.4 18 330 M M 7 1 25 300
22 29 -1 14 3 51 0 T T 8 8.6 18 250 M M 7 27 250
23 29 -1 14 4 51 0 T T 8 10.3 24 340 M M 4 1 43 340
24 20 -9 6 -4 59 0 T T 8 4.1 10 180 M M 5 1 15 180
25 34 15 25 15 40 0 0.03 0.5 8 4.6 16 360 M M 7 1 21 360
26 26 10 18 8 47 0 0.14 1.5 7 3.6 9 170 M M 9 1 13 180
27 29 23 26 16 39 0 T T 9 3.0 7 10 M M 10 9 20
28 33 29 31 20 34 0 T T 9 3.6 9 10 M M 10 13 290
29 30 1 16 5 49 0 T T 8 10.5 17 10 M M 9 28 50
30 17 -7 5 -6 60 0 0.00 0.0 8 2.3 9 340 M M 0 12 340
31 29 -12 9 -2 56 0 T T 8 3.1 8 230 M M 7 11 230
================================================================================
SM 789 239 1493 0 2.25 27.5 213.6 M 201
================================================================================
AV 25.5 7.7 6.9 FASTST M M 6 MAX(MPH)
MISC ----> 29 130 49 110
================================================================================
NOTES:
# LAST OF SEVERAL OCCURRENCES
COLUMN 17 PEAK WIND IN M.P.H.
PRELIMINARY LOCAL CLIMATOLOGICAL DATA (WS FORM: F-6) , PAGE 2
STATION: CARIBOU ME
MONTH: JANUARY
YEAR: 2024
LATITUDE: 46 52 N
LONGITUDE: 68 1 W
[TEMPERATURE DATA] [PRECIPITATION DATA] SYMBOLS USED IN COLUMN 16
AVERAGE MONTHLY: 16.6 TOTAL FOR MONTH: 2.25 1 = FOG OR MIST
DPTR FM NORMAL: 4.9 DPTR FM NORMAL: -0.70 2 = FOG REDUCING VISIBILITY
HIGHEST: 41 ON 10 GRTST 24HR 0.72 ON 10-10 TO 1/4 MILE OR LESS
LOWEST: -12 ON 31 3 = THUNDER
SNOW, ICE PELLETS, HAIL 4 = ICE PELLETS
TOTAL MONTH: 27.6 INCHES 5 = HAIL
GRTST 24HR 9.0 ON 16-16 6 = FREEZING RAIN OR DRIZZLE
GRTST DEPTH: 12 ON 17 7 = DUSTSTORM OR SANDSTORM:
VSBY 1/2 MILE OR LESS
8 = SMOKE OR HAZE
[NO. OF DAYS WITH] [WEATHER - DAYS WITH] 9 = BLOWING SNOW
X = TORNADO
MAX 32 OR BELOW: 25 0.01 INCH OR MORE: 9
MAX 90 OR ABOVE: 0 0.10 INCH OR MORE: 5
MIN 32 OR BELOW: 31 0.50 INCH OR MORE: 2
MIN 0 OR BELOW: 6 1.00 INCH OR MORE: 0
[HDD (BASE 65) ]
TOTAL THIS MO. 1493 CLEAR (SCALE 0-3) 5
DPTR FM NORMAL -159 PTCLDY (SCALE 4-7) 16
TOTAL FM JUL 1 4337 CLOUDY (SCALE 8-10) 10
DPTR FM NORMAL -698
[CDD (BASE 65) ]
TOTAL THIS MO. 0
DPTR FM NORMAL 0 [PRESSURE DATA]
TOTAL FM JAN 1 0 HIGHEST SLP 30.70 ON 24
DPTR FM NORMAL 0 LOWEST SLP 28.94 ON 10
[REMARKS]
#FINAL-01-24#