000
CXUS51 KCAR 010600
CF6CAR
PRELIMINARY LOCAL CLIMATOLOGICAL DATA (WS FORM: F-6)
STATION: CARIBOU ME
MONTH: APRIL
YEAR: 2021
LATITUDE: 46 52 N
LONGITUDE: 68 1 W
TEMPERATURE IN F: :PCPN: SNOW: WIND :SUNSHINE: SKY :PK WND
================================================================================
1 2 3 4 5 6A 6B 7 8 9 10 11 12 13 14 15 16 17 18
12Z AVG MX 2MIN
DY MAX MIN AVG DEP HDD CDD WTR SNW DPTH SPD SPD DIR MIN PSBL S-S WX SPD DR
================================================================================
1 49 25 37 5 28 0 0.88 T T 13.1 24 330 M M 10 1 35 330
2 29 22 26 -6 39 0 T T T 9.1 20 330 M M 9 28 320
3 39 16 28 -4 37 0 T T T 5.4 13 330 M M 2 18 320
4 40 21 31 -2 34 0 0.44 5.4 T 13.0 31 360 M M 4 12 36 360
5 47 34 41 8 24 0 0.23 0.1 4 12.4 21 360 M M 10 1 27 20
6 53 37 45 11 20 0 0.01 0.0 T 9.3 15 360 M M 10 1 19 20
7 61 44 53 19 12 0 0.00 0.0 T 8.7 17 40 M M 10 25 40
8 64 41 53 18 12 0 0.00 0.0 0 6.4 13 20 M M 5 17 30
9 69 36 53 18 12 0 0.00 0.0 0 3.8 12 10 M M 6 12 15 20
10 61 37 49 13 16 0 0.00 0.0 0 6.5 16 30 M M 4 23 40
11 57 28 43 7 22 0 T 0.0 0 8.2 17 20 M M 4 24 350
12 54 41 48 11 17 0 0.00 0.0 0 11.8 22 70 M M 9 30 50
13 58 35 47 9 18 0 0.00 0.0 0 8.1 16 10 M M 2 21 20
14 61 30 46 8 19 0 0.00 0.0 0 4.5 13 40 M M 0 17 10
15 65 33 49 11 16 0 0.00 0.0 0 6.8 16 110 M M 0 23 110
16 53 29 41 2 24 0 0.00 0.0 0 12.3 22 80 M M 4 29 110
17 44 34 39 -1 26 0 T T 0 12.1 18 40 M M 10 8 24 60
18 50 35 43 3 22 0 T 0.0 0 9.3 16 340 M M 8 22 340
19 64 30 47 7 18 0 0.00 0.0 0 5.3 17 320 M M 3 24 310
20 63 33 48 7 17 0 0.05 0.0 0 6.6 20 240 M M 3 28 240
21 41 34 38 -3 27 0 0.70 0.2 0 7.3 15 10 M M 8 1 22 210
22 35 28 32 -10 33 0 0.41 3.2 1 13.8 23 250 M M 10 14 34 250
23 50 28 39 -3 26 0 T T 3 11.1 21 290 M M 7 32 240
24 62 34 48 5 17 0 0.00 0.0 0 7.5 22 310 M M 1 30 300
25 64 31 48 5 17 0 0.09 0.0 0 4.6 17 230 M M 6 23 230
26 46 36 41 -3 24 0 0.20 T 0 11.2 24 310 M M 10 1 35 320
27 54 37 46 2 19 0 T 0.0 0 13.2 24 340 M M 8 35 300
28 66 30 48 3 17 0 0.00 0.0 0 6.6 18 310 M M 1 25 310
29 67 36 52 7 13 0 0.00 0.0 0 5.4 10 80 M M 0 16 350
30 50 41 46 0 19 0 0.49 0.0 0 9.1 18 10 M M 9 1 25 10
================================================================================
SM 1616 976 645 0 3.50 8.9 262.5 M 173
================================================================================
AV 53.9 32.5 8.8 FASTST M M 6 MAX(MPH)
MISC ----> 31 360 36 360
================================================================================
NOTES:
# LAST OF SEVERAL OCCURRENCES
COLUMN 17 PEAK WIND IN M.P.H.
PRELIMINARY LOCAL CLIMATOLOGICAL DATA (WS FORM: F-6) , PAGE 2
STATION: CARIBOU ME
MONTH: APRIL
YEAR: 2021
LATITUDE: 46 52 N
LONGITUDE: 68 1 W
[TEMPERATURE DATA] [PRECIPITATION DATA] SYMBOLS USED IN COLUMN 16
AVERAGE MONTHLY: 43.2 TOTAL FOR MONTH: 3.50 1 = FOG OR MIST
DPTR FM NORMAL: 4.6 DPTR FM NORMAL: 0.84 2 = FOG REDUCING VISIBILITY
HIGHEST: 69 ON 9 GRTST 24HR 1.02 ON 21-22 TO 1/4 MILE OR LESS
LOWEST: 16 ON 3 3 = THUNDER
SNOW, ICE PELLETS, HAIL 4 = ICE PELLETS
TOTAL MONTH: 8.9 INCHES 5 = HAIL
GRTST 24HR 5.4 ON 4- 4 6 = FREEZING RAIN OR DRIZZLE
GRTST DEPTH: 4 ON 5 7 = DUSTSTORM OR SANDSTORM:
VSBY 1/2 MILE OR LESS
8 = SMOKE OR HAZE
[NO. OF DAYS WITH] [WEATHER - DAYS WITH] 9 = BLOWING SNOW
X = TORNADO
MAX 32 OR BELOW: 1 0.01 INCH OR MORE: 10
MAX 90 OR ABOVE: 0 0.10 INCH OR MORE: 7
MIN 32 OR BELOW: 12 0.50 INCH OR MORE: 2
MIN 0 OR BELOW: 0 1.00 INCH OR MORE: 0
[HDD (BASE 65) ]
TOTAL THIS MO. 645 CLEAR (SCALE 0-3) 7
DPTR FM NORMAL -146 PTCLDY (SCALE 4-7) 12
TOTAL FM JUL 1 7609 CLOUDY (SCALE 8-10) 11
DPTR FM NORMAL -1161
[CDD (BASE 65) ]
TOTAL THIS MO. 0
DPTR FM NORMAL 0 [PRESSURE DATA]
TOTAL FM JAN 1 0 HIGHEST SLP 30.21 ON 3
DPTR FM NORMAL 0 LOWEST SLP 29.16 ON 22
[REMARKS]
#FINAL-04-21#