000
CXUS51 KCAR 010700
CF6CAR
PRELIMINARY LOCAL CLIMATOLOGICAL DATA (WS FORM: F-6)
STATION: CARIBOU ME
MONTH: OCTOBER
YEAR: 2020
LATITUDE: 46 52 N
LONGITUDE: 68 1 W
TEMPERATURE IN F: :PCPN: SNOW: WIND :SUNSHINE: SKY :PK WND
================================================================================
1 2 3 4 5 6A 6B 7 8 9 10 11 12 13 14 15 16 17 18
12Z AVG MX 2MIN
DY MAX MIN AVG DEP HDD CDD WTR SNW DPTH SPD SPD DIR MIN PSBL S-S WX SPD DR
================================================================================
1 69 46 58 9 7 0 0.00 0.0 0 6.3 18 250 M M 3 26 220
2 54 46 50 2 15 0 0.72 0.0 0 3.5 10 360 M M 8 1 13 350
3 55 42 49 1 16 0 0.01 0.0 0 5.0 14 330 M M 8 1 18 330
4 51 36 44 -4 21 0 0.00 0.0 0 1.8 7 150 M M 5 10 150
5 63 32 48 1 17 0 0.00 0.0 0 3.7 10 200 M M 5 14 220
6 62 43 53 6 12 0 0.00 0.0 0 10.4 22 180 M M 6 29 200
7 61 52 57 10 8 0 0.40 0.0 0 6.8 14 170 M M 10 1 18 190
8 52 36 44 -2 21 0 0.02 0.0 0 17.0 30 310 M M 6 18 42 310
9 51 34 43 -3 22 0 0.01 0.0 0 9.0 23 300 M M 2 33 310
10 70 42 56 10 9 0 0.66 0.0 0 9.1 23 330 M M 9 13 34 310
11 48 29 39 -6 26 0 T T 0 9.6 22 330 M M 4 32 320
12 52 26 39 -6 26 0 0.00 0.0 0 2.3 7 30 M M 0 9 30
13 55 29 42 -2 23 0 0.77 0.0 0 6.5 16 150 M M 4 1 22 140
14 54 42 48 4 17 0 1.68 0.0 0 6.9 18 300 M M 8 1 24 310
15 63 37 50 6 15 0 0.00 0.0 0 10.0 20 160 M M 0 1 27 150
16 59 50 55 12 10 0 0.69 0.0 0 5.7 15 180 M M 10 1 20 180
17 50 34 42 -1 23 0 0.88 T 0 12.0 28 310 M M 9 1 42 310
18 56 31 44 2 21 0 0.00 0.0 0 6.2 14 160 M M 0 1 19 150
19 58 37 48 6 17 0 0.28 0.0 0 5.5 12 160 M M 4 1 16 160
20 55 38 47 5 18 0 0.23 0.0 0 7.4 22 340 M M 9 1 27 340
21 51 32 42 0 23 0 0.26 0.0 0 7.1 16 170 M M 7 1 23 160
22 56 41 49 8 16 0 0.00 0.0 0 3.8 12 250 M M 3 1 17 270
23 54 42 48 7 17 0 0.01 0.0 0 9.2 18 170 M M 9 24 150
24 55 36 46 6 19 0 0.10 0.0 0 11.2 23 360 M M 8 1 28 360
25 41 26 34 -6 31 0 0.00 0.0 0 6.9 17 340 M M 5 24 330
26 35 25 30 -10 35 0 0.47 1.5 T 3.8 12 160 M M 7 12 15 140
27 39 28 34 -5 31 0 0.02 T T 7.2 16 330 M M 9 1 23 310
28 35 28 32 -7 33 0 T T 0 6.3 14 160 M M 9 17 180
29 43 28 36 -2 29 0 0.00 0.0 0 8.0 16 330 M M 5 21 340
30 36 22 29 -9 36 0 0.00 0.0 0 9.4 17 360 M M 0 22 10
31 40 17 29 -9 36 0 0.00 0.0 M 4.4 13 250 M M 0 18 250
================================================================================
SM 1623 1087 650 0 7.21 1.5 222.0 M 172
================================================================================
AV 52.4 35.1 7.2 FASTST M M 6 MAX(MPH)
MISC ----> 30 310 # 42 310
================================================================================
NOTES:
# LAST OF SEVERAL OCCURRENCES
COLUMN 17 PEAK WIND IN M.P.H.
PRELIMINARY LOCAL CLIMATOLOGICAL DATA (WS FORM: F-6) , PAGE 2
STATION: CARIBOU ME
MONTH: OCTOBER
YEAR: 2020
LATITUDE: 46 52 N
LONGITUDE: 68 1 W
[TEMPERATURE DATA] [PRECIPITATION DATA] SYMBOLS USED IN COLUMN 16
AVERAGE MONTHLY: 43.7 TOTAL FOR MONTH: 7.21 1 = FOG OR MIST
DPTR FM NORMAL: 0.4 DPTR FM NORMAL: 3.68 2 = FOG REDUCING VISIBILITY
HIGHEST: 70 ON 10 GRTST 24HR 2.45 ON 13-14 TO 1/4 MILE OR LESS
LOWEST: 17 ON 31 3 = THUNDER
SNOW, ICE PELLETS, HAIL 4 = ICE PELLETS
TOTAL MONTH: 1.5 INCHES 5 = HAIL
GRTST 24HR 1.5 ON 26-26 6 = FREEZING RAIN OR DRIZZLE
GRTST DEPTH: T 7 = DUSTSTORM OR SANDSTORM:
VSBY 1/2 MILE OR LESS
8 = SMOKE OR HAZE
[NO. OF DAYS WITH] [WEATHER - DAYS WITH] 9 = BLOWING SNOW
X = TORNADO
MAX 32 OR BELOW: 0 0.01 INCH OR MORE: 17
MAX 90 OR ABOVE: 0 0.10 INCH OR MORE: 12
MIN 32 OR BELOW: 13 0.50 INCH OR MORE: 6
MIN 0 OR BELOW: 0 1.00 INCH OR MORE: 1
[HDD (BASE 65) ]
TOTAL THIS MO. 650 CLEAR (SCALE 0-3) 6
DPTR FM NORMAL -23 PTCLDY (SCALE 4-7) 16
TOTAL FM JUL 1 984 CLOUDY (SCALE 8-10) 9
DPTR FM NORMAL -155
[CDD (BASE 65) ]
TOTAL THIS MO. 0
DPTR FM NORMAL 0 [PRESSURE DATA]
TOTAL FM JAN 1 479 HIGHEST SLP 30.56 ON 18
DPTR FM NORMAL 299 LOWEST SLP 29.15 ON 8
[REMARKS]
#FINAL-10-20#