000
CXUS56 KMTR 011000
CF6CCR
PRELIMINARY LOCAL CLIMATOLOGICAL DATA (WS FORM: F-6)
STATION: CONCORD AIRPORT
MONTH: FEBRUARY
YEAR: 2023
LATITUDE: 37 58 N
LONGITUDE: 122 3 W
TEMPERATURE IN F: :PCPN: SNOW: WIND :SUNSHINE: SKY :PK WND
================================================================================
1 2 3 4 5 6A 6B 7 8 9 10 11 12 13 14 15 16 17 18
12Z AVG MX 2MIN
DY MAX MIN AVG DEP HDD CDD WTR SNW DPTH SPD SPD DIR MIN PSBL S-S WX SPD DR
================================================================================
1 56 32 44 -7 21 0 0.00 M M 3.0 12 40 M M 0 15 60
2 54 33 44 -7 21 0 0.00 M M 3.8 12 30 M M 0 18 14 40
3 54 44 49 -2 16 0 0.23 M M 2.7 15 170 M M 8 1 21 170
4 59 46 53 2 12 0 0.44 M M 7.2 28 220 M M 9 128 35 210
5 58 42 50 -1 15 0 0.17 M M 9.2 25 290 M M 5 1 33 290
6 62 36 49 -3 16 0 0.00 M M 3.3 13 340 M M 0 15 330
7 59 37 48 -4 17 0 0.00 M M 2.8 10 360 M M 0 8 13 360
8 63 37 50 -2 15 0 0.00 M M 2.6 10 360 M M 0 13 360
9 66 37 52 0 13 0 0.00 M M 2.3 10 320 M M 0 1 14 310
10 61 37 49 -3 16 0 0.00 M M 8.8 22 260 M M 3 28 260
11 57 42 50 -2 15 0 0.15 M M 4.8 15 10 M M 6 1 22 10
12 69 39 54 2 11 0 0.00 M M 4.2 12 290 M M 0 15 300
13 68 38 53 0 12 0 0.00 M M 7.3 23 270 M M 0 1 28 270
14 54 40 47 -6 18 0 0.01 M M 11.2 28 360 M M 2 36 340
15 59 32 46 -7 19 0 0.00 M M 3.6 12 30 M M 0 16 20
16 58 33 46 -7 19 0 0.00 M M 2.4 10 350 M M 0 12 350
17 62 41 52 -1 13 0 0.00 M M 5.0 13 70 M M 0 18 70
18 62 33 48 -6 17 0 0.00 M M 3.4 12 350 M M 0 13 40
19 68 36 52 -2 13 0 0.00 M M 2.2 7 160 M M 0 10 360
20 70 39 55 1 10 0 0.00 M M 1.8 8 350 M M 0 10 350
21 62 43 53 -1 12 0 0.00 M M 15.6 32 280 M M 1 43 290
22 52 40 46 -8 19 0 0.00 M M 15.4 28 290 M M 1 37 280
23 51 36 44 -10 21 0 0.16 M M 13.5 30 200 M M 4 13 35 160
24 51 38 45 -9 20 0 0.50 M M 9.6 28 170 M M 9 1 34 160
25 50 40 45 -10 20 0 0.04 M M 3.0 10 350 M M 10 13 100
26 53 40 47 -8 18 0 0.09 M M 9.7 23 200 M M 9 1 29 200
27 51 36 44 -11 21 0 0.62 M M 9.2 26 230 M M 5 1 32 270
28 55 40 48 -7 17 0 0.42 M M 11.1 25 220 M M 8 1 32 260
================================================================================
SM 1644 1067 457 0 2.83 M 178.7 M 80
================================================================================
AV 58.7 38.1 6.4 FASTST M M 3 MAX(MPH)
MISC ----> 32 280 43 290
================================================================================
NOTES:
# LAST OF SEVERAL OCCURRENCES
COLUMN 17 PEAK WIND IN M.P.H.
PRELIMINARY LOCAL CLIMATOLOGICAL DATA (WS FORM: F-6) , PAGE 2
STATION: CONCORD AIRPORT
MONTH: FEBRUARY
YEAR: 2023
LATITUDE: 37 58 N
LONGITUDE: 122 3 W
[TEMPERATURE DATA] [PRECIPITATION DATA] SYMBOLS USED IN COLUMN 16
AVERAGE MONTHLY: 48.4 TOTAL FOR MONTH: 2.83 1 = FOG OR MIST
DPTR FM NORMAL: -4.6 DPTR FM NORMAL: -0.36 2 = FOG REDUCING VISIBILITY
HIGHEST: 70 ON 20 GRTST 24HR 0.72 ON 27-28 TO 1/4 MILE OR LESS
LOWEST: 32 ON 15, 1 3 = THUNDER
SNOW, ICE PELLETS, HAIL 4 = ICE PELLETS
TOTAL MONTH: M 5 = HAIL
GRTST 24HR M ON M 6 = FREEZING RAIN OR DRIZZLE
GRTST DEPTH: M ON M 7 = DUSTSTORM OR SANDSTORM:
VSBY 1/2 MILE OR LESS
8 = SMOKE OR HAZE
[NO. OF DAYS WITH] [WEATHER - DAYS WITH] 9 = BLOWING SNOW
X = TORNADO
MAX 32 OR BELOW: 0 0.01 INCH OR MORE: 11
MAX 90 OR ABOVE: 0 0.10 INCH OR MORE: 8
MIN 32 OR BELOW: 2 0.50 INCH OR MORE: 2
MIN 0 OR BELOW: 0 1.00 INCH OR MORE: 0
[HDD (BASE 65) ]
TOTAL THIS MO. 457 CLEAR (SCALE 0-3) 18
DPTR FM NORMAL 120 PTCLDY (SCALE 4-7) 5
TOTAL FM JUL 1 1907 CLOUDY (SCALE 8-10) 5
DPTR FM NORMAL 251
[CDD (BASE 65) ]
TOTAL THIS MO. 0
DPTR FM NORMAL 0 [PRESSURE DATA]
TOTAL FM JAN 1 0 HIGHEST SLP M ON M
DPTR FM NORMAL 0 LOWEST SLP 29.54 ON 24
[REMARKS]
#FINAL-02-23#