000
CXUS55 KBOU 010900
CF6CCU
PRELIMINARY LOCAL CLIMATOLOGICAL DATA (WS FORM: F-6)
STATION: COPPER MTN/RED CLIFF
MONTH: OCTOBER
YEAR: 2021
LATITUDE: 39 28 N
LONGITUDE: 106 9 W
TEMPERATURE IN F: :PCPN: SNOW: WIND :SUNSHINE: SKY :PK WND
================================================================================
1 2 3 4 5 6A 6B 7 8 9 10 11 12 13 14 15 16 17 18
12Z AVG MX 2MIN
DY MAX MIN AVG DEP HDD CDD WTR SNW DPTH SPD SPD DIR MIN PSBL S-S WX SPD DR
================================================================================
1 52 36 44 M 21 0 M M M 3.1 9 90 M M 8 12 16 340
2 46 34 40 M 25 0 M M M 2.1 9 260 M M 5 1 M M
3 54 36 45 M 20 0 M M M 7.4 15 290 M M 1 20 290
4 61 37 49 M 16 0 M M M 4.3 12 160 M M 2 M M
5 61 45 53 M 12 0 M M M 10.4 20 110 M M 1 26 80
6 54 37 46 M 19 0 M M M 8.9 18 140 M M 3 23 140
7 59 34 47 M 18 0 M M M 7.3 15 260 M M 3 20 280
8 54 37 46 M 19 0 M M M 13.3 44 180 M M 6 54 180
9 41 28 35 M 30 0 M M M 14.1 23 250 M M 9 18 32 250
10 34 27 31 M 34 0 M M M 7.9 14 270 M M 9 12 18 290
11 46 27 37 M 28 0 M M M 13.9 28 120 M M 1 37 120
12 36 19 28 M 37 0 M M M 23.3 47 130 M M 8 8 59 130
13 27 19 23 M 42 0 M M M 13.4 28 270 M M 9 28 43 280
14 28 16 22 M 43 0 M M M 9.7 25 290 M M 9 8 37 290
15 27 12 20 M 45 0 M M M 12.9 22 270 M M 7 8 30 270
16 46 25 36 M 29 0 M M M 6.6 16 160 M M 0 M M
17 55 36 46 M 19 0 M M M 7.2 14 160 M M 0 8 20 150
18 48 37 43 M 22 0 M M M 12.9 24 140 M M 2 36 140
19 37 23 30 M 35 0 M M M 11.9 22 260 M M 7 8 32 160
20 41 23 32 M 33 0 M M M 5.8 14 240 M M 1 22 240
21 45 30 38 M 27 0 M M M 9.0 15 260 M M 0 20 270
22 46 32 39 M 26 0 M M M 7.2 17 180 M M 0 29 180
23 45 30 38 M 27 0 M M M 9.5 26 230 M M 5 8 36 230
24 41 28 35 M 30 0 M M M 11.3 22 250 M M 6 32 270
25 59 41 50 M 15 0 M M M 14.8 23 180 M M 0 39 210
26 45 19 32 M 33 0 M M M 23.7 33 170 M M 7 8 47 180
27 25 19 22 M 43 0 M M M 25.5 32 280 M M 9 50 300
28 30 25 28 M 37 0 M M M 15.3 31 270 M M 9 1 44 280
29 45 28 37 M 28 0 M M M 4.6 13 260 M M 0 M M
30 46 30 38 M 27 0 M M M 7.6 16 260 M M 0 8 21 270
31 41 34 38 M 27 0 M M M 10.5 28 260 M M 3 36 260
================================================================================
SM 1375 904 867 0 M M 335.3 M 130
================================================================================
AV 44.4 29.2 10.8 FASTST M M 4 MAX(MPH)
MISC ----> 47 130 59 130
================================================================================
NOTES:
# LAST OF SEVERAL OCCURRENCES
COLUMN 17 PEAK WIND IN M.P.H.
PRELIMINARY LOCAL CLIMATOLOGICAL DATA (WS FORM: F-6) , PAGE 2
STATION: COPPER MTN/RED CLIFF
MONTH: OCTOBER
YEAR: 2021
LATITUDE: 39 28 N
LONGITUDE: 106 9 W
[TEMPERATURE DATA] [PRECIPITATION DATA] SYMBOLS USED IN COLUMN 16
AVERAGE MONTHLY: 36.8 TOTAL FOR MONTH: M 1 = FOG OR MIST
DPTR FM NORMAL: 0.0 DPTR FM NORMAL: M 2 = FOG REDUCING VISIBILITY
HIGHEST: 61 ON 5, 4 GRTST 24HR M ON M TO 1/4 MILE OR LESS
LOWEST: 12 ON 15 3 = THUNDER
SNOW, ICE PELLETS, HAIL 4 = ICE PELLETS
TOTAL MONTH: M 5 = HAIL
GRTST 24HR M ON M 6 = FREEZING RAIN OR DRIZZLE
GRTST DEPTH: M ON M 7 = DUSTSTORM OR SANDSTORM:
VSBY 1/2 MILE OR LESS
8 = SMOKE OR HAZE
[NO. OF DAYS WITH] [WEATHER - DAYS WITH] 9 = BLOWING SNOW
X = TORNADO
MAX 32 OR BELOW: 5 0.01 INCH OR MORE: 0
MAX 90 OR ABOVE: 0 0.10 INCH OR MORE: 0
MIN 32 OR BELOW: 19 0.50 INCH OR MORE: 0
MIN 0 OR BELOW: 0 1.00 INCH OR MORE: 0
[HDD (BASE 65) ]
TOTAL THIS MO. 867 CLEAR (SCALE 0-3) 15
DPTR FM NORMAL M PTCLDY (SCALE 4-7) 9
TOTAL FM JUL 1 1584 CLOUDY (SCALE 8-10) 7
DPTR FM NORMAL M
[CDD (BASE 65) ]
TOTAL THIS MO. 0
DPTR FM NORMAL M [PRESSURE DATA]
TOTAL FM JAN 1 6 HIGHEST SLP M ON M
DPTR FM NORMAL M LOWEST SLP M ON M
[REMARKS]
#FINAL-10-21#