000
CXUS55 KOHX 011824
CF6CKV
PRELIMINARY LOCAL CLIMATOLOGICAL DATA (WS FORM: F-6)
STATION: CLARKSVILLE
MONTH: JULY
YEAR: 2022
LATITUDE: 36 37 N
LONGITUDE: 87 25 W
TEMPERATURE IN F: :PCPN: SNOW: WIND :SUNSHINE: SKY :PK WND
================================================================================
1 2 3 4 5 6A 6B 7 8 9 10 11 12 13 14 15 16 17 18
12Z AVG MX 2MIN
DY MAX MIN AVG DEP HDD CDD WTR SNW DPTH SPD SPD DIR MIN PSBL S-S WX SPD DR
================================================================================
1 97 73 85 8 0 20 0.00 M M 4.7 14 260 M M 1 18 230
2 96 72 84 6 0 19 0.42 M M 4.6 22 340 M M 4 138 34 350
3 93 73 83 5 0 18 0.00 M M 3.2 14 140 M M 4 138 18 110
4 96 72 84 6 0 19 0.00 M M 2.5 12 200 M M 3 128 14 180
5 100 77 89 11 0 24 0.00 M M 5.0 15 280 M M 1 138 19 210
6 101 80 91 13 0 26 0.00 M M 7.0 16 260 M M 0 22 270
7 101 76 89 11 0 24 0.23 M M 4.9 31 20 M M 1 3 45 30
8 101 76 89 11 0 24 0.00 M M 7.7 17 280 M M 1 3 24 260
9 90 72 81 3 0 16 0.41 M M 7.7 24 350 M M 7 123 31 350
10 90 70 80 2 0 15 0.00 M M 7.7 15 350 M M 1 8 26 30
11 94 68 81 3 0 16 0.00 M M 2.8 7 160 M M 0 1 M M
12 92 72 82 4 0 17 0.16 M M 6.8 21 320 M M 2 138 28 320
13 90 67 79 1 0 14 0.00 M M 4.6 13 10 M M 1 19 350
14 93 64 79 1 0 14 0.00 M M 3.0 13 20 M M 0 1 18 50
15 96 67 82 4 0 17 T M M 3.8 10 10 M M 1 1 15 60
16 95 73 84 6 0 19 0.00 M M 5.5 13 190 M M 1 17 160
17 85 72 79 1 0 14 0.45 M M 4.7 31 310 M M 3 1 43 310
18 86 72 79 1 0 14 0.06 M M 5.3 13 280 M M 5 1 18 250
19 92 71 82 4 0 17 0.00 M M 5.8 14 190 M M 3 1 19 180
20 100 78 89 11 0 24 0.00 M M 9.5 17 210 M M 1 24 220
21 96 69 83 5 0 18 T M M 3.6 15 350 M M 2 22 310
22 102 64 83 5 0 18 0.00 M M 3.1 10 210 M M 0 18 13 220
23 100 76 88 10 0 23 0.00 M M 6.0 13 200 M M 1 17 210
24 99 76 88 10 0 23 0.00 M M 6.6 13 210 M M 1 18 210
25 96 74 85 7 0 20 0.35 M M 4.9 16 180 M M 5 138 22 190
26 91 74 83 5 0 18 0.74 M M 4.7 17 240 M M 1 138 28 250
27 95 72 84 6 0 19 1.00 M M 8.0 25 350 M M 4 13 37 350
28 91 75 83 5 0 18 T M M 4.0 13 20 M M 4 1 22 230
29 86 71 79 1 0 14 0.04 M M 4.7 14 360 M M 6 1 19 10
30 82 69 76 -2 0 11 0.03 M M 4.5 12 360 M M 3 14 60
31 83 72 78 0 0 13 0.47 M M 4.6 18 220 M M 7 12 24 220
================================================================================
SM 2909 2237 0 566 4.36 M 161.5 M 74
================================================================================
AV 93.8 72.2 5.2 FASTST M M 2 MAX(MPH)
MISC ----> # 31 20 45 30
================================================================================
NOTES:
# LAST OF SEVERAL OCCURRENCES
COLUMN 17 PEAK WIND IN M.P.H.
PRELIMINARY LOCAL CLIMATOLOGICAL DATA (WS FORM: F-6) , PAGE 2
STATION: CLARKSVILLE
MONTH: JULY
YEAR: 2022
LATITUDE: 36 37 N
LONGITUDE: 87 25 W
[TEMPERATURE DATA] [PRECIPITATION DATA] SYMBOLS USED IN COLUMN 16
AVERAGE MONTHLY: 83.0 TOTAL FOR MONTH: 4.36 1 = FOG OR MIST
DPTR FM NORMAL: 4.8 DPTR FM NORMAL: 0.62 2 = FOG REDUCING VISIBILITY
HIGHEST: 102 ON 22 GRTST 24HR 1.06 ON 25-26 TO 1/4 MILE OR LESS
LOWEST: 64 ON 22,14 3 = THUNDER
SNOW, ICE PELLETS, HAIL 4 = ICE PELLETS
TOTAL MONTH: M 5 = HAIL
GRTST 24HR M ON M 6 = FREEZING RAIN OR DRIZZLE
GRTST DEPTH: M ON M 7 = DUSTSTORM OR SANDSTORM:
VSBY 1/2 MILE OR LESS
8 = SMOKE OR HAZE
[NO. OF DAYS WITH] [WEATHER - DAYS WITH] 9 = BLOWING SNOW
X = TORNADO
MAX 32 OR BELOW: 0 0.01 INCH OR MORE: 12
MAX 90 OR ABOVE: 26 0.10 INCH OR MORE: 9
MIN 32 OR BELOW: 0 0.50 INCH OR MORE: 2
MIN 0 OR BELOW: 0 1.00 INCH OR MORE: 1
[HDD (BASE 65) ]
TOTAL THIS MO. 0 CLEAR (SCALE 0-3) 21
DPTR FM NORMAL 0 PTCLDY (SCALE 4-7) 10
TOTAL FM JUL 1 0 CLOUDY (SCALE 8-10) 0
DPTR FM NORMAL 0
[CDD (BASE 65) ]
TOTAL THIS MO. 566
DPTR FM NORMAL 157 [PRESSURE DATA]
TOTAL FM JAN 1 1206 HIGHEST SLP 30.17 ON 30
DPTR FM NORMAL 320 LOWEST SLP 29.70 ON 20
[REMARKS]
#FINAL-07-22#