000
CXUS55 KOHX 011110
CF6CKV
PRELIMINARY LOCAL CLIMATOLOGICAL DATA (WS FORM: F-6)
STATION: CLARKSVILLE
MONTH: AUGUST
YEAR: 2023
LATITUDE: 36 37 N
LONGITUDE: 87 25 W
TEMPERATURE IN F: :PCPN: SNOW: WIND :SUNSHINE: SKY :PK WND
================================================================================
1 2 3 4 5 6A 6B 7 8 9 10 11 12 13 14 15 16 17 18
12Z AVG MX 2MIN
DY MAX MIN AVG DEP HDD CDD WTR SNW DPTH SPD SPD DIR MIN PSBL S-S WX SPD DR
================================================================================
1 89 67 78 0 0 13 0.00 M M 5.4 10 50 M M 0 15 50
2 84 61 73 -5 0 8 T M M 2.7 10 290 M M 2 13 300
3 83 73 78 0 0 13 0.50 M M 5.8 18 220 M M 6 13 30 230
4 86 73 80 2 0 15 0.30 M M 2.3 10 270 M M 7 128 15 270
5 88 71 80 2 0 15 0.76 M M 5.3 22 330 M M 3 13 28 330
6 91 71 81 3 0 16 0.00 M M 5.2 12 200 M M 3 3 16 200
7 87 71 79 1 0 14 0.00 M M 10.5 22 270 M M 4 31 270
8 84 65 75 -3 0 10 0.00 M M 2.9 12 230 M M 1 1 17 240
9 84 66 75 -3 0 10 0.84 M M 4.5 18 340 M M 4 138 25 180
10 85 71 78 0 0 13 0.15 M M 5.1 14 220 M M 6 138 19 230
11 90 68 79 1 0 14 0.00 M M 2.1 10 260 M M 5 128 16 250
12 88 73 81 3 0 16 0.16 M M 5.6 20 10 M M 1 138 28 20
13 90 70 80 2 0 15 0.48 M M 4.0 28 280 M M 4 1238 41 280
14 88 73 81 3 0 16 0.44 M M 7.3 17 280 M M 4 13 28 260
15 82 64 73 -5 0 8 0.00 M M 8.2 17 330 M M 4 22 330
16 82 62 72 -6 0 7 0.00 M M 1.6 10 340 M M 4 18 13 50
17 85 60 73 -5 0 8 0.00 M M 5.1 15 210 M M 3 128 23 200
18 85 65 75 -3 0 10 0.00 M M 3.5 10 30 M M 1 14 60
19 88 59 74 -3 0 9 0.00 M M 2.4 8 90 M M 0 12 14 130
20 92 65 79 2 0 14 0.00 M M 4.1 12 210 M M 0 128 17 210
21 96 72 84 7 0 19 0.00 M M 2.4 9 210 M M 2 128 12 160
22 95 75 85 8 0 20 0.00 M M 4.2 10 20 M M 1 128 15 60
23 97 73 85 8 0 20 0.00 M M 1.2 7 80 M M 0 128 10 60
24 97 73 85 8 0 20 0.00 M M 2.6 12 310 M M 2 128 16 320
25 98 74 86 10 0 21 0.00 M M 3.9 13 290 M M 1 128 16 270
26 95 75 85 9 0 20 0.18 M M 5.3 26 320 M M 2 138 37 320
27 82 71 77 1 0 12 2.31 M M 7.4 20 340 M M 9 138 24 340
28 87 69 78 2 0 13 0.00 M M 8.3 17 40 M M 3 18 24 30
29 87 65 76 0 0 11 0.00 M M 6.2 14 10 M M 1 19 340
30 85 62 74 -2 0 9 0.00 M M 7.5 21 360 M M 0 26 10
31 81 58 70 -5 0 5 0.00 M M 7.2 16 40 M M 0 24 80
================================================================================
SM 2731 2115 0 414 6.12 M 149.8 M 83
================================================================================
AV 88.1 68.2 4.8 FASTST M M 3 MAX(MPH)
MISC ----> 28 280 41 280
================================================================================
NOTES:
# LAST OF SEVERAL OCCURRENCES
COLUMN 17 PEAK WIND IN M.P.H.
PRELIMINARY LOCAL CLIMATOLOGICAL DATA (WS FORM: F-6) , PAGE 2
STATION: CLARKSVILLE
MONTH: AUGUST
YEAR: 2023
LATITUDE: 36 37 N
LONGITUDE: 87 25 W
[TEMPERATURE DATA] [PRECIPITATION DATA] SYMBOLS USED IN COLUMN 16
AVERAGE MONTHLY: 78.2 TOTAL FOR MONTH: 6.12 1 = FOG OR MIST
DPTR FM NORMAL: 0.8 DPTR FM NORMAL: 3.22 2 = FOG REDUCING VISIBILITY
HIGHEST: 98 ON 25 GRTST 24HR 2.49 ON 26-27 TO 1/4 MILE OR LESS
LOWEST: 58 ON 31 3 = THUNDER
SNOW, ICE PELLETS, HAIL 4 = ICE PELLETS
TOTAL MONTH: M 5 = HAIL
GRTST 24HR M ON M 6 = FREEZING RAIN OR DRIZZLE
GRTST DEPTH: M ON M 7 = DUSTSTORM OR SANDSTORM:
VSBY 1/2 MILE OR LESS
8 = SMOKE OR HAZE
[NO. OF DAYS WITH] [WEATHER - DAYS WITH] 9 = BLOWING SNOW
X = TORNADO
MAX 32 OR BELOW: 0 0.01 INCH OR MORE: 10
MAX 90 OR ABOVE: 10 0.10 INCH OR MORE: 10
MIN 32 OR BELOW: 0 0.50 INCH OR MORE: 4
MIN 0 OR BELOW: 0 1.00 INCH OR MORE: 1
[HDD (BASE 65) ]
TOTAL THIS MO. 0 CLEAR (SCALE 0-3) 19
DPTR FM NORMAL 0 PTCLDY (SCALE 4-7) 11
TOTAL FM JUL 1 0 CLOUDY (SCALE 8-10) 1
DPTR FM NORMAL 0
[CDD (BASE 65) ]
TOTAL THIS MO. 414
DPTR FM NORMAL 28 [PRESSURE DATA]
TOTAL FM JAN 1 1414 HIGHEST SLP 30.16 ON 1
DPTR FM NORMAL 142 LOWEST SLP 29.67 ON 10
[REMARKS]
#FINAL-08-23#