000
CXUS56 KLOX 241155
CF6CMA
PRELIMINARY LOCAL CLIMATOLOGICAL DATA (WS FORM: F-6)
STATION: CAMARILLO AIRPORT CA
MONTH: APRIL
YEAR: 2024
LATITUDE: 34 12 N
LONGITUDE: 119 6 W
TEMPERATURE IN F: :PCPN: SNOW: WIND :SUNSHINE: SKY :PK WND
================================================================================
1 2 3 4 5 6A 6B 7 8 9 10 11 12 13 14 15 16 17 18
12Z AVG MX 2MIN
DY MAX MIN AVG DEP HDD CDD WTR SNW DPTH SPD SPD DIR MIN PSBL S-S WX SPD DR
================================================================================
1 71 49 60 1 5 0 0.00 M M 5.6 22 260 M M 2 26 270
2 72 46 59 0 6 0 0.00 M M 4.5 14 220 M M 0 19 220
3 70 49 60 1 5 0 0.00 M M 5.2 14 270 M M 2 19 250
4 65 48 57 -2 8 0 0.06 M M 9.5 28 280 M M 7 8 35 270
5 60 46 53 -6 12 0 0.15 M M 13.2 31 270 M M 3 42 290
6 63 40 52 -8 13 0 0.00 M M 6.2 15 210 M M 0 23 200
7 65 43 54 -6 11 0 0.00 M M 4.0 14 260 M M 0 21 260
8 72 43 58 -2 7 0 0.00 M M 5.4 22 280 M M 0 28 290
9 84 46 65 5 0 0 0.00 M M 6.9 23 70 M M 0 28 80
10 77 49 63 3 2 0 0.00 M M 3.5 13 240 M M 0 22 240
11 71 54 63 3 2 0 0.00 M M 4.5 10 240 M M 4 128 M M
12 67 56 62 2 3 0 0.00 M M 5.6 15 200 M M 10 8 25 180
13 65 46 56 -4 9 0 0.22 M M 8.0 23 280 M M 8 33 280
14 64 48 56 -4 9 0 0.27 M M 7.0 16 210 M M 7 18 22 210
15 70 46 58 -2 7 0 0.00 M M 4.8 15 260 M M 0 20 220
16 76 47 62 2 3 0 0.00 M M 3.3 12 220 M M 0 M M
17 70 51 61 1 4 0 0.00 M M 4.5 13 240 M M 0 128 18 240
18 69 57 63 3 2 0 0.00 M M 5.2 17 210 M M 4 18 23 210
19 65 58 62 2 3 0 0.00 M M 3.7 13 280 M M 10 8 18 270
20 66 56 61 1 4 0 0.00 M M 2.6 10 270 M M 9 8 16 270
21 71 56 64 4 1 0 0.00 M M 3.0 12 250 M M 7 18 15 260
22 65 58 62 2 3 0 0.00 M M 6.0 13 260 M M 10 18 16 280
23 69 55 62 1 3 0 0.00 M M 7.1 14 220 M M 6 8 19 230
================================================================================
SM 1587 1147 122 0 0.70 M 129.2 M 89
================================================================================
AV 69.0 49.9 5.6 FASTST M M 4 MAX(MPH)
MISC ----> 31 270 42 290
================================================================================
NOTES:
# LAST OF SEVERAL OCCURRENCES
COLUMN 17 PEAK WIND IN M.P.H.
PRELIMINARY LOCAL CLIMATOLOGICAL DATA (WS FORM: F-6) , PAGE 2
STATION: CAMARILLO AIRPORT CA
MONTH: APRIL
YEAR: 2024
LATITUDE: 34 12 N
LONGITUDE: 119 6 W
[TEMPERATURE DATA] [PRECIPITATION DATA] SYMBOLS USED IN COLUMN 16
AVERAGE MONTHLY: 59.4 TOTAL FOR MONTH: 0.70 1 = FOG OR MIST
DPTR FM NORMAL: -0.4 DPTR FM NORMAL: 0.14 2 = FOG REDUCING VISIBILITY
HIGHEST: 84 ON 9 GRTST 24HR 0.46 ON 13-14 TO 1/4 MILE OR LESS
LOWEST: 40 ON 6 3 = THUNDER
SNOW, ICE PELLETS, HAIL 4 = ICE PELLETS
TOTAL MONTH: M 5 = HAIL
GRTST 24HR M ON M 6 = FREEZING RAIN OR DRIZZLE
GRTST DEPTH: M ON M 7 = DUSTSTORM OR SANDSTORM:
VSBY 1/2 MILE OR LESS
8 = SMOKE OR HAZE
[NO. OF DAYS WITH] [WEATHER - DAYS WITH] 9 = BLOWING SNOW
X = TORNADO
MAX 32 OR BELOW: 0 0.01 INCH OR MORE: 4
MAX 90 OR ABOVE: 0 0.10 INCH OR MORE: 3
MIN 32 OR BELOW: 0 0.50 INCH OR MORE: 0
MIN 0 OR BELOW: 0 1.00 INCH OR MORE: 0
[HDD (BASE 65) ]
TOTAL THIS MO. 122 CLEAR (SCALE 0-3) 11
DPTR FM NORMAL -6 PTCLDY (SCALE 4-7) 8
TOTAL FM JUL 1 1193 CLOUDY (SCALE 8-10) 4
DPTR FM NORMAL -198
[CDD (BASE 65) ]
TOTAL THIS MO. 0
DPTR FM NORMAL -3 [PRESSURE DATA]
TOTAL FM JAN 1 5 HIGHEST SLP M ON M
DPTR FM NORMAL -24 LOWEST SLP 29.85 ON 1
[REMARKS]