000
CXUS56 KLOX 011655
CF6CMA
PRELIMINARY LOCAL CLIMATOLOGICAL DATA (WS FORM: F-6)
STATION: CAMARILLO AIRPORT CA
MONTH: MARCH
YEAR: 2020
LATITUDE: 34 12 N
LONGITUDE: 119 6 W
TEMPERATURE IN F: :PCPN: SNOW: WIND :SUNSHINE: SKY :PK WND
================================================================================
1 2 3 4 5 6A 6B 7 8 9 10 11 12 13 14 15 16 17 18
12Z AVG MX 2MIN
DY MAX MIN AVG DEP HDD CDD WTR SNW DPTH SPD SPD DIR MIN PSBL S-S WX SPD DR
================================================================================
1 62 48 55 0 10 0 T M 0 6.8 18 260 M M 6 8 25 240
2 72 44 58 3 7 0 0.00 0.0 0 7.0 25 290 M M 0 30 300
3 81 41 61 6 4 0 0.00 0.0 0 5.2 17 290 M M 0 18 20 270
4 68 44 56 1 9 0 0.00 0.0 0 4.7 18 230 M M 1 18 22 230
5 72 52 62 7 3 0 0.00 0.0 0 4.3 12 270 M M 5 128 14 270
6 69 49 59 4 6 0 0.00 0.0 0 6.3 15 270 M M 7 12 20 270
7 64 55 60 5 5 0 0.00 0.0 0 5.8 17 200 M M 9 23 210
8 66 44 55 0 10 0 0.00 0.0 0 4.4 13 210 M M 1 M M
9 71 48 60 4 5 0 0.00 0.0 0 7.1 16 80 M M 2 22 140
10 73 58 66 10 0 1 0.06 0.0 0 10.0 22 80 M M 10 27 90
11 70 53 62 6 3 0 0.05 0.0 0 4.1 14 220 M M 4 1 19 250
12 66 48 57 1 8 0 0.43 M 0 4.1 26 70 M M 6 18 31 60
13 60 55 58 2 7 0 0.54 0.0 0 4.2 12 200 M M 10 18 15 200
14 62 55 59 3 6 0 0.12 0.0 0 3.5 13 230 M M 9 1 16 230
15 64 54 59 3 6 0 T 0.0 0 4.8 14 210 M M 9 21 200
16 60 44 52 -4 13 0 0.83 M 0 7.0 29 220 M M 8 18 40 200
17 61 42 52 -4 13 0 0.04 M 0 4.9 20 270 M M 1 23 270
18 64 40 52 -4 13 0 0.00 0.0 0 8.1 29 280 M M 0 40 260
19 62 41 52 -5 13 0 0.01 M 0 4.8 14 230 M M 6 18 200
20 65 53 59 2 6 0 T 0.0 0 5.7 13 200 M M 7 16 70
21 66 52 59 2 6 0 0.00 0.0 0 4.8 15 220 M M 5 20 230
22 70 52 61 4 4 0 0.50 0.0 0 6.2 18 70 M M 9 1 22 70
23 66 53 60 3 5 0 T 0.0 0 5.4 15 270 M M 5 1 18 230
24 66 53 60 3 5 0 0.00 0.0 0 8.2 21 270 M M 5 26 270
25 65 47 56 -1 9 0 0.00 0.0 0 9.8 25 280 M M 5 33 240
26 62 39 51 -6 14 0 0.04 M 0 4.8 26 290 M M 1 33 280
27 66 39 53 -4 12 0 0.00 0.0 0 6.8 25 280 M M 0 30 280
28 65 43 54 -3 11 0 0.00 0.0 0 4.7 15 210 M M 1 19 200
29 67 46 57 0 8 0 0.00 0.0 0 7.6 25 280 M M 1 33 280
30 71 46 59 2 6 0 0.00 0.0 0 4.6 15 260 M M 0 18 250
31 74 49 62 5 3 0 0.00 0.0 0 3.9 13 210 M M 0 18 210
================================================================================
SM 2070 1487 230 1 2.62 0.0 179.6 M 133
================================================================================
AV 66.8 48.0 5.8 FASTST M M 4 MAX(MPH)
MISC ----> # 29 220 # 40 200
================================================================================
NOTES:
# LAST OF SEVERAL OCCURRENCES
COLUMN 17 PEAK WIND IN M.P.H.
PRELIMINARY LOCAL CLIMATOLOGICAL DATA (WS FORM: F-6) , PAGE 2
STATION: CAMARILLO AIRPORT CA
MONTH: MARCH
YEAR: 2020
LATITUDE: 34 12 N
LONGITUDE: 119 6 W
[TEMPERATURE DATA] [PRECIPITATION DATA] SYMBOLS USED IN COLUMN 16
AVERAGE MONTHLY: 57.4 TOTAL FOR MONTH: 2.62 1 = FOG OR MIST
DPTR FM NORMAL: 1.2 DPTR FM NORMAL: -0.03 2 = FOG REDUCING VISIBILITY
HIGHEST: 81 ON 3 GRTST 24HR 0.83 ON 16-16 TO 1/4 MILE OR LESS
LOWEST: 39 ON 27,26 3 = THUNDER
SNOW, ICE PELLETS, HAIL 4 = ICE PELLETS
TOTAL MONTH: 0.0 INCH 5 = HAIL
GRTST 24HR 0.0 6 = FREEZING RAIN OR DRIZZLE
GRTST DEPTH: 0 7 = DUSTSTORM OR SANDSTORM:
VSBY 1/2 MILE OR LESS
8 = SMOKE OR HAZE
[NO. OF DAYS WITH] [WEATHER - DAYS WITH] 9 = BLOWING SNOW
X = TORNADO
MAX 32 OR BELOW: 0 0.01 INCH OR MORE: 10
MAX 90 OR ABOVE: 0 0.10 INCH OR MORE: 5
MIN 32 OR BELOW: 0 0.50 INCH OR MORE: 3
MIN 0 OR BELOW: 0 1.00 INCH OR MORE: 0
[HDD (BASE 65) ]
TOTAL THIS MO. 230 CLEAR (SCALE 0-3) 13
DPTR FM NORMAL -47 PTCLDY (SCALE 4-7) 11
TOTAL FM JUL 1 1187 CLOUDY (SCALE 8-10) 7
DPTR FM NORMAL -426
[CDD (BASE 65) ]
TOTAL THIS MO. 1
DPTR FM NORMAL -3 [PRESSURE DATA]
TOTAL FM JAN 1 14 HIGHEST SLP 30.28 ON 30
DPTR FM NORMAL 1 LOWEST SLP 29.77 ON 18
[REMARKS]
#FINAL-03-20#