000
CXUS56 KSGX 011045
CF6CNO
PRELIMINARY LOCAL CLIMATOLOGICAL DATA (WS FORM: F-6)
STATION: CHINO AIRPORT CA
MONTH: SEPTEMBER
YEAR: 2022
LATITUDE: 33 58 N
LONGITUDE: 117 38 W
TEMPERATURE IN F: :PCPN: SNOW: WIND :SUNSHINE: SKY :PK WND
================================================================================
1 2 3 4 5 6A 6B 7 8 9 10 11 12 13 14 15 16 17 18
12Z AVG MX 2MIN
DY MAX MIN AVG DEP HDD CDD WTR SNW DPTH SPD SPD DIR MIN PSBL S-S WX SPD DR
================================================================================
1 110 70 90 11 0 25 0.00 M M 6.3 17 280 M M 3 8 22 290
2 109 71 90 11 0 25 T M M 4.7 17 240 M M 2 8 22 250
3 110 73 92 13 0 27 0.00 M M 6.2 22 220 M M 2 8 26 230
4 111 76 94 15 0 29 0.00 M M 6.0 22 230 M M 4 8 26 230
5 110 73 92 13 0 27 0.00 M M 5.3 17 260 M M 1 22 260
6 108 71 90 11 0 25 0.00 M M 5.4 18 240 M M 1 8 22 290
7 109 73 91 12 0 26 0.00 M M 4.5 17 260 M M 1 8 27 250
8 105 73 89 11 0 24 0.03 M M 6.1 15 280 M M 3 38 21 290
9 96 73 85 7 0 20 0.17 M M 10.9 31 120 M M 7 18 39 120
10 82 72 77 -1 0 12 T M M 5.4 15 260 M M 8 18 17 260
11 96 73 85 7 0 20 0.06 M M 5.4 21 220 M M 6 3 24 220
12 92 71 82 4 0 17 0.00 M M 5.3 16 240 M M 6 20 230
13 91 69 80 3 0 15 0.00 M M 6.6 18 250 M M 6 22 220
14 89 65 77 0 0 12 0.00 M M 5.9 18 250 M M 2 18 23 240
15 88 65 77 0 0 12 0.00 M M 5.8 17 230 M M 4 21 250
16 88 60 74 -3 0 9 0.00 M M 4.6 18 230 M M 1 18 23 240
17 85 61 73 -3 0 8 0.00 M M 4.6 17 240 M M 2 128 20 240
18 85 62 74 -2 0 9 0.00 M M 5.6 17 250 M M 5 8 21 240
19 88 56 72 -4 0 7 0.00 M M 5.8 17 260 M M 3 18 22 230
20 91 60 76 0 0 11 0.00 M M 5.8 17 240 M M 2 20 230
21 88 57 73 -2 0 8 0.00 M M 4.3 15 250 M M 1 18 20 220
22 95 53 74 -1 0 9 0.00 M M 3.0 16 240 M M 1 18 20 250
23 96 59 78 3 0 13 0.00 M M 0.6 3 130 M M 1 M M
24 101 64 83 9 0 18 0.00 M M 4.8 17 250 M M 1 21 260
25 100 64 82 8 0 17 0.00 M M 4.5 17 260 M M 1 21 260
26 102 63 83 9 0 18 0.00 M M 4.6 18 250 M M 1 8 22 250
27 105 63 84 10 0 19 0.00 M M 4.6 16 260 M M 1 8 20 240
28 103 65 84 11 0 19 0.00 M M M M 220 M M M M M
29 96 62 79 6 0 14 0.00 M M 5.7 17 250 M M 2 18 21 280
30 88 63 76 3 0 11 0.00 M M 6.1 17 250 M M 3 18 20 280
================================================================================
SM 2917 1980 0 506 0.26 M 154.4 M 81
================================================================================
AV 97.2 66.0 5.3 FASTST M M 3 MAX(MPH)
MISC ----> 31 120 39 120
================================================================================
NOTES:
# LAST OF SEVERAL OCCURRENCES
COLUMN 17 PEAK WIND IN M.P.H.
PRELIMINARY LOCAL CLIMATOLOGICAL DATA (WS FORM: F-6) , PAGE 2
STATION: CHINO AIRPORT CA
MONTH: SEPTEMBER
YEAR: 2022
LATITUDE: 33 58 N
LONGITUDE: 117 38 W
[TEMPERATURE DATA] [PRECIPITATION DATA] SYMBOLS USED IN COLUMN 16
AVERAGE MONTHLY: 81.6 TOTAL FOR MONTH: 0.26 1 = FOG OR MIST
DPTR FM NORMAL: 5.1 DPTR FM NORMAL: 0.20 2 = FOG REDUCING VISIBILITY
HIGHEST: 111 ON 4 GRTST 24HR 0.17 ON 9- 9 TO 1/4 MILE OR LESS
LOWEST: 53 ON 22 3 = THUNDER
SNOW, ICE PELLETS, HAIL 4 = ICE PELLETS
TOTAL MONTH: M 5 = HAIL
GRTST 24HR M ON M 6 = FREEZING RAIN OR DRIZZLE
GRTST DEPTH: M ON M 7 = DUSTSTORM OR SANDSTORM:
VSBY 1/2 MILE OR LESS
8 = SMOKE OR HAZE
[NO. OF DAYS WITH] [WEATHER - DAYS WITH] 9 = BLOWING SNOW
X = TORNADO
MAX 32 OR BELOW: 0 0.01 INCH OR MORE: 3
MAX 90 OR ABOVE: 21 0.10 INCH OR MORE: 1
MIN 32 OR BELOW: 0 0.50 INCH OR MORE: 0
MIN 0 OR BELOW: 0 1.00 INCH OR MORE: 0
[HDD (BASE 65) ]
TOTAL THIS MO. 0 CLEAR (SCALE 0-3) 20
DPTR FM NORMAL -1 PTCLDY (SCALE 4-7) 9
TOTAL FM JUL 1 0 CLOUDY (SCALE 8-10) 1
DPTR FM NORMAL 0
[CDD (BASE 65) ]
TOTAL THIS MO. 506
DPTR FM NORMAL 158 [PRESSURE DATA]
TOTAL FM JAN 1 2127 HIGHEST SLP 30.03 ON 11
DPTR FM NORMAL 486 LOWEST SLP 29.54 ON 9
[REMARKS]
#FINAL-09-22#