000
CXUS53 KICT 011410
CF6CNU
PRELIMINARY LOCAL CLIMATOLOGICAL DATA (WS FORM: F-6)
STATION: CHANUTE KS
MONTH: SEPTEMBER
YEAR: 2020
LATITUDE: 37 40 N
LONGITUDE: 95 29 W
TEMPERATURE IN F: :PCPN: SNOW: WIND :SUNSHINE: SKY :PK WND
================================================================================
1 2 3 4 5 6A 6B 7 8 9 10 11 12 13 14 15 16 17 18
12Z AVG MX 2MIN
DY MAX MIN AVG DEP HDD CDD WTR SNW DPTH SPD SPD DIR MIN PSBL S-S WX SPD DR
================================================================================
1 86 69 78 2 0 13 T M M 7.0 17 190 M M 4 24 170
2 87 67 77 1 0 12 0.00 M M 3.6 18 160 M M 5 12 23 140
3 94 66 80 5 0 15 0.00 M M 6.7 15 20 M M 6 12 24 10
4 88 66 77 2 0 12 0.06 M M 6.5 15 140 M M 3 20 140
5 93 70 82 8 0 17 0.00 M M 8.1 16 170 M M 1 25 200
6 96 74 85 11 0 20 0.00 M M 15.9 31 200 M M 0 39 190
7 97 74 86 12 0 21 0.00 M M 14.9 30 180 M M 0 38 180
8 85 57 71 -2 0 6 0.72 M M 10.8 21 20 M M 7 13 30 20
9 62 54 58 -15 7 0 0.01 M M 11.0 16 30 M M 10 1 25 20
10 61 55 58 -14 7 0 1.25 M M 8.7 15 350 M M 10 1 21 360
11 67 57 62 -10 3 0 0.08 M M 3.8 8 360 M M 10 1 12 350
12 79 60 70 -2 0 5 0.00 M M 5.8 14 200 M M 4 12 18 190
13 81 55 68 -3 0 3 0.00 M M 4.6 13 360 M M 2 12 17 10
14 81 54 68 -3 0 3 0.00 M M 5.2 12 70 M M 0 16 70
15 83 60 72 2 0 7 0.00 M M 3.7 9 140 M M 0 13 100
16 88 57 73 3 0 8 0.00 M M 2.8 10 20 M M 1 12 16 10
17 80 61 71 2 0 6 0.00 M M 7.6 14 350 M M 0 21 350
18 77 54 66 -3 0 1 0.00 M M 5.7 14 40 M M 0 19 40
19 76 55 66 -2 0 1 0.00 M M 7.0 13 150 M M 0 19 90
20 78 53 66 -2 0 1 0.00 M M 7.3 14 140 M M 0 20 120
21 81 54 68 1 0 3 0.00 M M 5.0 12 140 M M 0 1 17 90
22 72 60 66 -1 0 1 0.04 M M 4.6 10 150 M M 8 1 13 140
23 80 56 68 2 0 3 0.00 M M 3.6 12 140 M M 0 1 16 140
24 81 52 67 1 0 2 0.00 M M 6.6 16 170 M M 0 12 27 170
25 84 61 73 7 0 8 0.00 M M 12.7 22 180 M M 0 32 170
26 87 64 76 11 0 11 0.00 M M 15.3 26 190 M M 1 34 180
27 74 54 64 -1 1 0 0.02 M M 10.7 22 10 M M 9 1 48 360
28 72 47 60 -4 5 0 0.00 M M 9.4 24 330 M M 3 33 340
29 77 43 60 -4 5 0 0.00 M M 7.7 18 310 M M 0 26 280
30 85 48 67 3 0 2 0.00 M M 8.4 25 350 M M 0 35 350
================================================================================
SM 2432 1757 28 181 2.18 M 230.7 M 84
================================================================================
AV 81.1 58.6 7.7 FASTST M M 3 MAX(MPH)
MISC ----> 31 200 48 360
================================================================================
NOTES:
# LAST OF SEVERAL OCCURRENCES
COLUMN 17 PEAK WIND IN M.P.H.
PRELIMINARY LOCAL CLIMATOLOGICAL DATA (WS FORM: F-6) , PAGE 2
STATION: CHANUTE KS
MONTH: SEPTEMBER
YEAR: 2020
LATITUDE: 37 40 N
LONGITUDE: 95 29 W
[TEMPERATURE DATA] [PRECIPITATION DATA] SYMBOLS USED IN COLUMN 16
AVERAGE MONTHLY: 69.8 TOTAL FOR MONTH: 2.18 1 = FOG OR MIST
DPTR FM NORMAL: -0.1 DPTR FM NORMAL: -1.49 2 = FOG REDUCING VISIBILITY
HIGHEST: 97 ON 7 GRTST 24HR 1.26 ON 9-10 TO 1/4 MILE OR LESS
LOWEST: 43 ON 29 3 = THUNDER
SNOW, ICE PELLETS, HAIL 4 = ICE PELLETS
TOTAL MONTH: M 5 = HAIL
GRTST 24HR M ON M 6 = FREEZING RAIN OR DRIZZLE
GRTST DEPTH: M ON M 7 = DUSTSTORM OR SANDSTORM:
VSBY 1/2 MILE OR LESS
8 = SMOKE OR HAZE
[NO. OF DAYS WITH] [WEATHER - DAYS WITH] 9 = BLOWING SNOW
X = TORNADO
MAX 32 OR BELOW: 0 0.01 INCH OR MORE: 7
MAX 90 OR ABOVE: 4 0.10 INCH OR MORE: 2
MIN 32 OR BELOW: 0 0.50 INCH OR MORE: 2
MIN 0 OR BELOW: 0 1.00 INCH OR MORE: 1
[HDD (BASE 65) ]
TOTAL THIS MO. 28 CLEAR (SCALE 0-3) 20
DPTR FM NORMAL -18 PTCLDY (SCALE 4-7) 6
TOTAL FM JUL 1 28 CLOUDY (SCALE 8-10) 4
DPTR FM NORMAL -19
[CDD (BASE 65) ]
TOTAL THIS MO. 181
DPTR FM NORMAL -12 [PRESSURE DATA]
TOTAL FM JAN 1 1717 HIGHEST SLP 30.28 ON 14
DPTR FM NORMAL 220 LOWEST SLP 29.65 ON 7
[REMARKS]
#FINAL-09-20#