000
CXUS55 KGJT 011211
CF6CNY
PRELIMINARY LOCAL CLIMATOLOGICAL DATA (WS FORM: F-6)
STATION: CANYONLANDS AIRPORT UT
MONTH: AUGUST
YEAR: 2020
LATITUDE: 38 46 N
LONGITUDE: 109 45 W
TEMPERATURE IN F: :PCPN: SNOW: WIND :SUNSHINE: SKY :PK WND
================================================================================
1 2 3 4 5 6A 6B 7 8 9 10 11 12 13 14 15 16 17 18
12Z AVG MX 2MIN
DY MAX MIN AVG DEP HDD CDD WTR SNW DPTH SPD SPD DIR MIN PSBL S-S WX SPD DR
================================================================================
1 104 70 87 7 0 22 0.00 M M 6.6 18 290 M M 0 27 290
2 104 75 90 10 0 25 0.00 M M 4.6 17 270 M M 0 23 310
3 104 75 90 10 0 25 0.00 M M 7.9 17 220 M M 0 25 210
4 101 71 86 6 0 21 0.00 M M 6.3 18 270 M M 0 24 230
5 100 64 82 2 0 17 0.00 M M 8.3 24 240 M M 0 34 210
6 97 73 85 5 0 20 0.00 M M 13.2 25 240 M M 0 38 210
7 95 61 78 -1 0 13 0.00 M M 7.1 24 230 M M 0 31 200
8 97 56 77 -2 0 12 0.00 M M 4.1 22 240 M M 0 31 230
9 97 55 76 -3 0 11 0.00 M M 4.9 18 280 M M 0 24 250
10 99 56 78 -1 0 13 0.00 M M 4.8 22 280 M M 0 30 270
11 97 64 81 3 0 16 0.00 M M 8.4 22 270 M M 0 31 250
12 99 66 83 5 0 18 0.00 M M 8.9 26 210 M M 0 36 220
13 99 54 77 -1 0 12 0.00 M M 3.0 17 260 M M 0 8 26 200
14 100 61 81 3 0 16 0.00 M M 5.8 17 290 M M 0 24 290
15 99 61 80 2 0 15 0.00 M M 3.6 14 50 M M 0 18 30
16 101 59 80 3 0 15 0.00 M M 5.1 14 80 M M 1 18 80
17 101 56 79 2 0 14 0.00 M M 4.3 13 140 M M 1 17 190
18 104 61 83 6 0 18 0.00 M M 3.4 12 310 M M 0 8 16 340
19 105 66 86 10 0 21 0.00 M M 4.9 20 50 M M 0 26 50
20 103 67 85 9 0 20 0.00 M M 8.1 22 310 M M 1 8 27 290
21 101 66 84 8 0 19 0.00 M M 4.1 14 70 M M 0 18 280
22 104 68 86 10 0 21 0.00 M M 6.0 15 310 M M 0 8 18 40
23 100 64 82 7 0 17 0.00 M M 5.4 21 300 M M 0 29 300
24 101 68 85 10 0 20 0.00 M M 6.3 28 160 M M 0 37 150
25 100 68 84 9 0 19 0.00 M M 6.1 21 140 M M 0 26 150
26 99 79 89 15 0 24 T M M 6.5 22 30 M M 1 28 40
27 101 74 88 14 0 23 T M M 8.7 35 270 M M 0 3 58 280
28 96 68 82 8 0 17 T M M 6.0 22 140 M M 0 27 130
29 94 73 84 11 0 19 T M M 10.2 30 210 M M 1 3 52 280
30 94 63 79 6 0 14 0.00 M M 6.8 32 250 M M 0 43 240
31 96 57 77 4 0 12 T M M 11.6 39 250 M M 0 3 53 260
================================================================================
SM 3092 2019 0 549 T M 201.0 M 5
================================================================================
AV 99.7 65.1 6.5 FASTST M M 0 MAX(MPH)
MISC ----> # 39 250 # 58 280
================================================================================
NOTES:
# LAST OF SEVERAL OCCURRENCES
COLUMN 17 PEAK WIND IN M.P.H.
PRELIMINARY LOCAL CLIMATOLOGICAL DATA (WS FORM: F-6) , PAGE 2
STATION: CANYONLANDS AIRPORT UT
MONTH: AUGUST
YEAR: 2020
LATITUDE: 38 46 N
LONGITUDE: 109 45 W
[TEMPERATURE DATA] [PRECIPITATION DATA] SYMBOLS USED IN COLUMN 16
AVERAGE MONTHLY: 82.4 TOTAL FOR MONTH: T 1 = FOG OR MIST
DPTR FM NORMAL: 5.4 DPTR FM NORMAL: -0.84 2 = FOG REDUCING VISIBILITY
HIGHEST: 105 ON 19 GRTST 24HR T ON 31-31 TO 1/4 MILE OR LESS
LOWEST: 54 ON 13 3 = THUNDER
SNOW, ICE PELLETS, HAIL 4 = ICE PELLETS
TOTAL MONTH: M 5 = HAIL
GRTST 24HR M ON M 6 = FREEZING RAIN OR DRIZZLE
GRTST DEPTH: M ON M 7 = DUSTSTORM OR SANDSTORM:
VSBY 1/2 MILE OR LESS
8 = SMOKE OR HAZE
[NO. OF DAYS WITH] [WEATHER - DAYS WITH] 9 = BLOWING SNOW
X = TORNADO
MAX 32 OR BELOW: 0 0.01 INCH OR MORE: 0
MAX 90 OR ABOVE: 31 0.10 INCH OR MORE: 0
MIN 32 OR BELOW: 0 0.50 INCH OR MORE: 0
MIN 0 OR BELOW: 0 1.00 INCH OR MORE: 0
[HDD (BASE 65) ]
TOTAL THIS MO. 0 CLEAR (SCALE 0-3) 31
DPTR FM NORMAL -1 PTCLDY (SCALE 4-7) 0
TOTAL FM JUL 1 0 CLOUDY (SCALE 8-10) 0
DPTR FM NORMAL -1
[CDD (BASE 65) ]
TOTAL THIS MO. 549
DPTR FM NORMAL 176 [PRESSURE DATA]
TOTAL FM JAN 1 1494 HIGHEST SLP 30.18 ON 17
DPTR FM NORMAL 328 LOWEST SLP 29.56 ON 31
[REMARKS]
#FINAL-08-20#