000
CXUS55 KPUB 011348
CF6COS
PRELIMINARY LOCAL CLIMATOLOGICAL DATA (WS FORM: F-6)
STATION: COLORADO SPRINGS CO
MONTH: APRIL
YEAR: 2021
LATITUDE: 38 49 N
LONGITUDE: 104 43 W
TEMPERATURE IN F: :PCPN: SNOW: WIND :SUNSHINE: SKY :PK WND
================================================================================
1 2 3 4 5 6A 6B 7 8 9 10 11 12 13 14 15 16 17 18
12Z AVG MX 2MIN
DY MAX MIN AVG DEP HDD CDD WTR SNW DPTH SPD SPD DIR MIN PSBL S-S WX SPD DR
================================================================================
1 65 21 43 0 22 0 0.00 0.0 0 9.0 18 140 M M 0 23 150
2 75 39 57 14 8 0 0.00 0.0 0 8.2 30 70 M M 5 44 90
3 76 37 57 14 8 0 0.00 0.0 0 7.5 20 160 M M 1 26 150
4 79 47 63 20 2 0 0.00 0.0 0 7.9 22 190 M M 4 28 320
5 79 41 60 16 5 0 0.00 0.0 0 10.1 28 230 M M 5 37 220
6 71 35 53 9 12 0 T T 0 14.8 37 10 M M 4 3 45 360
7 62 32 47 3 18 0 0.00 0.0 0 10.2 26 10 M M 5 34 360
8 71 34 53 9 12 0 0.00 0.0 0 9.3 25 300 M M 6 36 320
9 53 33 43 -2 22 0 0.00 0.0 0 16.8 41 360 M M 1 52 360
10 64 25 45 0 20 0 0.00 0.0 0 7.4 18 140 M M 2 26 170
11 65 31 48 3 17 0 0.00 0.0 0 12.3 31 80 M M 4 41 90
12 48 24 36 -9 29 0 0.00 0.0 0 8.8 20 30 M M 6 26 30
13 48 33 41 -5 24 0 T T 0 12.4 24 160 M M 9 18 33 160
14 53 28 41 -5 24 0 0.00 0.0 0 11.3 25 110 M M 7 33 110
15 40 30 35 -11 30 0 0.50 3.7 0 11.6 24 360 M M 10 123458 29 10
16 37 27 32 -14 33 0 T T 3 16.6 28 360 M M 8 1 37 10
17 38 29 34 -13 31 0 T T 0 8.9 22 20 M M 7 27 30
18 57 25 41 -6 24 0 0.00 0.0 0 9.9 24 350 M M 3 34 340
19 57 21 39 -8 26 0 0.14 1.6 1 12.1 25 60 M M 6 128 31 60
20 37 18 28 -20 37 0 0.02 0.1 0 8.7 16 200 M M 8 23 190
21 43 27 35 -13 30 0 T T 0 11.5 18 90 M M 9 28 170
22 63 21 42 -6 23 0 T 0.0 0 9.7 29 20 M M 5 36 10
23 56 36 46 -3 19 0 0.09 T 0 7.4 22 60 M M 7 35 26 60
24 68 31 50 1 15 0 0.00 0.0 0 10.4 30 190 M M 5 42 210
25 80 43 62 13 3 0 0.00 0.0 0 14.0 36 210 M M 4 46 230
26 78 55 67 17 0 2 0.00 0.0 0 17.3 31 210 M M 5 56 200
27 62 41 52 2 13 0 T 0.0 0 15.5 33 350 M M 6 3 47 340
28 57 39 48 -2 17 0 0.00 0.0 0 15.2 28 340 M M 6 39 330
29 70 39 55 4 10 0 0.00 0.0 0 11.0 21 30 M M 2 28 20
30 78 39 59 8 6 0 0.00 0.0 0 6.5 18 160 M M 1 25 160
================================================================================
SM 1830 981 540 2 0.75 5.4 332.3 M 151
================================================================================
AV 61.0 32.7 11.1 FASTST M M 5 MAX(MPH)
MISC ----> 41 360 56 200
================================================================================
NOTES:
4/22 COLUMN 8; -SN REPORTED IN OBS WAS INCORRECT ACCORDING TO OBSERVER.
COLUMN 17 PEAK WIND IN M.P.H.
PRELIMINARY LOCAL CLIMATOLOGICAL DATA (WS FORM: F-6) , PAGE 2
STATION: COLORADO SPRINGS CO
MONTH: APRIL
YEAR: 2021
LATITUDE: 38 49 N
LONGITUDE: 104 43 W
[TEMPERATURE DATA] [PRECIPITATION DATA] SYMBOLS USED IN COLUMN 16
AVERAGE MONTHLY: 46.9 TOTAL FOR MONTH: 0.75 1 = FOG OR MIST
DPTR FM NORMAL: 0.4 DPTR FM NORMAL: -0.67 2 = FOG REDUCING VISIBILITY
HIGHEST: 80 ON 25 GRTST 24HR 0.50 ON 15 TO 1/4 MILE OR LESS
LOWEST: 18 ON 20 3 = THUNDER
SNOW, ICE PELLETS, HAIL 4 = ICE PELLETS
TOTAL MONTH: 5.4 INCHES 5 = HAIL
GRTST 24HR 3.7 ON 15 6 = FREEZING RAIN OR DRIZZLE
GRTST DEPTH: 3 ON 16,15 7 = DUSTSTORM OR SANDSTORM:
VSBY 1/2 MILE OR LESS
8 = SMOKE OR HAZE
[NO. OF DAYS WITH] [WEATHER - DAYS WITH] 9 = BLOWING SNOW
X = TORNADO
MAX 32 OR BELOW: 0 0.01 INCH OR MORE: 4
MAX 90 OR ABOVE: 0 0.10 INCH OR MORE: 2
MIN 32 OR BELOW: 15 0.50 INCH OR MORE: 1
MIN 0 OR BELOW: 0 1.00 INCH OR MORE: 0
[HDD (BASE 65) ]
TOTAL THIS MO. 540 CLEAR (SCALE 0-3) 7
DPTR FM NORMAL -14 PTCLDY (SCALE 4-7) 19
TOTAL FM JUL 1 5615 CLOUDY (SCALE 8-10) 4
DPTR FM NORMAL -306
[CDD (BASE 65) ]
TOTAL THIS MO. 2
DPTR FM NORMAL 1 [PRESSURE DATA]
TOTAL FM JAN 1 2 HIGHEST SLP 30.46 ON 1
DPTR FM NORMAL 1 LOWEST SLP 29.32 ON 26
[REMARKS]
#FINAL-04-21#