000
CXUS55 KRIW 011010
CF6CPR
PRELIMINARY LOCAL CLIMATOLOGICAL DATA (WS FORM: F-6)
STATION: CASPER WY
MONTH: JULY
YEAR: 2021
LATITUDE: 42 55 N
LONGITUDE: 106 28 W
TEMPERATURE IN F: :PCPN: SNOW: WIND :SUNSHINE: SKY :PK WND
================================================================================
1 2 3 4 5 6A 6B 7 8 9 10 11 12 13 14 15 16 17 18
12Z AVG MX 2MIN
DY MAX MIN AVG DEP HDD CDD WTR SNW DPTH SPD SPD DIR MIN PSBL S-S WX SPD DR
================================================================================
1 84 57 71 3 0 6 0.19 0.0 0 6.4 31 300 M M 3 3 43 300
2 89 54 72 4 0 7 0.00 0.0 0 6.5 17 210 M M 1 23 220
3 93 60 77 9 0 12 0.00 0.0 0 7.1 21 70 M M 1 35 80
4 93 55 74 5 0 9 0.00 0.0 0 5.3 15 320 M M 0 3 21 170
5 86 58 72 3 0 7 0.62 0.0 0 10.6 29 310 M M 3 13 40 300
6 82 55 69 0 0 4 0.00 0.0 0 6.4 13 220 M M 0 18 270
7 92 55 74 4 0 9 T 0.0 0 7.3 16 30 M M 0 38 320
8 96 54 75 5 0 10 0.00 0.0 0 10.2 25 310 M M 0 36 320
9 95 52 74 4 0 9 0.00 0.0 0 8.9 37 360 M M 0 50 10
10 84 49 67 -3 0 2 0.00 0.0 0 6.4 14 140 M M 0 19 220
11 89 49 69 -2 0 4 0.00 0.0 0 3.7 10 160 M M 0 15 180
12 88 54 71 0 0 6 0.01 0.0 0 11.0 21 40 M M 0 35 360
13 89 57 73 2 0 8 0.29 0.0 0 11.5 31 50 M M 2 3 41 30
14 78 53 66 -5 0 1 0.00 0.0 0 7.0 13 80 M M 2 1 19 10
15 89 52 71 -1 0 6 0.00 0.0 0 6.9 21 240 M M 0 1 30 250
16 93 54 74 2 0 9 T 0.0 0 10.0 31 240 M M 0 45 240
17 94 50 72 0 0 7 T 0.0 0 6.3 32 250 M M 0 45 250
18 97 51 74 2 0 9 0.00 0.0 0 5.1 16 90 M M 0 23 80
19 97 52 75 3 0 10 0.00 0.0 0 7.0 17 90 M M 0 24 140
20 93 52 73 1 0 8 T 0.0 0 7.7 31 230 M M 2 3 43 230
21 94 61 78 6 0 13 T 0.0 0 8.0 16 210 M M 1 23 220
22 95 55 75 3 0 10 0.00 0.0 0 8.4 22 220 M M 1 29 190
23 94 59 77 5 0 12 0.00 0.0 0 8.1 17 20 M M 2 23 40
24 92 50 71 -1 0 6 0.00 0.0 0 6.3 13 120 M M 1 21 60
25 97 57 77 5 0 12 0.00 0.0 0 5.2 16 180 M M 0 8 20 190
26 97 54 76 4 0 11 0.00 0.0 0 4.9 15 220 M M 0 8 21 210
27 100 60 80 8 0 15 0.00 0.0 0 9.2 20 120 M M 0 8 26 160
28 95 60 78 6 0 13 0.00 0.0 0 15.0 28 10 M M 0 8 40 10
29 84 66 75 3 0 10 0.09 0.0 0 12.1 26 90 M M 2 13 36 80
30 87 63 75 3 0 10 0.63 0.0 0 8.1 25 320 M M 5 13 36 310
31 84 58 71 -1 0 6 0.00 0.0 0 8.7 22 70 M M 4 8 28 70
================================================================================
SM 2820 1716 0 261 1.83 0.0 245.3 M 30
================================================================================
AV 91.0 55.4 7.9 FASTST M M 1 MAX(MPH)
MISC ----> 37 360 50 10
================================================================================
NOTES:
# LAST OF SEVERAL OCCURRENCES
COLUMN 17 PEAK WIND IN M.P.H.
PRELIMINARY LOCAL CLIMATOLOGICAL DATA (WS FORM: F-6) , PAGE 2
STATION: CASPER WY
MONTH: JULY
YEAR: 2021
LATITUDE: 42 55 N
LONGITUDE: 106 28 W
[TEMPERATURE DATA] [PRECIPITATION DATA] SYMBOLS USED IN COLUMN 16
AVERAGE MONTHLY: 73.2 TOTAL FOR MONTH: 1.83 1 = FOG OR MIST
DPTR FM NORMAL: 2.2 DPTR FM NORMAL: 0.64 2 = FOG REDUCING VISIBILITY
HIGHEST: 100 ON 27 GRTST 24HR 0.72 ON 29-30 TO 1/4 MILE OR LESS
LOWEST: 49 ON 11,10 3 = THUNDER
SNOW, ICE PELLETS, HAIL 4 = ICE PELLETS
TOTAL MONTH: 0.0 INCH 5 = HAIL
GRTST 24HR 0.0 6 = FREEZING RAIN OR DRIZZLE
GRTST DEPTH: 0 7 = DUSTSTORM OR SANDSTORM:
VSBY 1/2 MILE OR LESS
8 = SMOKE OR HAZE
[NO. OF DAYS WITH] [WEATHER - DAYS WITH] 9 = BLOWING SNOW
X = TORNADO
MAX 32 OR BELOW: 0 0.01 INCH OR MORE: 6
MAX 90 OR ABOVE: 18 0.10 INCH OR MORE: 4
MIN 32 OR BELOW: 0 0.50 INCH OR MORE: 2
MIN 0 OR BELOW: 0 1.00 INCH OR MORE: 0
[HDD (BASE 65) ]
TOTAL THIS MO. 0 CLEAR (SCALE 0-3) 29
DPTR FM NORMAL -14 PTCLDY (SCALE 4-7) 2
TOTAL FM JUL 1 0 CLOUDY (SCALE 8-10) 0
DPTR FM NORMAL -9
[CDD (BASE 65) ]
TOTAL THIS MO. 261
DPTR FM NORMAL 61 [PRESSURE DATA]
TOTAL FM JAN 1 393 HIGHEST SLP 30.22 ON 31
DPTR FM NORMAL 138 LOWEST SLP 29.70 ON 8
[REMARKS]
#FINAL-07-21#