000
CXUS55 KRIW 011110
CF6CPR
PRELIMINARY LOCAL CLIMATOLOGICAL DATA (WS FORM: F-6)
STATION: CASPER WY
MONTH: FEBRUARY
YEAR: 2021
LATITUDE: 42 55 N
LONGITUDE: 106 28 W
TEMPERATURE IN F: :PCPN: SNOW: WIND :SUNSHINE: SKY :PK WND
================================================================================
1 2 3 4 5 6A 6B 7 8 9 10 11 12 13 14 15 16 17 18
12Z AVG MX 2MIN
DY MAX MIN AVG DEP HDD CDD WTR SNW DPTH SPD SPD DIR MIN PSBL S-S WX SPD DR
================================================================================
1 47 29 38 13 27 0 0.00 0.0 0 19.3 35 210 M M 0 42 210
2 53 35 44 19 21 0 0.00 0.0 0 18.4 36 210 M M 0 44 210
3 46 7 27 2 38 0 0.11 0.5 1 15.1 30 270 M M 4 1248 39 240
4 30 4 17 -8 48 0 T T 1 8.8 18 300 M M 2 22 300
5 38 15 27 2 38 0 0.03 1.0 1 13.1 24 210 M M 4 1 30 220
6 24 2 13 -12 52 0 0.01 0.2 1 7.7 21 10 M M 6 18 26 20
7 13 -9 2 -23 63 0 0.02 0.4 1 7.7 15 10 M M 8 18 19 10
8 18 -12 3 -22 62 0 T T 1 3.5 14 30 M M 5 18 17 40
9 9 -8 1 -24 64 0 0.00 0.0 1 6.6 14 30 M M 6 18 16 20
10 10 -6 2 -24 63 0 T T 1 6.6 14 60 M M 9 18 18 60
11 2 -15 -6 -32 71 0 T 0.1 1 11.8 20 20 M M 9 24 20
12 -5 -12 -8 -34 73 0 0.03 2.0 1 7.2 12 40 M M 10 8 16 30
13 -4 -9 -6 -32 71 0 T 1.1 3 11.0 21 50 M M 10 8 25 50
14 -3 -24 -13 -39 78 0 0.00 0.0 3 6.4 15 110 M M 8 8 19 110
15 26 -5 11 -15 54 0 0.00 0.0 3 18.5 31 210 M M 4 40 200
16 34 15 25 -2 40 0 0.01 0.1 3 9.4 20 210 M M 8 1 25 210
17 29 14 22 -5 43 0 0.03 0.3 1 5.5 14 20 M M 10 18 17 30
18 25 10 18 -9 47 0 0.03 0.6 2 10.4 21 230 M M 5 1 26 220
19 39 17 28 1 37 0 T T 2 18.3 40 210 M M 3 48 220
20 37 21 29 1 36 0 0.05 1.1 2 10.1 23 210 M M 7 1 29 220
21 35 11 23 -5 42 0 T 0.0 2 18.2 35 210 M M 1 44 210
22 45 26 36 8 29 0 0.00 0.0 1 28.2 40 220 M M 0 50 220
23 44 17 31 2 34 0 0.06 0.8 0 18.2 40 210 M M 5 18 53 210
24 32 9 21 -8 44 0 0.00 0.0 0 7.0 15 30 M M 3 19 230
25 35 8 22 -7 43 0 T T 0 22.5 38 220 M M 1 50 200
26 38 20 29 -1 36 0 0.00 0.0 0 19.6 38 260 M M 1 49 260
27 31 17 24 -6 41 0 0.03 0.4 0 14.6 26 320 M M 6 128 40 200
28 34 6 20 -10 45 0 T T T 16.2 30 220 M M 1 1 39 220
================================================================================
SM 762 183 1340 0 0.41 8.6 359.9 M 136
================================================================================
AV 27.2 6.5 12.9 FASTST M M 5 MAX(MPH)
MISC ----> # 40 210 53 210
================================================================================
NOTES:
# LAST OF SEVERAL OCCURRENCES
COLUMN 17 PEAK WIND IN M.P.H.
PRELIMINARY LOCAL CLIMATOLOGICAL DATA (WS FORM: F-6) , PAGE 2
STATION: CASPER WY
MONTH: FEBRUARY
YEAR: 2021
LATITUDE: 42 55 N
LONGITUDE: 106 28 W
[TEMPERATURE DATA] [PRECIPITATION DATA] SYMBOLS USED IN COLUMN 16
AVERAGE MONTHLY: 16.9 TOTAL FOR MONTH: 0.41 1 = FOG OR MIST
DPTR FM NORMAL: -9.8 DPTR FM NORMAL: -0.16 2 = FOG REDUCING VISIBILITY
HIGHEST: 53 ON 2 GRTST 24HR 0.42 ON 7- 7 TO 1/4 MILE OR LESS
LOWEST: -24 ON 14 3 = THUNDER
SNOW, ICE PELLETS, HAIL 4 = ICE PELLETS
TOTAL MONTH: 8.6 INCHES 5 = HAIL
GRTST 24HR 2.0 ON 12-12 6 = FREEZING RAIN OR DRIZZLE
GRTST DEPTH: 3 ON 16,15 7 = DUSTSTORM OR SANDSTORM:
VSBY 1/2 MILE OR LESS
8 = SMOKE OR HAZE
[NO. OF DAYS WITH] [WEATHER - DAYS WITH] 9 = BLOWING SNOW
X = TORNADO
MAX 32 OR BELOW: 15 0.01 INCH OR MORE: 11
MAX 90 OR ABOVE: 0 0.10 INCH OR MORE: 1
MIN 32 OR BELOW: 27 0.50 INCH OR MORE: 0
MIN 0 OR BELOW: 9 1.00 INCH OR MORE: 0
[HDD (BASE 65) ]
TOTAL THIS MO. 1340 CLEAR (SCALE 0-3) 10
DPTR FM NORMAL 269 PTCLDY (SCALE 4-7) 13
TOTAL FM JUL 1 5521 CLOUDY (SCALE 8-10) 5
DPTR FM NORMAL 74
[CDD (BASE 65) ]
TOTAL THIS MO. 0
DPTR FM NORMAL 0 [PRESSURE DATA]
TOTAL FM JAN 1 0 HIGHEST SLP 30.55 ON 14
DPTR FM NORMAL 0 LOWEST SLP 29.53 ON 15
[REMARKS]
#FINAL-02-21#