985
CXUS54 KFWD 010731
CF6CPT
PRELIMINARY LOCAL CLIMATOLOGICAL DATA (WS FORM: F-6)
STATION: CLEBURNE
MONTH: APRIL
YEAR: 2020
LATITUDE: 32 20 N
LONGITUDE: 97 24 W
TEMPERATURE IN F: :PCPN: SNOW: WIND :SUNSHINE: SKY :PK WND
================================================================================
1 2 3 4 5 6A 6B 7 8 9 10 11 12 13 14 15 16 17 18
12Z AVG MX 2MIN
DY MAX MIN AVG DEP HDD CDD WTR SNW DPTH SPD SPD DIR MIN PSBL S-S WX SPD DR
================================================================================
1 70 48 59 -2 6 0 0.00 0.0 0 10.5 18 160 M M 0 1 27 180
2 68 57 63 2 2 0 0.00 0.0 0 13.9 21 160 M M 8 1 28 160
3 66 39 53 -8 12 0 0.10 0.0 0 13.7 21 350 M M 9 1 29 350
4 48 39 44 -18 21 0 0.05 0.0 0 10.3 15 340 M M 9 13 22 340
5 64 46 55 -7 10 0 0.00 0.0 0 5.6 10 160 M M 8 18 M M
6 68 59 64 2 1 0 0.02 0.0 0 6.6 12 160 M M 5 1 17 160
7 86 66 76 14 0 11 0.00 0.0 0 8.0 13 240 M M 2 18 18 230
8 93 68 81 18 0 16 0.00 0.0 0 7.0 13 270 M M 2 18 18 250
9 77 61 69 6 0 4 0.00 0.0 0 8.0 14 100 M M 1 138 17 40
10 72 54 63 0 2 0 0.00 0.0 0 10.8 15 90 M M 0 27 80
11 70 55 63 -1 2 0 0.01 0.0 0 10.1 16 160 M M 7 18 22 150
12 82 45 64 0 1 0 0.18 0.0 0 13.8 25 260 M M 3 138 36 250
13 57 37 47 -17 18 0 0.00 0.0 0 13.8 22 350 M M 0 8 31 350
14 55 39 47 -17 18 0 0.00 0.0 0 12.7 18 30 M M 7 8 27 30
15 64 36 50 -15 15 0 0.00 0.0 0 4.5 8 120 M M 1 18 16 140
16 73 46 60 -5 5 0 0.00 0.0 0 13.2 18 160 M M 0 8 28 160
17 63 46 55 -10 10 0 0.00 0.0 0 9.9 16 340 M M 7 18 22 170
18 66 45 56 -10 9 0 0.00 0.0 0 7.2 12 30 M M 8 18 14 130
19 84 59 72 6 0 7 0.01 0.0 0 10.4 20 290 M M 5 128 28 290
20 77 54 66 0 0 1 0.00 0.0 0 5.4 13 90 M M 2 18 13 99
21 84 63 74 8 0 9 0.00 0.0 0 10.8 15 150 M M 6 18 22 160
22 88 61 75 9 0 10 0.01 0.0 0 11.0 17 170 M M 6 138 27 170
23 84 54 69 2 0 4 0.00 0.0 0 8.1 13 330 M M 0 8 21 330
24 91 59 75 8 0 10 0.00 0.0 0 12.1 20 250 M M 0 29 320
25 77 54 66 -1 0 1 0.00 0.0 0 10.1 16 340 M M 1 8 22 350
26 82 52 67 -1 0 2 0.00 0.0 0 7.3 14 130 M M 0 18 170
27 86 59 73 5 0 8 0.00 0.0 0 15.2 25 170 M M 0 35 170
28 90 59 75 7 0 10 0.17 0.0 0 14.8 21 170 M M 5 138 29 160
29 79 55 67 -1 0 2 0.16 0.0 0 13.2 22 320 M M 2 3 32 330
30 81 50 66 -3 0 1 0.00 0.0 0 6.0 13 140 M M 0 M M
================================================================================
SM 2245 1565 132 96 0.71 0.0 304.0 M 104
================================================================================
AV 74.8 52.2 10.1 FASTST M M 3 MAX(MPH)
MISC ----> # 25 260 # 36 250
================================================================================
NOTES:
# LAST OF SEVERAL OCCURRENCES
COLUMN 17 PEAK WIND IN M.P.H.
PRELIMINARY LOCAL CLIMATOLOGICAL DATA (WS FORM: F-6) , PAGE 2
STATION: CLEBURNE
MONTH: APRIL
YEAR: 2020
LATITUDE: 32 20 N
LONGITUDE: 97 24 W
[TEMPERATURE DATA] [PRECIPITATION DATA] SYMBOLS USED IN COLUMN 16
AVERAGE MONTHLY: 63.5 TOTAL FOR MONTH: 0.71 1 = FOG OR MIST
DPTR FM NORMAL: -1.3 DPTR FM NORMAL: -2.20 2 = FOG REDUCING VISIBILITY
HIGHEST: 93 ON 8 GRTST 24HR 0.18 ON 12-12 TO 1/4 MILE OR LESS
LOWEST: 36 ON 15 3 = THUNDER
SNOW, ICE PELLETS, HAIL 4 = ICE PELLETS
TOTAL MONTH: 0.0 INCH 5 = HAIL
GRTST 24HR 0.0 6 = FREEZING RAIN OR DRIZZLE
GRTST DEPTH: 0 7 = DUSTSTORM OR SANDSTORM:
VSBY 1/2 MILE OR LESS
8 = SMOKE OR HAZE
[NO. OF DAYS WITH] [WEATHER - DAYS WITH] 9 = BLOWING SNOW
X = TORNADO
MAX 32 OR BELOW: 0 0.01 INCH OR MORE: 9
MAX 90 OR ABOVE: 3 0.10 INCH OR MORE: 4
MIN 32 OR BELOW: 0 0.50 INCH OR MORE: 0
MIN 0 OR BELOW: 0 1.00 INCH OR MORE: 0
[HDD (BASE 65) ]
TOTAL THIS MO. 132 CLEAR (SCALE 0-3) 17
DPTR FM NORMAL 37 PTCLDY (SCALE 4-7) 10
TOTAL FM JUL 1 2113 CLOUDY (SCALE 8-10) 3
DPTR FM NORMAL -326
[CDD (BASE 65) ]
TOTAL THIS MO. 96
DPTR FM NORMAL 8 [PRESSURE DATA]
TOTAL FM JAN 1 171 HIGHEST SLP M ON M
DPTR FM NORMAL 60 LOWEST SLP M ON M
[REMARKS]
#FINAL-04-20#