000
CXUS52 KJAX 010900
CF6CRG
PRELIMINARY LOCAL CLIMATOLOGICAL DATA (WS FORM: F-6)
STATION: CRAIG EXEC ARPT
MONTH: DECEMBER
YEAR: 2023
LATITUDE: 30 19 N
LONGITUDE: 81 31 W
TEMPERATURE IN F: :PCPN: SNOW: WIND :SUNSHINE: SKY :PK WND
================================================================================
1 2 3 4 5 6A 6B 7 8 9 10 11 12 13 14 15 16 17 18
12Z AVG MX 2MIN
DY MAX MIN AVG DEP HDD CDD WTR SNW DPTH SPD SPD DIR MIN PSBL S-S WX SPD DR
================================================================================
1 80 53 67 7 0 2 0.03 0.0 0 3.1 14 190 M M 1 1 19 170
2 76 66 71 11 0 6 2.25 0.0 0 5.3 36 320 M M 7 123 44 320
3 77 66 72 12 0 7 0.03 0.0 0 6.0 14 220 M M 7 1 23 290
4 74 57 66 6 0 1 0.00 0.0 0 6.0 13 270 M M 3 20 250
5 69 51 60 0 5 0 0.00 0.0 0 6.3 14 300 M M 0 20 310
6 62 45 54 -5 11 0 0.00 0.0 0 9.2 22 330 M M 0 28 330
7 65 41 53 -6 12 0 0.00 0.0 0 4.1 9 230 M M 0 13 220
8 72 46 59 0 6 0 T 0.0 0 2.9 12 130 M M 2 15 160
9 80 54 67 8 0 2 0.00 0.0 0 4.4 15 220 M M 2 12 20 230
10 78 53 66 7 0 1 0.41 0.0 0 10.4 37 310 M M 4 1 52 310
11 59 44 52 -6 13 0 T 0.0 0 9.3 23 310 M M 3 31 310
12 62 46 54 -4 11 0 0.00 0.0 0 10.7 21 20 M M 4 29 30
13 62 56 59 1 6 0 0.02 0.0 0 13.2 22 20 M M 6 1 35 30
14 68 58 63 5 2 0 0.10 0.0 0 16.1 26 30 M M 5 1 40 10
15 67 56 62 4 3 0 0.07 0.0 0 11.4 20 60 M M 9 1 29 40
16 69 58 64 6 1 0 0.73 0.0 0 10.7 20 80 M M 7 1 31 90
17 69 57 63 6 2 0 3.48 0.0 0 15.9 32 350 M M 10 1 47 350
18 65 52 59 2 6 0 0.00 0.0 0 11.2 18 300 M M 4 27 290
19 52 39 46 -11 19 0 0.00 0.0 0 10.0 18 350 M M 0 27 340
20 58 40 49 -8 16 0 0.00 0.0 0 9.7 18 60 M M 2 28 50
21 63 44 54 -3 11 0 0.00 0.0 0 6.4 13 40 M M 0 17 40
22 69 49 59 3 6 0 0.00 0.0 0 5.8 16 50 M M 4 22 60
23 71 54 63 7 2 0 0.00 0.0 0 5.7 13 50 M M 3 1 16 40
24 71 61 66 10 0 1 0.17 0.0 0 7.5 17 160 M M 5 1 26 160
25 69 63 66 10 0 1 0.25 0.0 0 7.3 15 110 M M 8 1 24 100
26 75 64 70 14 0 5 0.00 0.0 0 2.7 8 110 M M 8 12 12 110
27 66 59 63 7 2 0 0.00 0.0 0 7.0 13 290 M M 3 21 270
28 60 50 55 -1 10 0 0.01 0.0 0 4.1 10 180 M M 7 13 170
29 56 38 47 -9 18 0 0.00 0.0 0 8.8 20 300 M M 0 30 300
30 59 35 47 -8 18 0 0.00 0.0 0 5.1 20 250 M M 0 1 29 240
31 61 34 48 -7 17 0 0.00 0.0 0 2.8 13 250 M M 0 1 18 280
================================================================================
SM 2084 1589 197 26 7.55 0.0 239.1 M 114
================================================================================
AV 67.2 51.3 7.7 FASTST M M 4 MAX(MPH)
MISC ----> 37 310 52 310
================================================================================
NOTES:
# LAST OF SEVERAL OCCURRENCES
COLUMN 17 PEAK WIND IN M.P.H.
PRELIMINARY LOCAL CLIMATOLOGICAL DATA (WS FORM: F-6) , PAGE 2
STATION: CRAIG EXEC ARPT
MONTH: DECEMBER
YEAR: 2023
LATITUDE: 30 19 N
LONGITUDE: 81 31 W
[TEMPERATURE DATA] [PRECIPITATION DATA] SYMBOLS USED IN COLUMN 16
AVERAGE MONTHLY: 59.2 TOTAL FOR MONTH: 7.55 1 = FOG OR MIST
DPTR FM NORMAL: 1.6 DPTR FM NORMAL: 4.75 2 = FOG REDUCING VISIBILITY
HIGHEST: 80 ON 9, 1 GRTST 24HR 4.21 ON 16-17 TO 1/4 MILE OR LESS
LOWEST: 34 ON 31 3 = THUNDER
SNOW, ICE PELLETS, HAIL 4 = ICE PELLETS
TOTAL MONTH: 0.0 INCH 5 = HAIL
GRTST 24HR 0.0 6 = FREEZING RAIN OR DRIZZLE
GRTST DEPTH: 0 7 = DUSTSTORM OR SANDSTORM:
VSBY 1/2 MILE OR LESS
8 = SMOKE OR HAZE
[NO. OF DAYS WITH] [WEATHER - DAYS WITH] 9 = BLOWING SNOW
X = TORNADO
MAX 32 OR BELOW: 0 0.01 INCH OR MORE: 12
MAX 90 OR ABOVE: 0 0.10 INCH OR MORE: 7
MIN 32 OR BELOW: 0 0.50 INCH OR MORE: 3
MIN 0 OR BELOW: 0 1.00 INCH OR MORE: 2
[HDD (BASE 65) ]
TOTAL THIS MO. 197 CLEAR (SCALE 0-3) 13
DPTR FM NORMAL -61 PTCLDY (SCALE 4-7) 16
TOTAL FM JUL 1 295 CLOUDY (SCALE 8-10) 2
DPTR FM NORMAL -95
[CDD (BASE 65) ]
TOTAL THIS MO. 26
DPTR FM NORMAL -2 [PRESSURE DATA]
TOTAL FM JAN 1 3362 HIGHEST SLP 30.49 ON 14
DPTR FM NORMAL 600 LOWEST SLP 29.42 ON 17
[REMARKS]
#FINAL-12-23#