000
CXUS54 KCRP 011810
CF6CRP
PRELIMINARY LOCAL CLIMATOLOGICAL DATA (WS FORM: F-6)
STATION: CORPUS CHRISTI
MONTH: OCTOBER
YEAR: 2022
LATITUDE: 27 46 N
LONGITUDE: 97 30 W
TEMPERATURE IN F: :PCPN: SNOW: WIND :SUNSHINE: SKY :PK WND
================================================================================
1 2 3 4 5 6A 6B 7 8 9 10 11 12 13 14 15 16 17 18
12Z AVG MX 2MIN
DY MAX MIN AVG DEP HDD CDD WTR SNW DPTH SPD SPD DIR MIN PSBL S-S WX SPD DR
================================================================================
1 88 64 76 -3 0 11 0.00 0.0 0 7.6 16 90 M M 1 22 90
2 90 67 79 0 0 14 0.00 0.0 0 7.6 17 50 M M 7 26 70
3 88 68 78 -1 0 13 0.00 0.0 0 5.4 12 20 M M 10 19 20
4 87 71 79 1 0 14 0.00 0.0 0 5.8 12 110 M M 9 17 50
5 91 70 81 3 0 16 0.00 0.0 0 8.0 18 100 M M 5 25 100
6 91 65 78 0 0 13 0.00 0.0 0 8.9 17 90 M M 6 24 40
7 85 74 80 2 0 15 T 0.0 0 7.9 16 80 M M 10 21 60
8 94 67 81 4 0 16 0.00 0.0 0 7.2 15 140 M M 6 19 90
9 92 72 82 5 0 17 0.00 0.0 0 10.9 23 90 M M 6 29 100
10 90 69 80 3 0 15 0.00 0.0 0 9.2 20 100 M M 3 28 80
11 92 69 81 4 0 16 0.00 0.0 0 8.6 20 100 M M 3 27 80
12 95 70 83 7 0 18 T 0.0 0 6.6 20 140 M M 3 12 26 120
13 96 73 85 9 0 20 T 0.0 0 7.6 26 60 M M 5 36 100
14 89 75 82 6 0 17 0.00 0.0 0 10.0 20 100 M M 4 26 90
15 92 72 82 6 0 17 0.00 0.0 0 10.8 21 140 M M 3 29 130
16 94 71 83 8 0 18 0.00 0.0 0 9.7 18 120 M M 5 30 110
17 77 66 72 -3 0 7 0.37 0.0 0 13.2 28 20 M M 8 1 35 30
18 67 53 60 -15 5 0 0.08 0.0 0 M M M M M 9 M M
19 74 50 62 -12 3 0 0.00 0.0 0 7.6 16 30 M M 1 19 40
20 82 47 65 -9 0 0 0.00 0.0 0 8.1 20 140 M M 1 23 140
21 85 53 69 -5 0 4 0.00 0.0 0 9.7 22 130 M M 1 1 31 140
22 87 64 76 2 0 11 0.00 0.0 0 14.5 26 150 M M 2 34 140
23 87 67 77 4 0 12 T 0.0 0 17.2 32 150 M M 7 40 130
24 89 75 82 9 0 17 0.01 0.0 0 20.7 32 160 M M 9 1 41 150
25 79 55 67 -6 0 2 0.02 0.0 0 9.7 33 350 M M 5 1 48 20
26 79 49 64 -8 1 0 0.00 0.0 0 9.7 18 90 M M 1 24 90
27 82 58 70 -2 0 5 T 0.0 0 9.5 20 130 M M 6 25 130
28 83 58 71 -1 0 6 T 0.0 0 12.3 30 310 M M 4 1 38 310
29 78 50 64 -7 1 0 0.00 0.0 0 8.6 21 350 M M 1 31 330
30 84 51 68 -3 0 3 0.00 0.0 0 4.2 16 150 M M 2 8 19 140
31 79 58 69 -2 0 4 0.33 0.0 0 9.6 17 80 M M 7 13 25 70
================================================================================
SM 2666 1971 10 321 0.81 0.0 286.4 M 150
================================================================================
AV 86.0 63.6 9.5 FASTST M M 5 MAX(MPH)
MISC ----> 33 350 48 20
================================================================================
NOTES:
# LAST OF SEVERAL OCCURRENCES
COLUMN 17 PEAK WIND IN M.P.H.
PRELIMINARY LOCAL CLIMATOLOGICAL DATA (WS FORM: F-6) , PAGE 2
STATION: CORPUS CHRISTI
MONTH: OCTOBER
YEAR: 2022
LATITUDE: 27 46 N
LONGITUDE: 97 30 W
[TEMPERATURE DATA] [PRECIPITATION DATA] SYMBOLS USED IN COLUMN 16
AVERAGE MONTHLY: 74.8 TOTAL FOR MONTH: 0.81 1 = FOG OR MIST
DPTR FM NORMAL: -0.3 DPTR FM NORMAL: -2.32 2 = FOG REDUCING VISIBILITY
HIGHEST: 96 ON 13 GRTST 24HR 0.43 ON 17-18 TO 1/4 MILE OR LESS
LOWEST: 47 ON 20 3 = THUNDER
SNOW, ICE PELLETS, HAIL 4 = ICE PELLETS
TOTAL MONTH: 0.0 INCH 5 = HAIL
GRTST 24HR 0.0 6 = FREEZING RAIN OR DRIZZLE
GRTST DEPTH: 0 7 = DUSTSTORM OR SANDSTORM:
VSBY 1/2 MILE OR LESS
8 = SMOKE OR HAZE
[NO. OF DAYS WITH] [WEATHER - DAYS WITH] 9 = BLOWING SNOW
X = TORNADO
MAX 32 OR BELOW: 0 0.01 INCH OR MORE: 5
MAX 90 OR ABOVE: 11 0.10 INCH OR MORE: 2
MIN 32 OR BELOW: 0 0.50 INCH OR MORE: 0
MIN 0 OR BELOW: 0 1.00 INCH OR MORE: 0
[HDD (BASE 65) ]
TOTAL THIS MO. 10 CLEAR (SCALE 0-3) 12
DPTR FM NORMAL -2 PTCLDY (SCALE 4-7) 14
TOTAL FM JUL 1 10 CLOUDY (SCALE 8-10) 5
DPTR FM NORMAL 2
[CDD (BASE 65) ]
TOTAL THIS MO. 321
DPTR FM NORMAL -6 [PRESSURE DATA]
TOTAL FM JAN 1 3817 HIGHEST SLP 30.37 ON 19
DPTR FM NORMAL 262 LOWEST SLP 29.67 ON 24
[REMARKS]
#FINAL-10-22#