000
CXUS54 KFWD 010730
CF6CRS
PRELIMINARY LOCAL CLIMATOLOGICAL DATA (WS FORM: F-6)
STATION: CORSICANA
MONTH: SEPTEMBER
YEAR: 2021
LATITUDE: 32 1 N
LONGITUDE: 96 24 W
TEMPERATURE IN F: :PCPN: SNOW: WIND :SUNSHINE: SKY :PK WND
================================================================================
1 2 3 4 5 6A 6B 7 8 9 10 11 12 13 14 15 16 17 18
12Z AVG MX 2MIN
DY MAX MIN AVG DEP HDD CDD WTR SNW DPTH SPD SPD DIR MIN PSBL S-S WX SPD DR
================================================================================
1 97 76 87 5 0 22 0.00 M M 7.5 14 160 M M 0 18 18 160
2 96 76 86 4 0 21 0.00 M M 7.0 14 160 M M 1 18 20 140
3 96 75 86 4 0 21 0.00 M M 6.9 13 100 M M 1 18 160
4 96 75 86 4 0 21 0.00 M M 7.8 15 210 M M 1 20 230
5 100 77 89 7 0 24 0.00 M M 7.3 17 350 M M 1 25 330
6 95 73 84 3 0 19 0.00 M M 6.4 15 80 M M 1 22 60
7 94 65 80 -1 0 15 0.00 M M 5.0 10 130 M M 0 8 16 180
8 96 64 80 -1 0 15 0.00 M M 4.6 15 350 M M 1 8 22 330
9 92 64 78 -2 0 13 0.00 M M 7.6 17 70 M M 0 26 50
10 91 67 79 -1 0 14 0.00 M M 7.2 16 120 M M 0 23 110
11 89 63 76 -4 0 11 0.00 M M 6.1 12 120 M M 0 17 120
12 90 65 78 -2 0 13 0.00 M M 5.9 15 100 M M 0 22 130
13 91 74 83 4 0 18 T M M 8.3 22 170 M M 5 30 170
14 82 72 77 -2 0 12 0.22 M M 8.8 20 80 M M 10 1 30 80
15 89 70 80 1 0 15 0.00 M M 6.8 16 40 M M 6 24 50
16 90 69 80 2 0 15 0.00 M M 6.3 14 100 M M 1 21 70
17 92 69 81 3 0 16 0.00 M M 2.3 12 70 M M 2 1 18 10
18 95 70 83 5 0 18 0.00 M M 5.4 14 330 M M 2 19 320
19 94 71 83 5 0 18 0.00 M M 4.2 9 120 M M 2 1 14 120
20 99 74 87 10 0 22 0.00 M M 10.5 20 170 M M 0 1 26 180
21 88 67 78 1 0 13 0.01 M M 8.8 18 350 M M 2 138 25 360
22 85 56 71 -6 0 6 0.00 M M 7.8 17 340 M M 0 28 330
23 86 52 69 -7 0 4 0.00 M M 3.6 12 110 M M 0 8 16 40
24 86 55 71 -5 0 6 0.00 M M 6.2 15 200 M M 0 19 200
25 89 57 73 -3 0 8 0.00 M M 5.3 12 130 M M 0 17 120
26 90 58 74 -2 0 9 0.00 M M 6.6 14 160 M M 0 19 180
27 89 64 77 2 0 12 0.00 M M 6.8 14 170 M M 1 19 170
28 93 68 81 6 0 16 T M M 9.0 26 160 M M 1 1 35 160
29 89 69 79 4 0 14 T M M 5.9 26 150 M M 0 39 140
30 90 68 79 5 0 14 0.01 M M 6.7 20 290 M M 5 13 29 270
================================================================================
SM 2749 2023 0 445 0.24 M 198.6 M 43
================================================================================
AV 91.6 67.4 6.6 FASTST M M 1 MAX(MPH)
MISC ----> # 26 160 39 140
================================================================================
NOTES:
# LAST OF SEVERAL OCCURRENCES
COLUMN 17 PEAK WIND IN M.P.H.
PRELIMINARY LOCAL CLIMATOLOGICAL DATA (WS FORM: F-6) , PAGE 2
STATION: CORSICANA
MONTH: SEPTEMBER
YEAR: 2021
LATITUDE: 32 1 N
LONGITUDE: 96 24 W
[TEMPERATURE DATA] [PRECIPITATION DATA] SYMBOLS USED IN COLUMN 16
AVERAGE MONTHLY: 79.5 TOTAL FOR MONTH: 0.24 1 = FOG OR MIST
DPTR FM NORMAL: 0.9 DPTR FM NORMAL: -2.29 2 = FOG REDUCING VISIBILITY
HIGHEST: 100 ON 5 GRTST 24HR 0.22 ON 13-14 TO 1/4 MILE OR LESS
LOWEST: 52 ON 23 3 = THUNDER
SNOW, ICE PELLETS, HAIL 4 = ICE PELLETS
TOTAL MONTH: M 5 = HAIL
GRTST 24HR M ON M 6 = FREEZING RAIN OR DRIZZLE
GRTST DEPTH: M ON M 7 = DUSTSTORM OR SANDSTORM:
VSBY 1/2 MILE OR LESS
8 = SMOKE OR HAZE
[NO. OF DAYS WITH] [WEATHER - DAYS WITH] 9 = BLOWING SNOW
X = TORNADO
MAX 32 OR BELOW: 0 0.01 INCH OR MORE: 3
MAX 90 OR ABOVE: 20 0.10 INCH OR MORE: 1
MIN 32 OR BELOW: 0 0.50 INCH OR MORE: 0
MIN 0 OR BELOW: 0 1.00 INCH OR MORE: 0
[HDD (BASE 65) ]
TOTAL THIS MO. 0 CLEAR (SCALE 0-3) 26
DPTR FM NORMAL -2 PTCLDY (SCALE 4-7) 3
TOTAL FM JUL 1 0 CLOUDY (SCALE 8-10) 1
DPTR FM NORMAL 0
[CDD (BASE 65) ]
TOTAL THIS MO. 445
DPTR FM NORMAL 37 [PRESSURE DATA]
TOTAL FM JAN 1 2437 HIGHEST SLP M ON M
DPTR FM NORMAL -127 LOWEST SLP 29.73 ON 29
[REMARKS]
#FINAL-09-21#