000
CXUS51 KRLX 020005
CF6CRW
PRELIMINARY LOCAL CLIMATOLOGICAL DATA (WS FORM: F-6)
STATION: CHARLESTON WV
MONTH: AUGUST
YEAR: 2020
LATITUDE: 38 22 N
LONGITUDE: 81 36 W
TEMPERATURE IN F: :PCPN: SNOW: WIND :SUNSHINE: SKY :PK WND
================================================================================
1 2 3 4 5 6A 6B 7 8 9 10 11 12 13 14 15 16 17 18
12Z AVG MX 2MIN
DY MAX MIN AVG DEP HDD CDD WTR SNW DPTH SPD SPD DIR MIN PSBL S-S WX SPD DR
================================================================================
1 90 70 80 5 0 15 0.01 0.0 0 4.3 20 240 M M 7 13 26 250
2 80 65 73 -2 0 8 0.00 0.0 0 7.7 20 230 M M 6 31 230
3 82 63 73 -2 0 8 0.00 0.0 0 2.5 10 200 M M 5 1 14 140
4 83 67 75 0 0 10 T 0.0 0 4.3 14 250 M M 6 18 18 280
5 84 63 74 -1 0 9 0.00 0.0 0 2.3 9 310 M M 5 12 14 330
6 86 65 76 1 0 11 0.06 0.0 0 3.0 10 70 M M 6 1 14 70
7 87 67 77 2 0 12 T 0.0 0 1.8 12 320 M M 7 1 14 330
8 89 67 78 3 0 13 0.00 0.0 0 1.8 10 230 M M 5 1 14 340
9 91 62 77 2 0 12 0.00 0.0 0 1.6 10 320 M M 2 1 14 320
10 93 63 78 3 0 13 0.00 0.0 0 2.1 9 150 M M 3 1 13 150
11 85 66 76 1 0 11 0.00 0.0 0 2.6 10 220 M M 4 13 230
12 92 69 81 6 0 16 0.01 0.0 0 3.0 16 150 M M 7 19 140
13 93 67 80 5 0 15 0.00 0.0 0 3.8 13 150 M M 5 13 17 150
14 91 68 80 5 0 15 0.44 0.0 0 3.6 22 110 M M 7 13 26 90
15 77 67 72 -3 0 7 0.39 0.0 0 5.2 13 60 M M 10 13 18 50
16 83 66 75 0 0 10 0.00 0.0 0 1.8 7 270 M M 8 1 10 300
17 86 66 76 1 0 11 0.00 0.0 0 3.6 10 270 M M 6 1 16 250
18 85 63 74 0 0 9 0.15 0.0 0 2.8 15 340 M M 6 13 24 340
19 81 59 70 -4 0 5 0.03 0.0 0 3.4 12 30 M M 5 1 17 350
20 86 56 71 -3 0 6 0.00 0.0 0 2.3 8 60 M M 5 12 11 140
21 79 68 74 0 0 9 T 0.0 0 1.9 9 220 M M 8 1 11 240
22 87 67 77 3 0 12 0.01 0.0 0 3.0 14 220 M M 7 138 18 200
23 88 67 78 4 0 13 T 0.0 0 3.2 14 210 M M 5 17 220
24 89 68 79 5 0 14 0.11 0.0 0 3.5 16 200 M M 6 13 22 200
25 91 67 79 5 0 14 1.02 0.0 0 5.5 28 340 M M 5 13 52 340
26 88 64 76 3 0 11 T 0.0 0 1.7 10 210 M M 4 13 14 200
27 87 69 78 5 0 13 T 0.0 0 4.8 22 260 M M 6 3 35 240
28 87 71 79 6 0 14 0.40 0.0 0 4.9 17 230 M M 7 13 23 220
29 85 69 77 4 0 12 0.53 0.0 0 5.6 16 280 M M 8 1 26 280
30 84 65 75 2 0 10 0.00 0.0 0 1.8 9 280 M M 6 1 13 300
31 82 63 73 1 0 8 0.69 0.0 0 3.2 12 180 M M 9 1 14 190
================================================================================
SM 2671 2037 0 346 3.85 0.0 102.6 M 186
================================================================================
AV 86.2 65.7 3.3 FASTST M M 6 MAX(MPH)
MISC ----> 28 340 52 340
================================================================================
NOTES:
# LAST OF SEVERAL OCCURRENCES
COLUMN 17 PEAK WIND IN M.P.H.
PRELIMINARY LOCAL CLIMATOLOGICAL DATA (WS FORM: F-6) , PAGE 2
STATION: CHARLESTON WV
MONTH: AUGUST
YEAR: 2020
LATITUDE: 38 22 N
LONGITUDE: 81 36 W
[TEMPERATURE DATA] [PRECIPITATION DATA] SYMBOLS USED IN COLUMN 16
AVERAGE MONTHLY: 75.9 TOTAL FOR MONTH: 3.85 1 = FOG OR MIST
DPTR FM NORMAL: 1.6 DPTR FM NORMAL: 0.11 2 = FOG REDUCING VISIBILITY
HIGHEST: 93 ON 13,10 GRTST 24HR 1.02 ON 25-25 TO 1/4 MILE OR LESS
LOWEST: 56 ON 20 3 = THUNDER
SNOW, ICE PELLETS, HAIL 4 = ICE PELLETS
TOTAL MONTH: 0.0 INCH 5 = HAIL
GRTST 24HR 0.0 6 = FREEZING RAIN OR DRIZZLE
GRTST DEPTH: 0 7 = DUSTSTORM OR SANDSTORM:
VSBY 1/2 MILE OR LESS
8 = SMOKE OR HAZE
[NO. OF DAYS WITH] [WEATHER - DAYS WITH] 9 = BLOWING SNOW
X = TORNADO
MAX 32 OR BELOW: 0 0.01 INCH OR MORE: 13
MAX 90 OR ABOVE: 7 0.10 INCH OR MORE: 8
MIN 32 OR BELOW: 0 0.50 INCH OR MORE: 3
MIN 0 OR BELOW: 0 1.00 INCH OR MORE: 1
[HDD (BASE 65) ]
TOTAL THIS MO. 0 CLEAR (SCALE 0-3) 2
DPTR FM NORMAL -2 PTCLDY (SCALE 4-7) 25
TOTAL FM JUL 1 0 CLOUDY (SCALE 8-10) 4
DPTR FM NORMAL 0
[CDD (BASE 65) ]
TOTAL THIS MO. 346
DPTR FM NORMAL 54 [PRESSURE DATA]
TOTAL FM JAN 1 1156 HIGHEST SLP 30.18 ON 9
DPTR FM NORMAL 210 LOWEST SLP 29.62 ON 29
[REMARKS]
#FINAL-08-20#