000
CXUS52 KFFC 011010
CF6CSG
PRELIMINARY LOCAL CLIMATOLOGICAL DATA (WS FORM: F-6)
STATION: COLUMBUS
MONTH: AUGUST
YEAR: 2023
LATITUDE: 32 31 N
LONGITUDE: 84 56 W
TEMPERATURE IN F: :PCPN: SNOW: WIND :SUNSHINE: SKY :PK WND
================================================================================
1 2 3 4 5 6A 6B 7 8 9 10 11 12 13 14 15 16 17 18
12Z AVG MX 2MIN
DY MAX MIN AVG DEP HDD CDD WTR SNW DPTH SPD SPD DIR MIN PSBL S-S WX SPD DR
================================================================================
1 97 72 85 2 0 20 0.00 0.0 M 6.3 15 340 M M 2 22 350
2 92 74 83 0 0 18 0.00 0.0 M 5.9 14 130 M M 3 17 110
3 96 74 85 2 0 20 0.07 0.0 M 5.0 24 350 M M 2 3 35 340
4 89 74 82 -1 0 17 0.36 0.0 M 4.3 13 310 M M 4 13 17 340
5 97 75 86 3 0 21 0.00 0.0 M 4.0 13 340 M M 1 20 350
6 98 72 85 2 0 20 0.34 0.0 M 5.3 24 230 M M 3 13 35 240
7 98 71 85 2 0 20 0.00 0.0 M 6.2 22 340 M M 4 3 35 340
8 96 73 85 2 0 20 0.33 0.0 M 4.4 31 330 M M 1 13 44 320
9 93 69 81 -2 0 16 0.20 0.0 M 3.3 16 30 M M 2 13 26 40
10 92 72 82 -1 0 17 0.03 0.0 M 6.1 26 340 M M 3 1 39 350
11 84 72 78 -5 0 13 T 0.0 M 2.9 13 250 M M 2 3 23 10
12 97 70 84 1 0 19 0.17 0.0 M 4.6 21 20 M M 1 13 40 40
13 96 73 85 2 0 20 T 0.0 M 3.5 15 90 M M 3 123 21 90
14 98 76 87 4 0 22 0.00 0.0 M 4.7 17 350 M M 1 3 23 350
15 97 77 87 4 0 22 0.06 0.0 M 5.9 24 340 M M 2 13 34 350
16 90 71 81 -1 0 16 0.00 0.0 M 4.9 14 300 M M 3 19 300
17 91 66 79 -3 0 14 0.00 0.0 M 2.8 15 310 M M 0 23 310
18 94 67 81 -1 0 16 0.00 0.0 M 3.1 16 330 M M 0 20 320
19 94 71 83 1 0 18 0.00 0.0 0 3.8 12 110 M M 1 17 120
20 95 75 85 3 0 20 0.00 0.0 M 6.7 15 80 M M 0 20 110
21 97 75 86 4 0 21 0.00 0.0 M 3.5 10 140 M M 2 17 60
22 98 78 88 6 0 23 0.00 0.0 M 4.6 13 350 M M 1 20 30
23 99 77 88 6 0 23 0.00 0.0 M 6.1 15 90 M M 1 29 120
24 96 76 86 4 0 21 0.00 0.0 M 3.4 14 140 M M 1 1 20 150
25 100 77 89 7 0 24 0.00 0.0 M 4.8 16 340 M M 1 21 330
26 102 78 90 8 0 25 0.00 0.0 M 5.2 14 340 M M 0 20 330
27 100 77 89 7 0 24 0.30 0.0 M 3.5 43 290 M M 0 38 64 280
28 95 74 85 4 0 20 0.05 0.0 M 5.2 22 130 M M 3 3 32 120
29 95 73 84 3 0 19 1.27 0.0 M 4.4 36 230 M M 3 138 45 240
30 88 73 81 0 0 16 0.08 0.0 M 5.9 16 360 M M 6 1 23 360
31 94 70 82 1 0 17 0.00 0.0 M 4.3 9 90 M M 3 M M
================================================================================
SM 2948 2272 0 602 3.26 0.0 144.6 M 59
================================================================================
AV 95.1 73.3 4.7 FASTST M M 2 MAX(MPH)
MISC ----> 43 290 64 280
================================================================================
NOTES:
# LAST OF SEVERAL OCCURRENCES
COLUMN 17 PEAK WIND IN M.P.H.
PRELIMINARY LOCAL CLIMATOLOGICAL DATA (WS FORM: F-6) , PAGE 2
STATION: COLUMBUS
MONTH: AUGUST
YEAR: 2023
LATITUDE: 32 31 N
LONGITUDE: 84 56 W
[TEMPERATURE DATA] [PRECIPITATION DATA] SYMBOLS USED IN COLUMN 16
AVERAGE MONTHLY: 84.2 TOTAL FOR MONTH: 3.26 1 = FOG OR MIST
DPTR FM NORMAL: 1.8 DPTR FM NORMAL: -1.42 2 = FOG REDUCING VISIBILITY
HIGHEST: 102 ON 26 GRTST 24HR 1.30 ON 29-30 TO 1/4 MILE OR LESS
LOWEST: 66 ON 17 3 = THUNDER
SNOW, ICE PELLETS, HAIL 4 = ICE PELLETS
TOTAL MONTH: 0.0 INCH 5 = HAIL
GRTST 24HR 0.0 6 = FREEZING RAIN OR DRIZZLE
GRTST DEPTH: 0 7 = DUSTSTORM OR SANDSTORM:
VSBY 1/2 MILE OR LESS
8 = SMOKE OR HAZE
[NO. OF DAYS WITH] [WEATHER - DAYS WITH] 9 = BLOWING SNOW
X = TORNADO
MAX 32 OR BELOW: 0 0.01 INCH OR MORE: 12
MAX 90 OR ABOVE: 28 0.10 INCH OR MORE: 7
MIN 32 OR BELOW: 0 0.50 INCH OR MORE: 1
MIN 0 OR BELOW: 0 1.00 INCH OR MORE: 1
[HDD (BASE 65) ]
TOTAL THIS MO. 0 CLEAR (SCALE 0-3) 25
DPTR FM NORMAL 0 PTCLDY (SCALE 4-7) 6
TOTAL FM JUL 1 0 CLOUDY (SCALE 8-10) 0
DPTR FM NORMAL 0
[CDD (BASE 65) ]
TOTAL THIS MO. 602
DPTR FM NORMAL 63 [PRESSURE DATA]
TOTAL FM JAN 1 1980 HIGHEST SLP 30.15 ON 21
DPTR FM NORMAL -8 LOWEST SLP 29.64 ON 30
[REMARKS]
#FINAL-08-23#