000
CXUS52 KTAE 010800
CF6CTY
PRELIMINARY LOCAL CLIMATOLOGICAL DATA (WS FORM: F-6)
STATION: CROSS CITY
MONTH: OCTOBER
YEAR: 2023
LATITUDE: 29 37 N
LONGITUDE: 83 6 W
TEMPERATURE IN F: :PCPN: SNOW: WIND :SUNSHINE: SKY :PK WND
================================================================================
1 2 3 4 5 6A 6B 7 8 9 10 11 12 13 14 15 16 17 18
12Z AVG MX 2MIN
DY MAX MIN AVG DEP HDD CDD WTR SNW DPTH SPD SPD DIR MIN PSBL S-S WX SPD DR
================================================================================
1 86 70 78 2 0 13 0.00 0.0 M 8.6 15 40 M M 7 21 30
2 90 66 78 2 0 13 0.00 M M 8.4 13 70 M M 3 8 18 70
3 90 61 76 1 0 11 0.00 0.0 M 6.7 12 40 M M 2 18 21 40
4 90 64 77 2 0 12 0.00 M M 6.1 10 50 M M 2 18 20 40
5 90 68 79 4 0 14 0.00 M M 5.2 12 350 M M 5 1 M M
6 86 68 77 3 0 12 0.00 M M 3.0 8 360 M M 4 12 M M
7 84 64 74 0 0 9 0.00 M M 4.9 12 350 M M 5 20 320
8 75 54 65 -9 0 0 0.00 M M 7.3 14 30 M M 0 M M
9 75 46 61 -13 4 0 0.00 M M 2.3 8 50 M M 0 M M
10 84 45 65 -8 0 0 0.00 0.0 M 2.4 8 10 M M 0 M M
11 78 64 71 -2 0 6 1.04 0.0 M 4.7 12 80 M M 8 1 17 80
12 84 72 78 6 0 13 1.40 0.0 M 9.9 22 200 M M 9 1 30 200
13 86 72 79 7 0 14 0.00 0.0 M 4.3 12 250 M M 9 12 17 250
14 81 68 75 3 0 10 0.00 0.0 M 6.3 9 200 M M 7 16 330
15 75 59 67 -5 0 2 0.00 0.0 0 8.8 14 250 M M 3 21 310
16 70 48 59 -12 6 0 0.00 0.0 0 7.9 13 340 M M 3 20 340
17 72 43 58 -13 7 0 0.00 0.0 0 4.0 13 300 M M 0 18 310
18 77 43 60 -10 5 0 0.00 0.0 0 2.2 8 30 M M 0 M M
19 79 48 64 -6 1 0 0.00 0.0 0 2.6 7 260 M M 0 M M
20 81 50 66 -4 0 1 0.00 0.0 0 6.2 16 250 M M 3 22 250
21 82 54 68 -1 0 3 0.00 0.0 0 4.8 8 280 M M 0 M M
22 84 52 68 -1 0 3 0.00 0.0 0 3.1 9 260 M M 0 M M
23 84 55 70 1 0 5 0.00 0.0 0 4.0 9 30 M M 1 2 M M
24 84 61 73 5 0 8 0.00 0.0 0 7.0 12 80 M M 1 21 80
25 86 63 75 7 0 10 0.00 0.0 0 5.9 12 70 M M 5 1 18 100
26 86 64 75 7 0 10 0.00 0.0 0 5.9 14 90 M M 8 8 18 100
27 86 61 74 7 0 9 0.00 0.0 0 4.3 10 40 M M 5 8 M M
28 88 57 73 6 0 8 0.00 0.0 0 4.0 10 50 M M 3 12 M M
29 86 59 73 7 0 8 0.00 0.0 0 3.8 12 80 M M 3 12 M M
30 86 57 72 6 0 7 0.00 M M 2.4 9 260 M M 3 12 M M
31 84 57 71 5 0 6 0.00 0.0 0 5.2 10 350 M M 3 1 17 340
================================================================================
SM 2569 1813 23 207 2.44 0.0 162.3 M 102
================================================================================
AV 82.9 58.5 5.2 FASTST M M 3 MAX(MPH)
MISC ----> 22 200 30 200
================================================================================
NOTES:
# LAST OF SEVERAL OCCURRENCES
COLUMN 17 PEAK WIND IN M.P.H.
PRELIMINARY LOCAL CLIMATOLOGICAL DATA (WS FORM: F-6) , PAGE 2
STATION: CROSS CITY
MONTH: OCTOBER
YEAR: 2023
LATITUDE: 29 37 N
LONGITUDE: 83 6 W
[TEMPERATURE DATA] [PRECIPITATION DATA] SYMBOLS USED IN COLUMN 16
AVERAGE MONTHLY: 70.7 TOTAL FOR MONTH: 2.44 1 = FOG OR MIST
DPTR FM NORMAL: -0.3 DPTR FM NORMAL: 0.21 2 = FOG REDUCING VISIBILITY
HIGHEST: 90 ON 5, 4 GRTST 24HR 1.40 ON 12-12 TO 1/4 MILE OR LESS
LOWEST: 43 ON 18,17 3 = THUNDER
SNOW, ICE PELLETS, HAIL 4 = ICE PELLETS
TOTAL MONTH: 0.0 INCH 5 = HAIL
GRTST 24HR 0.0 6 = FREEZING RAIN OR DRIZZLE
GRTST DEPTH: 0 7 = DUSTSTORM OR SANDSTORM:
VSBY 1/2 MILE OR LESS
8 = SMOKE OR HAZE
[NO. OF DAYS WITH] [WEATHER - DAYS WITH] 9 = BLOWING SNOW
X = TORNADO
MAX 32 OR BELOW: 0 0.01 INCH OR MORE: 2
MAX 90 OR ABOVE: 4 0.10 INCH OR MORE: 2
MIN 32 OR BELOW: 0 0.50 INCH OR MORE: 2
MIN 0 OR BELOW: 0 1.00 INCH OR MORE: 2
[HDD (BASE 65) ]
TOTAL THIS MO. 23 CLEAR (SCALE 0-3) 19
DPTR FM NORMAL -9 PTCLDY (SCALE 4-7) 10
TOTAL FM JUL 1 23 CLOUDY (SCALE 8-10) 2
DPTR FM NORMAL -6
[CDD (BASE 65) ]
TOTAL THIS MO. 207
DPTR FM NORMAL -12 [PRESSURE DATA]
TOTAL FM JAN 1 2874 HIGHEST SLP M ON M
DPTR FM NORMAL 260 LOWEST SLP M ON M
[REMARKS]
#FINAL-10-23#