000
CXUS52 KCAE 011400
CF6CUB
PRELIMINARY LOCAL CLIMATOLOGICAL DATA (WS FORM: F-6)
STATION: HAMILTON - OWENS AIRPORT SC
MONTH: APRIL
YEAR: 2021
LATITUDE: 33 58 N
LONGITUDE: 80 59 W
TEMPERATURE IN F: :PCPN: SNOW: WIND :SUNSHINE: SKY :PK WND
================================================================================
1 2 3 4 5 6A 6B 7 8 9 10 11 12 13 14 15 16 17 18
12Z AVG MX 2MIN
DY MAX MIN AVG DEP HDD CDD WTR SNW DPTH SPD SPD DIR MIN PSBL S-S WX SPD DR
================================================================================
1 65 42 54 -7 11 0 T M M 8.1 20 310 M M 2 31 300
2 56 36 46 -15 19 0 0.00 M M 4.0 13 310 M M 0 8 21 10
3 62 33 48 -14 17 0 0.00 M M 1.5 10 250 M M 0 14 310
4 75 37 56 -6 9 0 0.00 M M 2.4 13 260 M M 0 16 250
5 81 44 63 1 2 0 0.00 M M 1.6 10 200 M M 0 14 160
6 85 47 66 4 0 1 0.00 M M 2.2 13 280 M M 0 18 290
7 86 50 68 6 0 3 0.00 M M 2.2 10 290 M M 0 16 280
8 83 54 69 6 0 4 0.00 M M 3.0 17 170 M M 0 27 160
9 79 64 72 9 0 7 0.23 M M 4.4 22 230 M M 2 138 32 220
10 78 60 69 6 0 4 0.14 M M 4.3 23 160 M M 5 1 33 140
11 79 56 68 5 0 3 0.00 M M 5.5 20 260 M M 2 1 26 200
12 85 49 67 3 0 2 0.00 M M 4.4 18 270 M M 0 24 260
13 84 51 68 4 0 3 0.00 M M 1.8 9 310 M M 0 13 70
14 87 56 72 8 0 7 T M M 5.8 18 280 M M 1 28 270
15 76 56 66 2 0 1 0.01 M M 6.1 16 280 M M 4 23 280
16 71 49 60 -4 5 0 0.00 M M 2.1 13 300 M M 0 16 320
17 76 54 65 0 0 0 T M M 1.7 14 200 M M 5 19 200
18 77 55 66 1 0 1 0.00 M M 2.9 12 310 M M 2 18 340
19 76 54 65 0 0 0 0.00 M M 3.1 12 280 M M 2 8 18 320
20 76 50 63 -2 2 0 0.00 M M 3.2 16 170 M M 1 22 160
21 79 47 63 -3 2 0 0.00 M M 9.9 26 270 M M 0 37 250
22 64 37 51 -15 14 0 0.00 M M 4.0 16 280 M M 0 8 25 320
23 72 38 55 -11 10 0 0.00 M M 2.5 13 270 M M 1 19 280
24 68 50 59 -7 6 0 0.53 M M 5.4 18 170 M M 6 13 27 160
25 78 58 68 1 0 3 T M M 5.0 14 290 M M 6 1 19 300
26 79 49 64 -3 1 0 0.00 M M 2.0 10 230 M M 0 15 70
27 84 52 68 1 0 3 0.00 M M 4.7 14 170 M M 0 18 210
28 86 63 75 8 0 10 0.00 M M 4.7 13 190 M M 1 17 190
29 87 66 77 9 0 12 0.00 M M 9.2 21 260 M M 1 29 260
30 80 63 72 4 0 7 0.00 M M 8.2 17 260 M M 2 25 270
================================================================================
SM 2314 1520 98 71 0.91 M 125.9 M 43
================================================================================
AV 77.1 50.7 4.2 FASTST M M 1 MAX(MPH)
MISC ----> 26 270 37 250
================================================================================
NOTES:
# LAST OF SEVERAL OCCURRENCES
COLUMN 17 PEAK WIND IN M.P.H.
PRELIMINARY LOCAL CLIMATOLOGICAL DATA (WS FORM: F-6) , PAGE 2
STATION: HAMILTON - OWENS AIRPORT SC
MONTH: APRIL
YEAR: 2021
LATITUDE: 33 58 N
LONGITUDE: 80 59 W
[TEMPERATURE DATA] [PRECIPITATION DATA] SYMBOLS USED IN COLUMN 16
AVERAGE MONTHLY: 63.9 TOTAL FOR MONTH: 0.91 1 = FOG OR MIST
DPTR FM NORMAL: -0.6 DPTR FM NORMAL: -1.78 2 = FOG REDUCING VISIBILITY
HIGHEST: 87 ON 29,14 GRTST 24HR 0.87 ON 31- 1 TO 1/4 MILE OR LESS
LOWEST: 33 ON 3 3 = THUNDER
SNOW, ICE PELLETS, HAIL 4 = ICE PELLETS
TOTAL MONTH: M 5 = HAIL
GRTST 24HR M ON M 6 = FREEZING RAIN OR DRIZZLE
GRTST DEPTH: M ON M 7 = DUSTSTORM OR SANDSTORM:
VSBY 1/2 MILE OR LESS
8 = SMOKE OR HAZE
[NO. OF DAYS WITH] [WEATHER - DAYS WITH] 9 = BLOWING SNOW
X = TORNADO
MAX 32 OR BELOW: 0 0.01 INCH OR MORE: 4
MAX 90 OR ABOVE: 0 0.10 INCH OR MORE: 3
MIN 32 OR BELOW: 0 0.50 INCH OR MORE: 1
MIN 0 OR BELOW: 0 1.00 INCH OR MORE: 0
[HDD (BASE 65) ]
TOTAL THIS MO. 98 CLEAR (SCALE 0-3) 25
DPTR FM NORMAL 0 PTCLDY (SCALE 4-7) 5
TOTAL FM JUL 1 2015 CLOUDY (SCALE 8-10) 0
DPTR FM NORMAL -287
[CDD (BASE 65) ]
TOTAL THIS MO. 71
DPTR FM NORMAL -10 [PRESSURE DATA]
TOTAL FM JAN 1 119 HIGHEST SLP 30.53 ON 3
DPTR FM NORMAL 20 LOWEST SLP 29.57 ON 11
[REMARKS]
#FINAL-04-21#