000
CXUS51 KILN 010531
CF6CVG
PRELIMINARY LOCAL CLIMATOLOGICAL DATA (WS FORM: F-6)
STATION: CINCINNATI OH
MONTH: JULY
YEAR: 2021
LATITUDE: 39 2 N
LONGITUDE: 84 40 W
TEMPERATURE IN F: :PCPN: SNOW: WIND :SUNSHINE: SKY :PK WND
================================================================================
1 2 3 4 5 6A 6B 7 8 9 10 11 12 13 14 15 16 17 18
12Z AVG MX 2MIN
DY MAX MIN AVG DEP HDD CDD WTR SNW DPTH SPD SPD DIR MIN PSBL S-S WX SPD DR
================================================================================
1 79 65 72 -3 0 7 0.52 0.0 0 4.5 18 30 M M 9 13 25 40
2 76 58 67 -9 0 2 0.00 0.0 0 9.4 18 340 M M 4 1 24 10
3 80 57 69 -7 0 4 0.00 0.0 0 7.3 15 300 M M 3 19 280
4 88 66 77 1 0 12 0.00 0.0 0 8.9 15 300 M M 5 19 330
5 90 68 79 3 0 14 0.00 0.0 0 3.4 10 260 M M 1 18 13 210
6 90 71 81 5 0 16 0.00 0.0 0 2.9 12 220 M M 3 138 20 210
7 89 69 79 3 0 14 T 0.0 0 6.6 23 180 M M 5 18 27 170
8 83 68 76 0 0 11 T 0.0 0 7.2 18 210 M M 9 138 24 220
9 76 66 71 -5 0 6 0.00 0.0 0 7.7 15 340 M M 7 8 19 300
10 80 61 71 -5 0 6 0.62 0.0 0 7.4 21 250 M M 8 13 31 250
11 81 69 75 -1 0 10 0.53 0.0 0 7.3 22 160 M M 9 13 28 160
12 84 70 77 1 0 12 0.21 0.0 0 9.0 21 180 M M 9 13 25 170
13 83 69 76 0 0 11 0.24 0.0 0 8.8 17 210 M M 8 138 25 210
14 85 67 76 0 0 11 0.00 0.0 0 5.5 12 210 M M 5 128 14 220
15 88 69 79 3 0 14 0.00 0.0 0 8.2 16 220 M M 5 21 240
16 86 69 78 2 0 13 1.86 0.0 0 7.6 35 290 M M 9 13 42 280
17 83 69 76 0 0 11 0.51 0.0 0 8.6 21 320 M M 8 13 25 330
18 83 68 76 0 0 11 0.00 0.0 0 7.9 16 110 M M 5 21 110
19 85 66 76 0 0 11 0.00 0.0 0 8.0 15 30 M M 1 18 80
20 85 66 76 0 0 11 0.00 0.0 0 5.4 13 340 M M 1 18 16 320
21 82 65 74 -2 0 9 0.00 0.0 0 6.6 14 340 M M 3 8 17 350
22 83 63 73 -3 0 8 0.00 0.0 0 5.5 12 40 M M 4 16 50
23 84 63 74 -2 0 9 0.00 0.0 0 3.1 9 100 M M 3 8 12 120
24 86 65 76 0 0 11 0.00 0.0 0 6.0 14 180 M M 3 18 200
25 89 74 82 6 0 17 0.08 0.0 0 6.3 12 300 M M 8 18 15 290
26 91 74 83 7 0 18 0.00 0.0 0 5.9 15 350 M M 3 19 350
27 89 67 78 2 0 13 0.00 0.0 0 3.5 13 360 M M 0 8 16 350
28 88 67 78 2 0 13 0.00 0.0 0 4.2 13 300 M M 4 18 16 300
29 89 71 80 4 0 15 0.00 0.0 0 7.5 17 250 M M 7 18 26 260
30 85 71 78 2 0 13 0.00 0.0 0 8.6 15 330 M M 5 8 18 320
31 78 63 71 -5 0 6 T 0.0 0 5.5 16 270 M M 8 8 19 280
================================================================================
SM 2618 2074 0 339 4.57 0.0 204.3 M 162
================================================================================
AV 84.5 66.9 6.6 FASTST M M 5 MAX(MPH)
MISC ----> 35 290 42 280
================================================================================
NOTES:
# LAST OF SEVERAL OCCURRENCES
COLUMN 17 PEAK WIND IN M.P.H.
PRELIMINARY LOCAL CLIMATOLOGICAL DATA (WS FORM: F-6) , PAGE 2
STATION: CINCINNATI OH
MONTH: JULY
YEAR: 2021
LATITUDE: 39 2 N
LONGITUDE: 84 40 W
[TEMPERATURE DATA] [PRECIPITATION DATA] SYMBOLS USED IN COLUMN 16
AVERAGE MONTHLY: 75.7 TOTAL FOR MONTH: 4.57 1 = FOG OR MIST
DPTR FM NORMAL: -0.2 DPTR FM NORMAL: 0.74 2 = FOG REDUCING VISIBILITY
HIGHEST: 91 ON 26 GRTST 24HR 1.93 ON 30- 1 TO 1/4 MILE OR LESS
LOWEST: 57 ON 3 3 = THUNDER
SNOW, ICE PELLETS, HAIL 4 = ICE PELLETS
TOTAL MONTH: 0.0 INCH 5 = HAIL
GRTST 24HR 0.0 6 = FREEZING RAIN OR DRIZZLE
GRTST DEPTH: 0 7 = DUSTSTORM OR SANDSTORM:
VSBY 1/2 MILE OR LESS
8 = SMOKE OR HAZE
[NO. OF DAYS WITH] [WEATHER - DAYS WITH] 9 = BLOWING SNOW
X = TORNADO
MAX 32 OR BELOW: 0 0.01 INCH OR MORE: 8
MAX 90 OR ABOVE: 3 0.10 INCH OR MORE: 7
MIN 32 OR BELOW: 0 0.50 INCH OR MORE: 5
MIN 0 OR BELOW: 0 1.00 INCH OR MORE: 1
[HDD (BASE 65) ]
TOTAL THIS MO. 0 CLEAR (SCALE 0-3) 9
DPTR FM NORMAL -1 PTCLDY (SCALE 4-7) 15
TOTAL FM JUL 1 0 CLOUDY (SCALE 8-10) 7
DPTR FM NORMAL 0
[CDD (BASE 65) ]
TOTAL THIS MO. 339
DPTR FM NORMAL -1 [PRESSURE DATA]
TOTAL FM JAN 1 714 HIGHEST SLP M ON M
DPTR FM NORMAL 32 LOWEST SLP 29.81 ON 11
[REMARKS]
#FINAL-07-21#