000
CXUS54 KHGX 011410
CF6CXO
PRELIMINARY LOCAL CLIMATOLOGICAL DATA (WS FORM: F-6)
STATION: CONROE
MONTH: APRIL
YEAR: 2021
LATITUDE: 30 21 N
LONGITUDE: 95 25 W
TEMPERATURE IN F: :PCPN: SNOW: WIND :SUNSHINE: SKY :PK WND
================================================================================
1 2 3 4 5 6A 6B 7 8 9 10 11 12 13 14 15 16 17 18
12Z AVG MX 2MIN
DY MAX MIN AVG DEP HDD CDD WTR SNW DPTH SPD SPD DIR MIN PSBL S-S WX SPD DR
================================================================================
1 71 39 55 -9 10 0 0.00 0.0 0 4.6 16 350 M M 1 26 10
2 70 37 54 -10 11 0 0.00 0.0 0 6.6 15 150 M M 0 20 160
3 65 43 54 -10 11 0 0.03 0.0 0 3.8 14 130 M M 5 1 20 120
4 75 44 60 -4 5 0 T 0.0 0 4.1 13 170 M M 4 1 16 150
5 79 51 65 0 0 0 T 0.0 0 6.4 20 160 M M 5 12 23 160
6 85 61 73 8 0 8 T 0.0 0 12.0 24 150 M M 8 31 150
7 80 54 67 2 0 2 0.04 0.0 0 8.2 20 180 M M 8 1 27 180
8 87 47 67 2 0 2 0.00 0.0 0 6.1 15 160 M M 1 128 31 150
9 85 68 77 12 0 12 0.00 0.0 0 11.5 24 170 M M 9 18 30 170
10 82 52 67 1 0 2 0.01 0.0 0 7.9 20 340 M M 4 12 27 360
11 87 43 65 -1 0 0 0.00 0.0 0 3.0 10 80 M M 0 13 70
12 88 47 68 2 0 3 0.00 0.0 0 6.6 16 150 M M 0 1 21 170
13 84 68 76 10 0 11 0.02 0.0 0 6.2 20 120 M M 10 18 25 130
14 76 67 72 6 0 7 T 0.0 0 4.7 12 70 M M 10 18 16 60
15 72 61 67 0 0 2 0.04 0.0 0 6.6 17 80 M M 9 13 22 70
16 74 60 67 0 0 2 0.10 0.0 0 6.5 13 140 M M 10 18 18 140
17 65 49 57 -10 8 0 T 0.0 0 9.3 23 360 M M 8 138 31 340
18 67 45 56 -11 9 0 0.00 0.0 0 6.2 15 320 M M 0 22 30
19 75 41 58 -10 7 0 T 0.0 0 3.0 14 50 M M 1 17 60
20 84 50 67 -1 0 2 T 0.0 0 5.7 18 340 M M 2 25 350
21 69 44 57 -11 8 0 0.00 0.0 0 6.5 16 350 M M 1 22 50
22 73 42 58 -10 7 0 T 0.0 0 7.8 15 130 M M 5 21 120
23 75 63 69 1 0 4 0.81 0.0 0 7.6 45 330 M M 10 138 61 330
24 84 58 71 2 0 6 T 0.0 0 8.7 20 330 M M 3 12 25 320
25 84 58 71 2 0 6 0.00 0.0 0 6.8 15 150 M M 0 17 140
26 85 56 71 2 0 6 0.00 0.0 0 8.5 21 150 M M 2 128 25 170
27 79 70 75 5 0 10 0.00 0.0 0 10.4 18 150 M M 7 8 26 130
28 88 74 81 11 0 16 0.00 0.0 0 15.2 30 180 M M 9 8 40 170
29 86 72 79 9 0 14 0.05 0.0 0 8.1 14 120 M M 7 18 19 150
30 76 68 72 2 0 7 3.59 0.0 0 5.8 15 130 M M 8 13 18 150
================================================================================
SM 2350 1632 76 122 4.69 0.0 214.4 M 147
================================================================================
AV 78.3 54.4 7.1 FASTST M M 5 MAX(MPH)
MISC ----> 45 330 61 330
================================================================================
NOTES:
# LAST OF SEVERAL OCCURRENCES
COLUMN 17 PEAK WIND IN M.P.H.
PRELIMINARY LOCAL CLIMATOLOGICAL DATA (WS FORM: F-6) , PAGE 2
STATION: CONROE
MONTH: APRIL
YEAR: 2021
LATITUDE: 30 21 N
LONGITUDE: 95 25 W
[TEMPERATURE DATA] [PRECIPITATION DATA] SYMBOLS USED IN COLUMN 16
AVERAGE MONTHLY: 66.4 TOTAL FOR MONTH: 4.69 1 = FOG OR MIST
DPTR FM NORMAL: -0.5 DPTR FM NORMAL: 2.02 2 = FOG REDUCING VISIBILITY
HIGHEST: 88 ON 28,12 GRTST 24HR 3.64 ON 29-30 TO 1/4 MILE OR LESS
LOWEST: 37 ON 2 3 = THUNDER
SNOW, ICE PELLETS, HAIL 4 = ICE PELLETS
TOTAL MONTH: 0.0 INCH 5 = HAIL
GRTST 24HR 0.0 6 = FREEZING RAIN OR DRIZZLE
GRTST DEPTH: 0 7 = DUSTSTORM OR SANDSTORM:
VSBY 1/2 MILE OR LESS
8 = SMOKE OR HAZE
[NO. OF DAYS WITH] [WEATHER - DAYS WITH] 9 = BLOWING SNOW
X = TORNADO
MAX 32 OR BELOW: 0 0.01 INCH OR MORE: 9
MAX 90 OR ABOVE: 0 0.10 INCH OR MORE: 3
MIN 32 OR BELOW: 0 0.50 INCH OR MORE: 2
MIN 0 OR BELOW: 0 1.00 INCH OR MORE: 1
[HDD (BASE 65) ]
TOTAL THIS MO. 76 CLEAR (SCALE 0-3) 12
DPTR FM NORMAL 12 PTCLDY (SCALE 4-7) 10
TOTAL FM JUL 1 1657 CLOUDY (SCALE 8-10) 8
DPTR FM NORMAL -83
[CDD (BASE 65) ]
TOTAL THIS MO. 122
DPTR FM NORMAL 1 [PRESSURE DATA]
TOTAL FM JAN 1 219 HIGHEST SLP 30.53 ON 1
DPTR FM NORMAL 30 LOWEST SLP 29.59 ON 9
[REMARKS]
#FINAL-04-21#