722
CXUS54 KFWD 012154
CF6DAL
PRELIMINARY LOCAL CLIMATOLOGICAL DATA (WS FORM: F-6)
STATION: DALLAS LOVE FIELD
MONTH: AUGUST
YEAR: 2020
LATITUDE: 32 50 N
LONGITUDE: 96 51 W
TEMPERATURE IN F: :PCPN: SNOW: WIND :SUNSHINE: SKY :PK WND
================================================================================
1 2 3 4 5 6A 6B 7 8 9 10 11 12 13 14 15 16 17 18
12Z AVG MX 2MIN
DY MAX MIN AVG DEP HDD CDD WTR SNW DPTH SPD SPD DIR MIN PSBL S-S WX SPD DR
================================================================================
1 94 72 83 -4 0 18 0.00 0.0 0 4.5 12 350 M M 3 29 190
2 96 77 87 -1 0 22 0.00 0.0 0 4.8 15 330 M M 2 27 20
3 95 69 82 -6 0 17 0.00 0.0 0 5.6 13 30 M M 5 26 220
4 95 76 86 -2 0 21 0.00 0.0 0 6.4 15 100 M M 4 21 100
5 93 78 86 -2 0 21 T 0.0 0 8.7 16 120 M M 6 24 60
6 98 76 87 -1 0 22 0.00 0.0 0 10.2 18 160 M M 3 26 150
7 98 80 89 1 0 24 0.00 0.0 0 10.5 18 160 M M 3 26 170
8 99 80 90 2 0 25 0.00 0.0 0 10.3 17 150 M M 2 26 170
9 99 79 89 1 0 24 0.00 0.0 0 10.4 17 170 M M 1 25 130
10 99 81 90 3 0 25 0.00 0.0 0 11.0 18 150 M M 1 27 170
11 99 82 91 4 0 26 0.00 0.0 0 10.4 17 170 M M 2 27 180
12 103 84 94 7 0 29 0.00 0.0 0 9.5 17 180 M M 4 25 170
13 102 85 94 7 0 29 0.00 0.0 0 10.1 17 170 M M 1 23 180
14 105 84 95 8 0 30 0.00 0.0 0 10.7 16 120 M M 2 24 180
15 104 83 94 7 0 29 0.00 0.0 0 8.0 13 160 M M 3 20 160
16 105 72 89 2 0 24 1.03 0.0 0 6.4 37 360 M M 8 135 61 350
17 95 74 85 -2 0 20 T 0.0 0 3.0 12 120 M M 6 22 20
18 97 77 87 0 0 22 0.00 0.0 0 6.4 16 10 M M 2 27 350
19 93 71 82 -5 0 17 0.00 0.0 0 4.8 13 10 M M 2 28 340
20 94 73 84 -3 0 19 0.00 0.0 0 6.1 13 110 M M 2 17 110
21 94 72 83 -3 0 18 0.00 0.0 0 4.9 12 110 M M 3 17 130
22 97 75 86 0 0 21 0.00 0.0 0 6.1 15 150 M M 3 19 150
23 97 75 86 0 0 21 0.00 0.0 0 4.6 10 120 M M 1 16 190
24 98 77 88 2 0 23 0.00 0.0 0 5.7 13 110 M M 2 18 150
25 98 77 88 2 0 23 T 0.0 0 5.9 13 110 M M 3 19 100
26 94 76 85 -1 0 20 T 0.0 0 7.8 23 100 M M 6 3 32 120
27 95 75 85 0 0 20 T 0.0 0 5.0 21 320 M M 5 28 320
28 105 79 92 7 0 27 0.00 0.0 0 7.9 20 150 M M 3 30 150
29 106 80 93 8 0 28 0.05 0.0 0 8.9 16 150 M M 3 3 23 180
30 96 73 85 1 0 20 2.61 0.0 0 8.5 18 130 M M 6 13 30 120
31 100 83 92 8 0 27 0.00 0.0 0 9.6 16 130 M M 7 23 180
================================================================================
SM 3043 2395 0 712 3.69 0.0 232.7 M 104
================================================================================
AV 98.2 77.3 7.5 FASTST M M 3 MAX(MPH)
MISC ----> # 37 360 # 61 350
================================================================================
NOTES:
# LAST OF SEVERAL OCCURRENCES
COLUMN 17 PEAK WIND IN M.P.H.
PRELIMINARY LOCAL CLIMATOLOGICAL DATA (WS FORM: F-6) , PAGE 2
STATION: DALLAS LOVE FIELD
MONTH: AUGUST
YEAR: 2020
LATITUDE: 32 50 N
LONGITUDE: 96 51 W
[TEMPERATURE DATA] [PRECIPITATION DATA] SYMBOLS USED IN COLUMN 16
AVERAGE MONTHLY: 87.7 TOTAL FOR MONTH: 3.69 1 = FOG OR MIST
DPTR FM NORMAL: 1.1 DPTR FM NORMAL: 1.82 2 = FOG REDUCING VISIBILITY
HIGHEST: 106 ON 29 GRTST 24HR 2.61 ON 30-30 TO 1/4 MILE OR LESS
LOWEST: 69 ON 3 3 = THUNDER
SNOW, ICE PELLETS, HAIL 4 = ICE PELLETS
TOTAL MONTH: 0.0 INCH 5 = HAIL
GRTST 24HR 0.0 6 = FREEZING RAIN OR DRIZZLE
GRTST DEPTH: 0 7 = DUSTSTORM OR SANDSTORM:
VSBY 1/2 MILE OR LESS
8 = SMOKE OR HAZE
[NO. OF DAYS WITH] [WEATHER - DAYS WITH] 9 = BLOWING SNOW
X = TORNADO
MAX 32 OR BELOW: 0 0.01 INCH OR MORE: 3
MAX 90 OR ABOVE: 31 0.10 INCH OR MORE: 2
MIN 32 OR BELOW: 0 0.50 INCH OR MORE: 2
MIN 0 OR BELOW: 0 1.00 INCH OR MORE: 2
[HDD (BASE 65) ]
TOTAL THIS MO. 0 CLEAR (SCALE 0-3) 18
DPTR FM NORMAL 0 PTCLDY (SCALE 4-7) 13
TOTAL FM JUL 1 0 CLOUDY (SCALE 8-10) 0
DPTR FM NORMAL 0
[CDD (BASE 65) ]
TOTAL THIS MO. 712
DPTR FM NORMAL 43 [PRESSURE DATA]
TOTAL FM JAN 1 2517 HIGHEST SLP 30.12 ON 16
DPTR FM NORMAL 193 LOWEST SLP 29.65 ON 30
[REMARKS]
NO EDITS
#FINAL-08-20#