000
CXUS51 KRNK 011217
CF6DAN
PRELIMINARY LOCAL CLIMATOLOGICAL DATA (WS FORM: F-6)
STATION: DANVILLE VA
MONTH: OCTOBER
YEAR: 2023
LATITUDE: 36 34 N
LONGITUDE: 79 20 W
TEMPERATURE IN F: :PCPN: SNOW: WIND :SUNSHINE: SKY :PK WND
================================================================================
1 2 3 4 5 6A 6B 7 8 9 10 11 12 13 14 15 16 17 18
12Z AVG MX 2MIN
DY MAX MIN AVG DEP HDD CDD WTR SNW DPTH SPD SPD DIR MIN PSBL S-S WX SPD DR
================================================================================
1 80 54 67 2 0 2 0.00 0.0 0 3.3 13 50 M M 1 19 40
2 82 54 68 4 0 3 0.00 0.0 0 2.5 12 60 M M 0 16 50
3 81 56 69 5 0 4 0.00 0.0 0 0.6 6 330 M M 4 8 330
4 80 55 68 5 0 3 0.00 0.0 0 1.2 13 60 M M 1 1 16 60
5 79 53 66 3 0 1 0.00 0.0 0 1.5 9 50 M M 5 1 14 80
6 81 59 70 7 0 5 T 0.0 0 0.6 6 230 M M 6 1 8 230
7 69 45 57 -5 8 0 0.16 0.0 0 8.1 18 310 M M 4 1 27 310
8 63 38 51 -11 14 0 0.00 0.0 0 6.8 15 270 M M 3 23 330
9 70 37 54 -7 11 0 T 0.0 0 4.5 20 230 M M 4 26 230
10 74 42 58 -3 7 0 0.00 0.0 0 2.9 14 230 M M 2 1 20 230
11 70 47 59 -2 6 0 0.00 0.0 0 2.3 9 300 M M 1 13 330
12 77 52 65 5 0 0 0.00 0.0 0 1.8 9 40 M M 3 12 50
13 79 48 64 4 1 0 0.00 0.0 0 2.0 8 70 M M 2 13 80
14 64 56 60 0 5 0 0.73 0.0 0 4.0 16 300 M M 9 1 23 320
15 62 45 54 -5 11 0 0.02 0.0 0 6.7 15 10 M M 6 1 22 10
16 61 40 51 -8 14 0 0.00 0.0 0 M M M M M 7 M M
17 67 41 54 -4 11 0 0.00 0.0 0 4.6 8 320 M M 7 11 330
18 69 45 57 -1 8 0 0.00 0.0 0 1.1 9 230 M M 6 15 220
19 71 40 56 -2 9 0 0.00 0.0 0 2.9 14 220 M M 2 1 22 230
20 64 50 57 0 8 0 0.26 0.0 0 4.7 15 250 M M 8 1 22 260
21 68 47 58 1 7 0 0.00 0.0 0 8.1 20 250 M M 2 26 250
22 70 42 56 0 9 0 0.00 0.0 0 6.7 17 280 M M 1 27 280
23 69 35 52 -4 13 0 0.00 0.0 0 1.5 7 320 M M 0 8 50
24 72 33 53 -3 12 0 0.00 0.0 0 1.6 7 210 M M 0 1 11 170
25 77 37 57 2 8 0 0.00 0.0 0 1.9 9 230 M M 0 14 220
26 79 44 62 7 3 0 0.00 0.0 0 3.1 12 240 M M 0 16 250
27 81 49 65 11 0 0 0.00 0.0 0 2.8 12 260 M M 2 1 16 220
28 85 55 70 16 0 5 0.00 0.0 0 2.4 8 230 M M 2 14 350
29 83 56 70 16 0 5 0.00 0.0 0 4.7 14 240 M M 1 1 20 240
30 84 55 70 17 0 5 T 0.0 0 9.5 22 240 M M 3 30 260
31 57 36 47 -6 18 0 0.07 0.0 0 6.1 16 40 M M 9 1 24 60
================================================================================
SM 2268 1446 183 33 1.24 0.0 110.5 M 101
================================================================================
AV 73.2 46.6 3.7 FASTST M M 3 MAX(MPH)
MISC ----> 22 240 30 260
================================================================================
NOTES:
# LAST OF SEVERAL OCCURRENCES
COLUMN 17 PEAK WIND IN M.P.H.
PRELIMINARY LOCAL CLIMATOLOGICAL DATA (WS FORM: F-6) , PAGE 2
STATION: DANVILLE VA
MONTH: OCTOBER
YEAR: 2023
LATITUDE: 36 34 N
LONGITUDE: 79 20 W
[TEMPERATURE DATA] [PRECIPITATION DATA] SYMBOLS USED IN COLUMN 16
AVERAGE MONTHLY: 59.9 TOTAL FOR MONTH: 1.24 1 = FOG OR MIST
DPTR FM NORMAL: 1.1 DPTR FM NORMAL: -2.06 2 = FOG REDUCING VISIBILITY
HIGHEST: 85 ON 28 GRTST 24HR 0.73 ON 14-14 TO 1/4 MILE OR LESS
LOWEST: 33 ON 24 3 = THUNDER
SNOW, ICE PELLETS, HAIL 4 = ICE PELLETS
TOTAL MONTH: 0.0 INCH 5 = HAIL
GRTST 24HR 0.0 6 = FREEZING RAIN OR DRIZZLE
GRTST DEPTH: 0 7 = DUSTSTORM OR SANDSTORM:
VSBY 1/2 MILE OR LESS
8 = SMOKE OR HAZE
[NO. OF DAYS WITH] [WEATHER - DAYS WITH] 9 = BLOWING SNOW
X = TORNADO
MAX 32 OR BELOW: 0 0.01 INCH OR MORE: 5
MAX 90 OR ABOVE: 0 0.10 INCH OR MORE: 3
MIN 32 OR BELOW: 0 0.50 INCH OR MORE: 1
MIN 0 OR BELOW: 0 1.00 INCH OR MORE: 0
[HDD (BASE 65) ]
TOTAL THIS MO. 183 CLEAR (SCALE 0-3) 18
DPTR FM NORMAL -41 PTCLDY (SCALE 4-7) 11
TOTAL FM JUL 1 196 CLOUDY (SCALE 8-10) 2
DPTR FM NORMAL -58
[CDD (BASE 65) ]
TOTAL THIS MO. 33
DPTR FM NORMAL 3 [PRESSURE DATA]
TOTAL FM JAN 1 1236 HIGHEST SLP 30.43 ON 24
DPTR FM NORMAL -145 LOWEST SLP 29.51 ON 14
[REMARKS]
#FINAL-10-23#