000
CXUS51 KILN 010629
CF6DAY
PRELIMINARY LOCAL CLIMATOLOGICAL DATA (WS FORM: F-6)
STATION: DAYTON OH
MONTH: DECEMBER
YEAR: 2023
LATITUDE: 39 54 N
LONGITUDE: 84 12 W
TEMPERATURE IN F: :PCPN: SNOW: WIND :SUNSHINE: SKY :PK WND
================================================================================
1 2 3 4 5 6A 6B 7 8 9 10 11 12 13 14 15 16 17 18
12Z AVG MX 2MIN
DY MAX MIN AVG DEP HDD CDD WTR SNW DPTH SPD SPD DIR MIN PSBL S-S WX SPD DR
================================================================================
1 53 43 48 10 17 0 0.29 0.0 0 10.4 24 210 M M 10 1 31 210
2 52 45 49 11 16 0 0.00 0.0 0 7.6 18 260 M M 9 1 21 260
3 48 36 42 4 23 0 0.01 0.0 0 12.2 25 260 M M 9 128 36 250
4 44 30 37 0 28 0 0.00 0.0 0 4.8 20 270 M M 8 24 250
5 41 36 39 2 26 0 0.08 0.0 0 7.4 15 260 M M 10 1 18 360
6 42 30 36 -1 29 0 0.01 0.1 0 9.5 20 270 M M 8 14 22 280
7 54 31 43 7 22 0 0.00 0.0 0 13.7 23 220 M M 5 30 210
8 59 45 52 16 13 0 0.00 0.0 0 14.7 22 200 M M 7 29 200
9 59 41 50 14 15 0 0.74 0.0 0 13.4 23 180 M M 10 1 31 170
10 45 33 39 3 26 0 T T 0 11.3 17 300 M M 10 18 21 290
11 37 27 32 -3 33 0 T T 0 8.9 15 250 M M 6 18 230
12 50 29 40 5 25 0 0.00 0.0 0 12.3 21 240 M M 0 25 250
13 43 24 34 -1 31 0 0.00 0.0 0 3.6 10 310 M M 3 13 310
14 49 24 37 2 28 0 0.00 0.0 0 5.1 12 240 M M 0 14 220
15 56 29 43 9 22 0 0.00 0.0 0 5.1 10 160 M M 2 13 160
16 56 36 46 12 19 0 T 0.0 0 9.7 16 160 M M 8 19 160
17 53 41 47 13 18 0 0.29 0.0 0 10.0 17 250 M M 10 1 22 170
18 41 27 34 0 31 0 0.04 0.7 0 19.3 32 290 M M 10 128 39 310
19 36 25 31 -2 34 0 T T T 10.4 21 290 M M 6 25 280
20 49 27 38 5 27 0 0.00 0.0 0 8.1 15 190 M M 5 18 190
21 49 35 42 9 23 0 0.00 0.0 0 5.7 10 210 M M 8 13 200
22 48 38 43 10 22 0 T 0.0 0 6.3 10 160 M M 10 13 160
23 48 42 45 13 20 0 0.29 0.0 0 8.3 16 190 M M 10 12 21 190
24 56 47 52 20 13 0 0.00 0.0 0 6.8 10 130 M M 8 12 16 200
25 60 45 53 21 12 0 0.21 0.0 0 13.4 26 130 M M 8 1 33 120
26 58 44 51 19 14 0 0.02 0.0 0 8.1 21 130 M M 10 12 25 140
27 50 37 44 12 21 0 0.00 0.0 0 6.6 13 340 M M 8 15 330
28 43 37 40 8 25 0 0.00 0.0 0 8.9 16 200 M M 10 128 22 200
29 41 35 38 7 27 0 T T 0 9.2 16 280 M M 10 1 19 270
30 42 34 38 7 27 0 0.01 T 0 12.3 20 240 M M 10 1 24 250
31 39 31 35 4 30 0 0.03 0.1 0 13.0 25 280 M M 10 18 30 280
================================================================================
SM 1501 1084 717 0 2.02 0.9 296.1 M 238
================================================================================
AV 48.4 35.0 9.6 FASTST M M 8 MAX(MPH)
MISC ----> 32 290 39 310
================================================================================
NOTES:
# LAST OF SEVERAL OCCURRENCES
COLUMN 17 PEAK WIND IN M.P.H.
PRELIMINARY LOCAL CLIMATOLOGICAL DATA (WS FORM: F-6) , PAGE 2
STATION: DAYTON OH
MONTH: DECEMBER
YEAR: 2023
LATITUDE: 39 54 N
LONGITUDE: 84 12 W
[TEMPERATURE DATA] [PRECIPITATION DATA] SYMBOLS USED IN COLUMN 16
AVERAGE MONTHLY: 41.7 TOTAL FOR MONTH: 2.02 1 = FOG OR MIST
DPTR FM NORMAL: 7.4 DPTR FM NORMAL: -1.03 2 = FOG REDUCING VISIBILITY
HIGHEST: 60 ON 25 GRTST 24HR 0.74 ON 9- 9 TO 1/4 MILE OR LESS
LOWEST: 24 ON 14,13 3 = THUNDER
SNOW, ICE PELLETS, HAIL 4 = ICE PELLETS
TOTAL MONTH: 0.9 INCH 5 = HAIL
GRTST 24HR 0.7 ON 18-18 6 = FREEZING RAIN OR DRIZZLE
GRTST DEPTH: T 7 = DUSTSTORM OR SANDSTORM:
VSBY 1/2 MILE OR LESS
8 = SMOKE OR HAZE
[NO. OF DAYS WITH] [WEATHER - DAYS WITH] 9 = BLOWING SNOW
X = TORNADO
MAX 32 OR BELOW: 0 0.01 INCH OR MORE: 12
MAX 90 OR ABOVE: 0 0.10 INCH OR MORE: 5
MIN 32 OR BELOW: 12 0.50 INCH OR MORE: 1
MIN 0 OR BELOW: 0 1.00 INCH OR MORE: 0
[HDD (BASE 65) ]
TOTAL THIS MO. 717 CLEAR (SCALE 0-3) 4
DPTR FM NORMAL -235 PTCLDY (SCALE 4-7) 9
TOTAL FM JUL 1 1623 CLOUDY (SCALE 8-10) 18
DPTR FM NORMAL -319
[CDD (BASE 65) ]
TOTAL THIS MO. 0
DPTR FM NORMAL 0 [PRESSURE DATA]
TOTAL FM JAN 1 1018 HIGHEST SLP M ON M
DPTR FM NORMAL -135 LOWEST SLP 28.86 ON 31
[REMARKS]
#FINAL-12-23#