000
CXUS53 KILX 010900
CF6DEC
PRELIMINARY LOCAL CLIMATOLOGICAL DATA (WS FORM: F-6)
STATION: DECATUR IL AIRPORT
MONTH: APRIL
YEAR: 2022
LATITUDE: 39 49 N
LONGITUDE: 88 51 W
TEMPERATURE IN F: :PCPN: SNOW: WIND :SUNSHINE: SKY :PK WND
================================================================================
1 2 3 4 5 6A 6B 7 8 9 10 11 12 13 14 15 16 17 18
12Z AVG MX 2MIN
DY MAX MIN AVG DEP HDD CDD WTR SNW DPTH SPD SPD DIR MIN PSBL S-S WX SPD DR
================================================================================
1 47 33 40 -8 25 0 0.00 M M 8.1 16 330 M M 7 23 300
2 54 31 43 -5 22 0 T M M 12.6 30 300 M M 4 41 300
3 60 33 47 -2 18 0 T M M 5.9 17 130 M M 2 23 120
4 59 36 48 -1 17 0 0.02 M M 10.9 20 250 M M 4 26 220
5 57 36 47 -2 18 0 0.24 M M 10.3 22 170 M M 6 1 30 160
6 60 44 52 2 13 0 0.43 M M 14.8 29 240 M M 9 1 40 250
7 48 38 43 -7 22 0 0.06 M M 14.4 26 280 M M 8 1 40 300
8 40 34 37 -13 28 0 0.07 M M 12.8 21 300 M M 10 1 34 290
9 53 32 43 -8 22 0 T M M 6.9 16 310 M M 3 1 22 320
10 69 30 50 -1 15 0 0.00 M M 16.3 32 160 M M 1 42 160
11 67 43 55 3 10 0 0.00 M M 5.7 23 200 M M 7 35 210
12 68 39 54 2 11 0 0.00 M M 14.9 25 180 M M 4 1 37 180
13 69 36 53 1 12 0 0.94 M M 17.6 29 180 M M 7 13 42 160
14 58 34 46 -6 19 0 0.00 M M 16.0 33 250 M M 0 48 230
15 65 36 51 -2 14 0 0.00 M M 10.2 28 230 M M 5 40 230
16 54 36 45 -8 20 0 0.00 M M 12.4 21 320 M M 2 28 290
17 50 32 41 -13 24 0 0.33 M M 13.3 23 90 M M 4 1 29 110
18 49 35 42 -12 23 0 0.01 M M 15.2 31 300 M M 8 1 43 290
19 53 31 42 -12 23 0 0.00 M M 8.1 16 300 M M 2 23 310
20 59 45 52 -3 13 0 0.21 M M 16.2 31 190 M M 10 1 42 190
21 72 52 62 7 3 0 0.02 M M 7.6 23 200 M M 5 1 31 210
22 81 52 67 11 0 2 0.07 M M 13.7 28 190 M M 4 13 38 190
23 83 64 74 18 0 9 0.00 M M 19.6 35 190 M M 0 49 210
24 75 58 67 11 0 2 0.74 M M 14.1 28 190 M M 8 13 47 240
25 59 38 49 -7 16 0 0.01 M M 12.7 20 290 M M 6 29 280
26 56 35 46 -11 19 0 0.00 M M 9.7 21 320 M M 1 28 300
27 70 34 52 -5 13 0 0.00 M M 8.9 22 70 M M 1 29 70
28 61 46 54 -4 11 0 0.06 M M 11.1 17 140 M M 8 1 23 140
29 67 52 60 2 5 0 0.01 M M 11.9 40 130 M M 7 51 120
30 76 55 66 8 0 1 0.32 M M 17.1 31 210 M M 5 138 44 200
================================================================================
SM 1839 1200 436 14 3.54 M 369.0 M 148
================================================================================
AV 61.3 40.0 12.3 FASTST M M 5 MAX(MPH)
MISC ----> 40 130 51 120
================================================================================
NOTES:
# LAST OF SEVERAL OCCURRENCES
COLUMN 17 PEAK WIND IN M.P.H.
PRELIMINARY LOCAL CLIMATOLOGICAL DATA (WS FORM: F-6) , PAGE 2
STATION: DECATUR IL AIRPORT
MONTH: APRIL
YEAR: 2022
LATITUDE: 39 49 N
LONGITUDE: 88 51 W
[TEMPERATURE DATA] [PRECIPITATION DATA] SYMBOLS USED IN COLUMN 16
AVERAGE MONTHLY: 50.7 TOTAL FOR MONTH: 3.54 1 = FOG OR MIST
DPTR FM NORMAL: -2.4 DPTR FM NORMAL: -0.12 2 = FOG REDUCING VISIBILITY
HIGHEST: 83 ON 23 GRTST 24HR 0.94 ON 13-13 TO 1/4 MILE OR LESS
LOWEST: 30 ON 10 3 = THUNDER
SNOW, ICE PELLETS, HAIL 4 = ICE PELLETS
TOTAL MONTH: M 5 = HAIL
GRTST 24HR M ON M 6 = FREEZING RAIN OR DRIZZLE
GRTST DEPTH: M ON M 7 = DUSTSTORM OR SANDSTORM:
VSBY 1/2 MILE OR LESS
8 = SMOKE OR HAZE
[NO. OF DAYS WITH] [WEATHER - DAYS WITH] 9 = BLOWING SNOW
X = TORNADO
MAX 32 OR BELOW: 0 0.01 INCH OR MORE: 16
MAX 90 OR ABOVE: 0 0.10 INCH OR MORE: 7
MIN 32 OR BELOW: 5 0.50 INCH OR MORE: 2
MIN 0 OR BELOW: 0 1.00 INCH OR MORE: 0
[HDD (BASE 65) ]
TOTAL THIS MO. 436 CLEAR (SCALE 0-3) 8
DPTR FM NORMAL 66 PTCLDY (SCALE 4-7) 18
TOTAL FM JUL 1 5048 CLOUDY (SCALE 8-10) 4
DPTR FM NORMAL -207
[CDD (BASE 65) ]
TOTAL THIS MO. 14
DPTR FM NORMAL 1 [PRESSURE DATA]
TOTAL FM JAN 1 14 HIGHEST SLP 30.39 ON 26
DPTR FM NORMAL -2 LOWEST SLP 29.46 ON 13
[REMARKS]
#FINAL-04-22#