236
CXUS54 KSHV 011300
CF6DEQ
PRELIMINARY LOCAL CLIMATOLOGICAL DATA (WS FORM: F-6)
STATION: DE QUEEN
MONTH: MARCH
YEAR: 2021
LATITUDE: 34 2 N
LONGITUDE: 94 24 W
TEMPERATURE IN F: :PCPN: SNOW: WIND :SUNSHINE: SKY :PK WND
================================================================================
1 2 3 4 5 6A 6B 7 8 9 10 11 12 13 14 15 16 17 18
12Z AVG MX 2MIN
DY MAX MIN AVG DEP HDD CDD WTR SNW DPTH SPD SPD DIR MIN PSBL S-S WX SPD DR
================================================================================
1 57 39 48 -1 17 0 0.00 0.0 0 6.1 15 70 M M 4 23 60
2 61 37 49 -1 16 0 0.00 0.0 0 3.2 15 120 M M 2 19 110
3 67 32 50 0 15 0 0.00 0.0 0 1.7 9 220 M M 0 14 230
4 71 34 53 3 12 0 0.00 0.0 0 3.7 12 200 M M 0 14 200
5 66 49 58 8 7 0 0.03 0.0 0 7.6 20 110 M M 8 26 80
6 65 34 50 -1 15 0 0.00 0.0 0 3.8 13 100 M M 1 18 60
7 67 33 50 -1 15 0 0.00 0.0 0 3.5 14 150 M M 0 20 180
8 70 34 52 1 13 0 0.00 0.0 0 3.6 15 230 M M 0 22 220
9 71 47 59 7 6 0 0.00 0.0 0 6.6 17 190 M M 7 25 170
10 72 60 66 14 0 1 0.00 0.0 0 8.1 18 190 M M 7 25 190
11 75 64 70 18 0 5 0.00 0.0 0 5.7 13 190 M M 10 19 170
12 81 60 71 19 0 6 T 0.0 0 4.1 13 180 M M 8 17 180
13 77 60 69 17 0 4 0.00 0.0 0 7.3 15 100 M M 7 20 80
14 69 52 61 8 4 0 0.44 0.0 0 6.0 18 270 M M 9 123 24 240
15 77 47 62 9 3 0 0.00 0.0 0 5.8 24 250 M M 3 128 32 230
16 77 45 61 8 4 0 0.00 0.0 0 3.5 10 110 M M 2 17 110
17 73 48 61 7 4 0 0.09 0.0 0 13.5 26 260 M M 6 13 38 280
18 53 45 49 -5 16 0 0.00 0.0 0 11.8 23 310 M M 10 30 330
19 67 43 55 1 10 0 0.00 0.0 0 6.3 15 40 M M 5 19 20
20 64 35 50 -4 15 0 0.00 0.0 0 3.7 13 110 M M 0 1 16 110
21 69 38 54 0 11 0 0.00 0.0 0 4.3 16 130 M M 1 1 22 180
22 68 45 57 2 8 0 0.50 0.0 0 6.9 20 340 M M 6 13 28 340
23 70 47 59 4 6 0 0.27 0.0 0 8.3 21 240 M M 3 13 28 260
24 79 40 60 5 5 0 1.11 0.0 0 4.0 22 240 M M 2 123 27 250
25 68 49 59 4 6 0 0.56 0.0 0 7.3 28 280 M M 6 13 38 280
26 76 42 59 3 6 0 0.00 0.0 0 4.6 13 130 M M 1 1 18 160
27 81 52 67 11 0 2 0.00 0.0 0 4.5 15 350 M M 7 3 26 350
28 70 43 57 1 8 0 0.00 0.0 0 5.5 20 340 M M 1 26 330
29 72 37 55 -1 10 0 0.00 0.0 0 4.5 12 210 M M 0 20 150
30 67 45 56 0 9 0 T 0.0 0 2.9 9 30 M M 9 1 13 350
31 66 39 53 -4 12 0 T 0.0 0 7.2 20 40 M M 6 8 27 40
================================================================================
SM 2166 1375 253 18 3.00 0.0 175.6 M 131
================================================================================
AV 69.9 44.4 5.7 FASTST M M 4 MAX(MPH)
MISC ----> 28 280 # 38 280
================================================================================
NOTES:
# LAST OF SEVERAL OCCURRENCES
COLUMN 17 PEAK WIND IN M.P.H.
PRELIMINARY LOCAL CLIMATOLOGICAL DATA (WS FORM: F-6) , PAGE 2
STATION: DE QUEEN
MONTH: MARCH
YEAR: 2021
LATITUDE: 34 2 N
LONGITUDE: 94 24 W
[TEMPERATURE DATA] [PRECIPITATION DATA] SYMBOLS USED IN COLUMN 16
AVERAGE MONTHLY: 57.1 TOTAL FOR MONTH: 3.00 1 = FOG OR MIST
DPTR FM NORMAL: 3.9 DPTR FM NORMAL: -1.64 2 = FOG REDUCING VISIBILITY
HIGHEST: 81 ON 27,12 GRTST 24HR 1.21 ON 24-25 TO 1/4 MILE OR LESS
LOWEST: 32 ON 3 3 = THUNDER
SNOW, ICE PELLETS, HAIL 4 = ICE PELLETS
TOTAL MONTH: 0.0 INCH 5 = HAIL
GRTST 24HR 0.0 6 = FREEZING RAIN OR DRIZZLE
GRTST DEPTH: 0 7 = DUSTSTORM OR SANDSTORM:
VSBY 1/2 MILE OR LESS
8 = SMOKE OR HAZE
[NO. OF DAYS WITH] [WEATHER - DAYS WITH] 9 = BLOWING SNOW
X = TORNADO
MAX 32 OR BELOW: 0 0.01 INCH OR MORE: 7
MAX 90 OR ABOVE: 0 0.10 INCH OR MORE: 5
MIN 32 OR BELOW: 1 0.50 INCH OR MORE: 3
MIN 0 OR BELOW: 0 1.00 INCH OR MORE: 1
[HDD (BASE 65) ]
TOTAL THIS MO. 253 CLEAR (SCALE 0-3) 14
DPTR FM NORMAL -124 PTCLDY (SCALE 4-7) 12
TOTAL FM JUL 1 2683 CLOUDY (SCALE 8-10) 5
DPTR FM NORMAL -184
[CDD (BASE 65) ]
TOTAL THIS MO. 18
DPTR FM NORMAL 9 [PRESSURE DATA]
TOTAL FM JAN 1 18 HIGHEST SLP 30.48 ON 8
DPTR FM NORMAL 7 LOWEST SLP 29.54 ON 17
[REMARKS]
#FINAL-03-21#