000
CXUS54 KSHV 201624
CF6DEQ
PRELIMINARY LOCAL CLIMATOLOGICAL DATA (WS FORM: F-6)
STATION: DE QUEEN
MONTH: DECEMBER
YEAR: 2023
LATITUDE: 34 2 N
LONGITUDE: 94 24 W
TEMPERATURE IN F: :PCPN: SNOW: WIND :SUNSHINE: SKY :PK WND
================================================================================
1 2 3 4 5 6A 6B 7 8 9 10 11 12 13 14 15 16 17 18
12Z AVG MX 2MIN
DY MAX MIN AVG DEP HDD CDD WTR SNW DPTH SPD SPD DIR MIN PSBL S-S WX SPD DR
================================================================================
1 57 38 48 0 17 0 0.00 0.0 0 5.0 16 240 M M 6 128 21 240
2 56 34 45 -3 20 0 0.00 0.0 0 1.5 12 110 M M 4 12 16 110
3 68 33 51 3 14 0 0.00 0.0 0 1.9 14 230 M M 5 12 24 190
4 61 32 47 0 18 0 0.00 0.0 0 3.2 14 320 M M 0 1 19 350
5 66 30 48 1 17 0 0.00 0.0 0 2.9 16 310 M M 0 12 24 290
6 59 29 44 -3 21 0 0.00 0.0 0 1.1 8 230 M M 0 1 12 110
7 65 32 49 2 16 0 0.00 0.0 0 4.1 15 180 M M 2 23 200
8 67 55 61 15 4 0 0.02 0.0 0 5.8 15 190 M M 10 13 22 180
9 67 43 55 9 10 0 0.05 0.0 0 6.2 16 340 M M 4 26 310
10 54 28 41 -5 24 0 0.00 0.0 0 3.4 12 280 M M 0 17 280
11 60 25 43 -3 22 0 0.00 0.0 0 1.3 7 230 M M 0 11 190
12 62 30 46 0 19 0 0.00 0.0 0 1.5 9 180 M M 0 8 12 120
13 58 33 46 1 19 0 0.00 0.0 0 4.1 10 90 M M 3 15 80
14 65 35 50 5 15 0 0.00 0.0 0 7.4 15 110 M M 1 24 80
15 56 46 51 6 14 0 0.41 0.0 0 4.9 20 100 M M 8 1 28 110
16 53 32 43 -2 22 0 0.00 0.0 0 4.3 13 290 M M 7 12 18 320
17 62 29 46 1 19 0 0.00 0.0 0 1.8 12 240 M M 3 12 15 260
18 62 30 46 2 19 0 0.00 0.0 0 3.8 15 320 M M 0 1 24 340
19 50 25 38 -6 27 0 0.00 0.0 0 3.7 12 150 M M 0 16 110
20 61 31 46 2 19 0 0.00 0.0 0 3.5 10 130 M M 2 14 130
21 56 43 50 6 15 0 0.01 0.0 0 2.7 8 100 M M 8 1 9 70
22 55 48 52 8 13 0 0.06 0.0 0 2.6 7 110 M M 10 12 9 90
23 62 54 58 14 7 0 0.04 0.0 0 4.3 14 120 M M 10 12 22 100
24 62 57 60 16 5 0 1.51 0.0 0 6.8 12 120 M M 10 1 19 140
25 58 29 44 0 21 0 0.00 0.0 0 6.9 17 310 M M 7 12 24 310
26 52 26 39 -5 26 0 0.00 0.0 0 2.3 14 180 M M 5 12 19 200
27 46 27 37 -6 28 0 0.00 0.0 0 4.2 18 300 M M 1 1 27 310
28 44 24 34 -9 31 0 0.00 0.0 0 5.6 15 300 M M 6 22 320
29 49 28 39 -4 26 0 0.00 0.0 0 5.8 16 280 M M 0 22 290
30 59 23 41 -2 24 0 0.00 0.0 0 2.6 14 250 M M 2 12 19 250
31 58 27 43 0 22 0 0.00 0.0 0 1.6 10 40 M M 0 16 40
================================================================================
SM 1810 1056 574 0 2.10 0.0 116.8 M 114
================================================================================
AV 58.4 34.1 3.8 FASTST M M 4 MAX(MPH)
MISC ----> 20 100 28 110
================================================================================
NOTES:
# LAST OF SEVERAL OCCURRENCES
COLUMN 17 PEAK WIND IN M.P.H.
PRELIMINARY LOCAL CLIMATOLOGICAL DATA (WS FORM: F-6) , PAGE 2
STATION: DE QUEEN
MONTH: DECEMBER
YEAR: 2023
LATITUDE: 34 2 N
LONGITUDE: 94 24 W
[TEMPERATURE DATA] [PRECIPITATION DATA] SYMBOLS USED IN COLUMN 16
AVERAGE MONTHLY: 46.2 TOTAL FOR MONTH: 2.10 1 = FOG OR MIST
DPTR FM NORMAL: 1.1 DPTR FM NORMAL: -2.07 2 = FOG REDUCING VISIBILITY
HIGHEST: 68 ON 3 GRTST 24HR 2.37 ON 30- 1 TO 1/4 MILE OR LESS
LOWEST: 23 ON 30 3 = THUNDER
SNOW, ICE PELLETS, HAIL 4 = ICE PELLETS
TOTAL MONTH: 0.0 INCH 5 = HAIL
GRTST 24HR 0.0 6 = FREEZING RAIN OR DRIZZLE
GRTST DEPTH: 0 7 = DUSTSTORM OR SANDSTORM:
VSBY 1/2 MILE OR LESS
8 = SMOKE OR HAZE
[NO. OF DAYS WITH] [WEATHER - DAYS WITH] 9 = BLOWING SNOW
X = TORNADO
MAX 32 OR BELOW: 0 0.01 INCH OR MORE: 7
MAX 90 OR ABOVE: 0 0.10 INCH OR MORE: 2
MIN 32 OR BELOW: 19 0.50 INCH OR MORE: 1
MIN 0 OR BELOW: 0 1.00 INCH OR MORE: 1
[HDD (BASE 65) ]
TOTAL THIS MO. 574 CLEAR (SCALE 0-3) 16
DPTR FM NORMAL -45 PTCLDY (SCALE 4-7) 10
TOTAL FM JUL 1 1028 CLOUDY (SCALE 8-10) 5
DPTR FM NORMAL -103
[CDD (BASE 65) ]
TOTAL THIS MO. 0
DPTR FM NORMAL -2 [PRESSURE DATA]
TOTAL FM JAN 1 2338 HIGHEST SLP 30.58 ON 13
DPTR FM NORMAL 209 LOWEST SLP 29.69 ON 8
[REMARKS]
#FINAL-12-23#