000
CXUS56 KOTX 011010
CF6DEW
PRELIMINARY LOCAL CLIMATOLOGICAL DATA (WS FORM: F-6)
STATION: DEER_PARK WA AIRPORT
MONTH: DECEMBER
YEAR: 2022
LATITUDE: 47 58 N
LONGITUDE: 117 25 W
TEMPERATURE IN F: :PCPN: SNOW: WIND :SUNSHINE: SKY :PK WND
================================================================================
1 2 3 4 5 6A 6B 7 8 9 10 11 12 13 14 15 16 17 18
12Z AVG MX 2MIN
DY MAX MIN AVG DEP HDD CDD WTR SNW DPTH SPD SPD DIR MIN PSBL S-S WX SPD DR
================================================================================
1 32 17 25 -5 40 0 0.00 M M 3.9 9 240 M M 10 1 11 220
2 22 13 18 -12 47 0 0.00 M M 3.7 10 170 M M 9 1 12 180
3 29 6 18 -11 47 0 0.00 M M 7.3 16 30 M M 2 1 20 30
4 27 13 20 -9 45 0 0.07 M M 7.7 17 30 M M 3 1 23 30
5 23 21 22 -7 43 0 0.02 M M 2.5 8 200 M M 10 12 9 200
6 24 22 23 -5 42 0 0.00 M M 2.5 12 220 M M 10 1 14 230
7 29 13 21 -7 44 0 0.00 M M 3.4 7 40 M M 10 12 9 60
8 32 13 23 -5 42 0 0.53 M M 2.2 8 170 M M 10 12 10 170
9 32 24 28 0 37 0 T M M 7.1 15 200 M M 9 1 19 220
10 35 30 33 5 32 0 0.92 M M 7.9 13 30 M M 10 12 15 40
11 39 30 35 7 30 0 0.00 M M 8.9 16 30 M M 5 18 30
12 40 18 29 2 36 0 0.00 M M 2.7 10 40 M M 5 12 13 40
13 30 24 27 0 38 0 0.01 M M 0.7 6 310 M M 10 128 6 160
14 31 14 23 -4 42 0 0.09 M M 1.0 6 240 M M 10 128 7 240
15 25 13 19 -8 46 0 0.00 M M 1.6 6 240 M M 10 12 6 50
16 22 10 16 -11 49 0 0.00 M M 1.7 7 200 M M 10 128 9 210
17 23 21 22 -5 43 0 0.00 M M 2.4 8 170 M M 10 1 9 170
18 24 16 20 -6 45 0 0.02 M M 4.5 14 210 M M 10 1 16 210
19 19 13 16 -10 49 0 0.02 M M 3.9 8 350 M M 10 1 10 350
20 18 -9 5 -21 60 0 0.13 M M 3.2 8 20 M M 8 18 11 30
21 11 -14 -1 -27 66 0 0.00 M M 5.7 17 40 M M 4 8 22 30
22 4 -9 -2 -28 67 0 0.00 M M 12.5 17 40 M M 3 22 50
23 11 3 7 -19 58 0 T M M 8.5 17 40 M M 10 18 22 40
24 25 11 18 -8 47 0 T M M 4.1 13 180 M M 10 168 14 190
25 35 24 30 4 35 0 0.48 M M 3.0 10 30 M M 10 16 13 40
26 40 34 37 11 28 0 0.63 M M 4.6 14 20 M M 10 1 17 20
27 45 34 40 14 25 0 1.47 M M 8.7 28 210 M M 10 1 40 200
28 36 21 29 3 36 0 0.01 M M 7.1 14 180 M M 9 12 17 180
29 37 24 31 5 34 0 0.00 M M 3.9 9 40 M M 10 12 12 40
30 35 33 34 8 31 0 0.15 M M 4.0 12 190 M M 10 12 14 30
31 35 33 34 8 31 0 0.00 M M 3.4 13 200 M M 10 1 14 210
================================================================================
SM 870 516 1315 0 4.55 M 144.3 M 267
================================================================================
AV 28.1 16.6 4.7 FASTST M M 9 MAX(MPH)
MISC ----> 28 210 40 200
================================================================================
NOTES:
# LAST OF SEVERAL OCCURRENCES
COLUMN 17 PEAK WIND IN M.P.H.
PRELIMINARY LOCAL CLIMATOLOGICAL DATA (WS FORM: F-6) , PAGE 2
STATION: DEER_PARK WA AIRPORT
MONTH: DECEMBER
YEAR: 2022
LATITUDE: 47 58 N
LONGITUDE: 117 25 W
[TEMPERATURE DATA] [PRECIPITATION DATA] SYMBOLS USED IN COLUMN 16
AVERAGE MONTHLY: 22.4 TOTAL FOR MONTH: 4.55 1 = FOG OR MIST
DPTR FM NORMAL: -4.8 DPTR FM NORMAL: 1.49 2 = FOG REDUCING VISIBILITY
HIGHEST: 45 ON 27 GRTST 24HR 1.79 ON 26-27 TO 1/4 MILE OR LESS
LOWEST: -14 ON 21 3 = THUNDER
SNOW, ICE PELLETS, HAIL 4 = ICE PELLETS
TOTAL MONTH: M 5 = HAIL
GRTST 24HR M ON M 6 = FREEZING RAIN OR DRIZZLE
GRTST DEPTH: M ON M 7 = DUSTSTORM OR SANDSTORM:
VSBY 1/2 MILE OR LESS
8 = SMOKE OR HAZE
[NO. OF DAYS WITH] [WEATHER - DAYS WITH] 9 = BLOWING SNOW
X = TORNADO
MAX 32 OR BELOW: 21 0.01 INCH OR MORE: 14
MAX 90 OR ABOVE: 0 0.10 INCH OR MORE: 7
MIN 32 OR BELOW: 27 0.50 INCH OR MORE: 4
MIN 0 OR BELOW: 3 1.00 INCH OR MORE: 1
[HDD (BASE 65) ]
TOTAL THIS MO. 1315 CLEAR (SCALE 0-3) 2
DPTR FM NORMAL 143 PTCLDY (SCALE 4-7) 4
TOTAL FM JUL 1 3055 CLOUDY (SCALE 8-10) 25
DPTR FM NORMAL -58
[CDD (BASE 65) ]
TOTAL THIS MO. 0
DPTR FM NORMAL 0 [PRESSURE DATA]
TOTAL FM JAN 1 377 HIGHEST SLP M ON M
DPTR FM NORMAL 161 LOWEST SLP 29.14 ON 27
[REMARKS]
#FINAL-12-22#